{"id":10700,"date":"2025-06-29T13:28:45","date_gmt":"2025-06-29T11:28:45","guid":{"rendered":"https:\/\/uj.adatbank.ro\/lexikon\/termek\/jakobi-markus-iakobi-marcus\/"},"modified":"2025-06-29T13:28:45","modified_gmt":"2025-06-29T11:28:45","slug":"jakobi-markus-iakobi-marcus","status":"publish","type":"product","link":"https:\/\/uj.adatbank.ro\/lexikon\/termek\/jakobi-markus-iakobi-marcus\/","title":{"rendered":"JAKOBI M\u00e1rkus, Iakobi Marcus"},"content":{"rendered":"<p>Mv., ? \u2020\u00a0?: \u00fcgyv\u00e9d. \u2013 J. Gid\u00e1li fia (1831-Mv., 1911. j\u00fan. 11.). Testv\u00e9re: Ad\u00e9l, J\u00f3zsef Emiln\u00e9. \u2013 Keresked\u0151 csal\u00e1db\u00f3l sz\u00fcletett, k\u00f6z\u00e9piskol\u00e1t Mv.-en, egyetemet Kv.-on v\u00e9gzett, doktor\u00e1lt (1909), \u00fcgyv\u00e9di vizsg\u00e1t tett Mv.-en (1912), az\u00f3ta Mv.-en tev\u00e9kenykedett. <br \/><strong>Irod.:<\/strong> Almanah Tg. M.; Gy\u00e1szjelent\u0151; Ki kicsoda\u00a0?<\/br><\/p>\n","protected":false},"excerpt":{"rendered":"<p>Mv., ? \u2020\u00a0?: \u00fcgyv\u00e9d. \u2013 J. Gid\u00e1li fia (1831-Mv., 1911. j\u00fan. 11.). Testv\u00e9re: Ad\u00e9l, J\u00f3zsef Emiln\u00e9. \u2013 Keresked\u0151 csal\u00e1db\u00f3l sz\u00fcletett, k\u00f6z\u00e9piskol\u00e1t Mv.-en, egyetemet Kv.-on v\u00e9gzett, doktor\u00e1lt (1909), \u00fcgyv\u00e9di vizsg\u00e1t tett Mv.-en (1912), az\u00f3ta Mv.-en tev\u00e9kenykedett. Irod.: Almanah Tg. M.; Gy\u00e1szjelent\u0151; Ki kicsoda\u00a0?<\/p>\n","protected":false},"featured_media":0,"comment_status":"open","ping_status":"closed","template":"","meta":[],"product_brand":[],"product_cat":[137],"product_tag":[],"class_list":{"0":"post-10700","1":"product","2":"type-product","3":"status-publish","5":"product_cat-maros-megyei-eletrajzi-lexikon","7":"first","8":"instock","9":"shipping-taxable","10":"product-type-simple"},"_links":{"self":[{"href":"https:\/\/uj.adatbank.ro\/lexikon\/wp-json\/wp\/v2\/product\/10700","targetHints":{"allow":["GET"]}}],"collection":[{"href":"https:\/\/uj.adatbank.ro\/lexikon\/wp-json\/wp\/v2\/product"}],"about":[{"href":"https:\/\/uj.adatbank.ro\/lexikon\/wp-json\/wp\/v2\/types\/product"}],"replies":[{"embeddable":true,"href":"https:\/\/uj.adatbank.ro\/lexikon\/wp-json\/wp\/v2\/comments?post=10700"}],"wp:attachment":[{"href":"https:\/\/uj.adatbank.ro\/lexikon\/wp-json\/wp\/v2\/media?parent=10700"}],"wp:term":[{"taxonomy":"product_brand","embeddable":true,"href":"https:\/\/uj.adatbank.ro\/lexikon\/wp-json\/wp\/v2\/product_brand?post=10700"},{"taxonomy":"product_cat","embeddable":true,"href":"https:\/\/uj.adatbank.ro\/lexikon\/wp-json\/wp\/v2\/product_cat?post=10700"},{"taxonomy":"product_tag","embeddable":true,"href":"https:\/\/uj.adatbank.ro\/lexikon\/wp-json\/wp\/v2\/product_tag?post=10700"}],"curies":[{"name":"wp","href":"https:\/\/api.w.org\/{rel}","templated":true}]}}