{"id":10702,"date":"2025-06-29T13:28:50","date_gmt":"2025-06-29T11:28:50","guid":{"rendered":"https:\/\/uj.adatbank.ro\/lexikon\/termek\/jakobi-robert\/"},"modified":"2025-06-29T13:28:50","modified_gmt":"2025-06-29T11:28:50","slug":"jakobi-robert","status":"publish","type":"product","link":"https:\/\/uj.adatbank.ro\/lexikon\/termek\/jakobi-robert\/","title":{"rendered":"JAKOBI R\u00f3bert"},"content":{"rendered":"<p>Segesv\u00e1r, 1877 dec. 7., \u2020\u00a0Segesv\u00e1r, ?: m\u00e9rn\u00f6k. \u2013 A m\u0171egyetemet Karlsruheban v\u00e9gezte. El\u0151bb priv\u00e1t m\u00e9rn\u00f6kk\u00e9nt dolgozott Berlinben, Beszterceb\u00e1ny\u00e1n, Kass\u00e1n \u00e9s Szebenben, majd Segesv\u00e1r f\u0151m\u00e9rn\u00f6ke \u00e9s f\u0151\u00e9p\u00edt\u0151 tan\u00e1csos (1913\u2013). Eln\u00f6ke a M\u0171eml\u00e9kv\u00e9d\u0151 Egyes\u00fcletnek. T\u00f6bb cikke jelent meg szaklapokban. <br \/><strong>Irod.:<\/strong> Lexiconul vie\u0163ii publice<\/br><\/p>\n","protected":false},"excerpt":{"rendered":"<p>Segesv\u00e1r, 1877 dec. 7., \u2020\u00a0Segesv\u00e1r, ?: m\u00e9rn\u00f6k. \u2013 A m\u0171egyetemet Karlsruheban v\u00e9gezte. El\u0151bb priv\u00e1t m\u00e9rn\u00f6kk\u00e9nt dolgozott Berlinben, Beszterceb\u00e1ny\u00e1n, Kass\u00e1n \u00e9s Szebenben, majd Segesv\u00e1r f\u0151m\u00e9rn\u00f6ke \u00e9s f\u0151\u00e9p\u00edt\u0151 tan\u00e1csos (1913\u2013). Eln\u00f6ke a M\u0171eml\u00e9kv\u00e9d\u0151 Egyes\u00fcletnek. T\u00f6bb cikke jelent meg szaklapokban. Irod.: Lexiconul vie\u0163ii publice<\/p>\n","protected":false},"featured_media":0,"comment_status":"open","ping_status":"closed","template":"","meta":[],"product_brand":[],"product_cat":[137],"product_tag":[],"class_list":{"0":"post-10702","1":"product","2":"type-product","3":"status-publish","5":"product_cat-maros-megyei-eletrajzi-lexikon","7":"first","8":"instock","9":"shipping-taxable","10":"product-type-simple"},"_links":{"self":[{"href":"https:\/\/uj.adatbank.ro\/lexikon\/wp-json\/wp\/v2\/product\/10702","targetHints":{"allow":["GET"]}}],"collection":[{"href":"https:\/\/uj.adatbank.ro\/lexikon\/wp-json\/wp\/v2\/product"}],"about":[{"href":"https:\/\/uj.adatbank.ro\/lexikon\/wp-json\/wp\/v2\/types\/product"}],"replies":[{"embeddable":true,"href":"https:\/\/uj.adatbank.ro\/lexikon\/wp-json\/wp\/v2\/comments?post=10702"}],"wp:attachment":[{"href":"https:\/\/uj.adatbank.ro\/lexikon\/wp-json\/wp\/v2\/media?parent=10702"}],"wp:term":[{"taxonomy":"product_brand","embeddable":true,"href":"https:\/\/uj.adatbank.ro\/lexikon\/wp-json\/wp\/v2\/product_brand?post=10702"},{"taxonomy":"product_cat","embeddable":true,"href":"https:\/\/uj.adatbank.ro\/lexikon\/wp-json\/wp\/v2\/product_cat?post=10702"},{"taxonomy":"product_tag","embeddable":true,"href":"https:\/\/uj.adatbank.ro\/lexikon\/wp-json\/wp\/v2\/product_tag?post=10702"}],"curies":[{"name":"wp","href":"https:\/\/api.w.org\/{rel}","templated":true}]}}