{"id":10707,"date":"2025-06-29T13:29:03","date_gmt":"2025-06-29T11:29:03","guid":{"rendered":"https:\/\/uj.adatbank.ro\/lexikon\/termek\/jakubek-istvan\/"},"modified":"2025-06-29T13:29:03","modified_gmt":"2025-06-29T11:29:03","slug":"jakubek-istvan","status":"publish","type":"product","link":"https:\/\/uj.adatbank.ro\/lexikon\/termek\/jakubek-istvan\/","title":{"rendered":"JAKUBEK Istv\u00e1n"},"content":{"rendered":"<p>Sz\u00e1szr\u00e9gen, 1885. dec. 26., \u2020 ?\u00a0: dr. teol., tan\u00e1r, jezsuita egyh\u00e1zjog\u00e1sz. \u2013 Apja keresked\u0151. \u2013 A gimn. -ot Sz\u00e1szr\u00e9genben, Mv.-en, Esztergomban (1890\u201394), a teol\u00f3gi\u00e1t a b\u00e9csi egyetem Hittud. Kar. (1904), majd a B\u00e9csi Pazmaneum Hittud. Kar\u00e1n (1905\u201308) v\u00e9gezte ahol dr.-i oklevelet szerzett (1911). Papp\u00e1 szentelt\u00e9k (1908). R. k. k\u00e1pl\u00e1n \u00e9s hitoktat\u00f3 Mv.-en (1908\u201311); Gyulafeh\u00e9rv\u00e1ron az irgalmas n\u00f6v\u00e9rek le\u00e1nyiskol\u00e1ban z\u00e1rdai h. ig. (1911\u201315), Marosportuson volt (1915), majd a gyulafeh\u00e9rv\u00e1ri teol\u00f3giai f\u0151iskol\u00e1n egyh\u00e1zjogot \u00e9s egyh\u00e1zt\u00f6rt\u00e9nelmet adott el\u0151 (1915\u201325); Bel\u00e9pett a jezsuita rendbe (1925), J\u00e1szv\u00e1s\u00e1ron h\u00e1zf\u0151n\u00f6k (1934) valamint a p\u00fcsp\u00f6ki szemin\u00e1rium vezet\u0151je. Mint hitsz\u00f3nok orsz\u00e1gosan ismert, cikkei \u00e9s tanulm\u00e1nyai a mv.-i R. K. Le\u00e1nyiskola (1911) \u00e9s a gyulafeh\u00e9rv\u00e1ri R. K. Elemi \u00e9s Polg\u00e1ri Le\u00e1nyiskola \u00c9rtes\u00edt\u0151je-ben (1913), az Erd\u00e9ly-ben jelentek meg, ez ut\u00f3bbinak t\u00e1rsszerk.-je is volt (1921\u201322). \u2013 <strong>F. m.:<\/strong> <strong>szerk.:<\/strong> Az erd\u00e9lyi katolikus egyh\u00e1z m\u00faltja \u00e9s jelene (Dics\u0151szentm\u00e1rton, 1925).-irod.: Guly\u00e1s, Osv\u00e1th, Szab\u00f3\u2013Simon\u2013Sz\u00f6gi<\/br><\/p>\n","protected":false},"excerpt":{"rendered":"<p>Sz\u00e1szr\u00e9gen, 1885. dec. 26., \u2020 ?\u00a0: dr. teol., tan\u00e1r, jezsuita egyh\u00e1zjog\u00e1sz. \u2013 Apja keresked\u0151. \u2013 A gimn. -ot Sz\u00e1szr\u00e9genben, Mv.-en, Esztergomban (1890\u201394), a teol\u00f3gi\u00e1t a b\u00e9csi egyetem Hittud. Kar. (1904), majd a B\u00e9csi Pazmaneum Hittud. Kar\u00e1n (1905\u201308) v\u00e9gezte ahol dr.-i oklevelet szerzett (1911). Papp\u00e1 szentelt\u00e9k (1908). R. k. k\u00e1pl\u00e1n \u00e9s hitoktat\u00f3 Mv.-en (1908\u201311); Gyulafeh\u00e9rv\u00e1ron az [&hellip;]<\/p>\n","protected":false},"featured_media":0,"comment_status":"open","ping_status":"closed","template":"","meta":[],"product_brand":[],"product_cat":[137],"product_tag":[],"class_list":{"0":"post-10707","1":"product","2":"type-product","3":"status-publish","5":"product_cat-maros-megyei-eletrajzi-lexikon","7":"first","8":"instock","9":"shipping-taxable","10":"product-type-simple"},"_links":{"self":[{"href":"https:\/\/uj.adatbank.ro\/lexikon\/wp-json\/wp\/v2\/product\/10707","targetHints":{"allow":["GET"]}}],"collection":[{"href":"https:\/\/uj.adatbank.ro\/lexikon\/wp-json\/wp\/v2\/product"}],"about":[{"href":"https:\/\/uj.adatbank.ro\/lexikon\/wp-json\/wp\/v2\/types\/product"}],"replies":[{"embeddable":true,"href":"https:\/\/uj.adatbank.ro\/lexikon\/wp-json\/wp\/v2\/comments?post=10707"}],"wp:attachment":[{"href":"https:\/\/uj.adatbank.ro\/lexikon\/wp-json\/wp\/v2\/media?parent=10707"}],"wp:term":[{"taxonomy":"product_brand","embeddable":true,"href":"https:\/\/uj.adatbank.ro\/lexikon\/wp-json\/wp\/v2\/product_brand?post=10707"},{"taxonomy":"product_cat","embeddable":true,"href":"https:\/\/uj.adatbank.ro\/lexikon\/wp-json\/wp\/v2\/product_cat?post=10707"},{"taxonomy":"product_tag","embeddable":true,"href":"https:\/\/uj.adatbank.ro\/lexikon\/wp-json\/wp\/v2\/product_tag?post=10707"}],"curies":[{"name":"wp","href":"https:\/\/api.w.org\/{rel}","templated":true}]}}

JAKUBEK István

<p>Szászrégen, 1885. dec. 26., † ? : dr. teol., tanár, jezsuita egyházjogász. – Apja kereskedő. – A gimn. -ot Szászrégenben, Mv.-en, Esztergomban (1890–94), a teológiát a bécsi egyetem Hittud. Kar. (1904), majd a Bécsi Pazmaneum Hittud. Karán (1905–08) végezte ahol dr.-i oklevelet szerzett (1911). Pappá szentelték (1908). R. k. káplán és hitoktató Mv.-en (1908–11); Gyulafehérváron az irgalmas növérek leányiskolában zárdai h. ig. (1911–15), Marosportuson volt (1915), majd a gyulafehérvári teológiai főiskolán egyházjogot és egyháztörténelmet adott elő (1915–25); Belépett a jezsuita rendbe (1925), Jászvásáron házfőnök (1934) valamint a püspöki szeminárium vezetője. Mint hitszónok országosan ismert, cikkei és tanulmányai a mv.-i R. K. Leányiskola (1911) és a gyulafehérvári R. K. Elemi és Polgári Leányiskola Értesítője-ben (1913), az Erdély-ben jelentek meg, ez utóbbinak társszerk.-je is volt (1921–22). – <strong>F. m.:</strong> <strong>szerk.:</strong> Az erdélyi katolikus egyház múltja és jelene (Dicsőszentmárton, 1925).-irod.: Gulyás, Osváth, Szabó–Simon–Szögi</br></p>

<p>Szászrégen, 1885. dec. 26., † ? : dr. teol., tanár, jezsuita egyházjogász. – Apja kereskedő. – A gimn. -ot Szászrégenben, Mv.-en, Esztergomban (1890–94), a teológiát a bécsi egyetem Hittud. Kar. (1904), majd a Bécsi Pazmaneum Hittud. Karán (1905–08) végezte ahol dr.-i oklevelet szerzett (1911). Pappá szentelték (1908). R. k. káplán és hitoktató Mv.-en (1908–11); Gyulafehérváron az [&hellip;]</p>
