{"id":10811,"date":"2025-06-29T13:32:14","date_gmt":"2025-06-29T11:32:14","guid":{"rendered":"https:\/\/uj.adatbank.ro\/lexikon\/termek\/janossy-zoltan\/"},"modified":"2025-06-29T13:32:14","modified_gmt":"2025-06-29T11:32:14","slug":"janossy-zoltan","status":"publish","type":"product","link":"https:\/\/uj.adatbank.ro\/lexikon\/termek\/janossy-zoltan\/","title":{"rendered":"J\u00c1NOSSY Zolt\u00e1n"},"content":{"rendered":"<p>1908, \u2020\u00a0Mv., 1981. nov. 7.: tan\u00e1r. \u2013 A mv.-i ref. koll. tan\u00e1ra (1931\u201352), az ut\u00f3diskol\u00e1iban (Rangheti, Bolyai Farkas L\u00edc) volt rom\u00e1n-m. szakos tan\u00e1r. Vezette \u00e9s szervezte a koll.-i cserk\u00e9szcsapatot (1940\u201344), ez\u00e9rt letart\u00f3ztatt\u00e1k (1952 \u0151sz-t\u00e9l). Sokan a letart\u00f3ztat\u00e1si hull\u00e1m \u00e1ldozatai voltak. <br \/><strong>Irod.:<\/strong> Id\u0151t\u00e1r 4.; Mv. t\u00f6rt. 2.; [Nekrol\u00f3g] (V. Z., 1981. nov. 10.); Sk\u00f3la<\/br><\/p>\n","protected":false},"excerpt":{"rendered":"<p>1908, \u2020\u00a0Mv., 1981. nov. 7.: tan\u00e1r. \u2013 A mv.-i ref. koll. tan\u00e1ra (1931\u201352), az ut\u00f3diskol\u00e1iban (Rangheti, Bolyai Farkas L\u00edc) volt rom\u00e1n-m. szakos tan\u00e1r. Vezette \u00e9s szervezte a koll.-i cserk\u00e9szcsapatot (1940\u201344), ez\u00e9rt letart\u00f3ztatt\u00e1k (1952 \u0151sz-t\u00e9l). Sokan a letart\u00f3ztat\u00e1si hull\u00e1m \u00e1ldozatai voltak. Irod.: Id\u0151t\u00e1r 4.; Mv. t\u00f6rt. 2.; [Nekrol\u00f3g] (V. Z., 1981. nov. 10.); Sk\u00f3la<\/p>\n","protected":false},"featured_media":0,"comment_status":"open","ping_status":"closed","template":"","meta":[],"product_brand":[],"product_cat":[137],"product_tag":[],"class_list":{"0":"post-10811","1":"product","2":"type-product","3":"status-publish","5":"product_cat-maros-megyei-eletrajzi-lexikon","7":"first","8":"instock","9":"shipping-taxable","10":"product-type-simple"},"_links":{"self":[{"href":"https:\/\/uj.adatbank.ro\/lexikon\/wp-json\/wp\/v2\/product\/10811","targetHints":{"allow":["GET"]}}],"collection":[{"href":"https:\/\/uj.adatbank.ro\/lexikon\/wp-json\/wp\/v2\/product"}],"about":[{"href":"https:\/\/uj.adatbank.ro\/lexikon\/wp-json\/wp\/v2\/types\/product"}],"replies":[{"embeddable":true,"href":"https:\/\/uj.adatbank.ro\/lexikon\/wp-json\/wp\/v2\/comments?post=10811"}],"wp:attachment":[{"href":"https:\/\/uj.adatbank.ro\/lexikon\/wp-json\/wp\/v2\/media?parent=10811"}],"wp:term":[{"taxonomy":"product_brand","embeddable":true,"href":"https:\/\/uj.adatbank.ro\/lexikon\/wp-json\/wp\/v2\/product_brand?post=10811"},{"taxonomy":"product_cat","embeddable":true,"href":"https:\/\/uj.adatbank.ro\/lexikon\/wp-json\/wp\/v2\/product_cat?post=10811"},{"taxonomy":"product_tag","embeddable":true,"href":"https:\/\/uj.adatbank.ro\/lexikon\/wp-json\/wp\/v2\/product_tag?post=10811"}],"curies":[{"name":"wp","href":"https:\/\/api.w.org\/{rel}","templated":true}]}}