{"id":10812,"date":"2025-06-29T13:32:16","date_gmt":"2025-06-29T11:32:16","guid":{"rendered":"https:\/\/uj.adatbank.ro\/lexikon\/termek\/janosy-andras-abodi\/"},"modified":"2025-06-29T13:32:16","modified_gmt":"2025-06-29T11:32:16","slug":"janosy-andras-abodi","status":"publish","type":"product","link":"https:\/\/uj.adatbank.ro\/lexikon\/termek\/janosy-andras-abodi\/","title":{"rendered":"J\u00c1NOSY Andr\u00e1s, ab\u00f3di"},"content":{"rendered":"<p>? \u2020\u00a0?: pixid\u00e1rius. \u2013 A csal\u00e1db\u00f3l J. Andr\u00e1s pixid\u00e1riusi levelet kapott (1608. j\u00fan. 10.), J. Mih\u00e1ly, mint szabad sz\u00e9kely \u00e9s J. Istv\u00e1n, mint primipilus szerepel (1614). <br \/><strong>Irod.:<\/strong> P\u00e1lmay<\/br><\/p>\n","protected":false},"excerpt":{"rendered":"<p>? \u2020\u00a0?: pixid\u00e1rius. \u2013 A csal\u00e1db\u00f3l J. Andr\u00e1s pixid\u00e1riusi levelet kapott (1608. j\u00fan. 10.), J. Mih\u00e1ly, mint szabad sz\u00e9kely \u00e9s J. Istv\u00e1n, mint primipilus szerepel (1614). Irod.: P\u00e1lmay<\/p>\n","protected":false},"featured_media":0,"comment_status":"open","ping_status":"closed","template":"","meta":[],"product_brand":[],"product_cat":[137],"product_tag":[],"class_list":{"0":"post-10812","1":"product","2":"type-product","3":"status-publish","5":"product_cat-maros-megyei-eletrajzi-lexikon","7":"first","8":"instock","9":"shipping-taxable","10":"product-type-simple"},"_links":{"self":[{"href":"https:\/\/uj.adatbank.ro\/lexikon\/wp-json\/wp\/v2\/product\/10812","targetHints":{"allow":["GET"]}}],"collection":[{"href":"https:\/\/uj.adatbank.ro\/lexikon\/wp-json\/wp\/v2\/product"}],"about":[{"href":"https:\/\/uj.adatbank.ro\/lexikon\/wp-json\/wp\/v2\/types\/product"}],"replies":[{"embeddable":true,"href":"https:\/\/uj.adatbank.ro\/lexikon\/wp-json\/wp\/v2\/comments?post=10812"}],"wp:attachment":[{"href":"https:\/\/uj.adatbank.ro\/lexikon\/wp-json\/wp\/v2\/media?parent=10812"}],"wp:term":[{"taxonomy":"product_brand","embeddable":true,"href":"https:\/\/uj.adatbank.ro\/lexikon\/wp-json\/wp\/v2\/product_brand?post=10812"},{"taxonomy":"product_cat","embeddable":true,"href":"https:\/\/uj.adatbank.ro\/lexikon\/wp-json\/wp\/v2\/product_cat?post=10812"},{"taxonomy":"product_tag","embeddable":true,"href":"https:\/\/uj.adatbank.ro\/lexikon\/wp-json\/wp\/v2\/product_tag?post=10812"}],"curies":[{"name":"wp","href":"https:\/\/api.w.org\/{rel}","templated":true}]}}