{"id":10813,"date":"2025-06-29T13:32:19","date_gmt":"2025-06-29T11:32:19","guid":{"rendered":"https:\/\/uj.adatbank.ro\/lexikon\/termek\/janosy-bela\/"},"modified":"2025-06-29T13:32:19","modified_gmt":"2025-06-29T11:32:19","slug":"janosy-bela","status":"publish","type":"product","link":"https:\/\/uj.adatbank.ro\/lexikon\/termek\/janosy-bela\/","title":{"rendered":"J\u00c1NOSY B\u00e9la"},"content":{"rendered":"<p>? \u2020\u00a0?: ref. lelk\u00e9sz \u2013 A MT megyei \u00c1ltal\u00e1nos Tan\u00edt\u00f3test\u00fclet Tagja. Eml\u00e9kbesz\u00e9det tartott br. B\u00e1nffy J\u00e1nosn\u00e9 sz Wessel\u00e9nyi J\u00f3zefa tiszteletbeli tag felett. \u2013 <strong>F. m.:<\/strong> <strong>antol\u00f3g.:<\/strong> B\u00e1r\u00f3 B\u00e1nffy J\u00e1nosn\u00e9 eml\u00e9kezete  =  Eml\u00e9kk\u00f6nyv a MT megyei \u00c1ltal\u00e1nos Tan\u00edt\u00f3test\u00fclet 25 \u00e9ves jubileuma alkalm\u00e1b\u00f3l (Bp., 1903). <br \/><strong>Irod.:<\/strong> Eml\u00e9kk\u00f6nyv<\/br><\/p>\n","protected":false},"excerpt":{"rendered":"<p>? \u2020\u00a0?: ref. lelk\u00e9sz \u2013 A MT megyei \u00c1ltal\u00e1nos Tan\u00edt\u00f3test\u00fclet Tagja. Eml\u00e9kbesz\u00e9det tartott br. B\u00e1nffy J\u00e1nosn\u00e9 sz Wessel\u00e9nyi J\u00f3zefa tiszteletbeli tag felett. \u2013 F. m.: antol\u00f3g.: B\u00e1r\u00f3 B\u00e1nffy J\u00e1nosn\u00e9 eml\u00e9kezete = Eml\u00e9kk\u00f6nyv a MT megyei \u00c1ltal\u00e1nos Tan\u00edt\u00f3test\u00fclet 25 \u00e9ves jubileuma alkalm\u00e1b\u00f3l (Bp., 1903). Irod.: Eml\u00e9kk\u00f6nyv<\/p>\n","protected":false},"featured_media":0,"comment_status":"open","ping_status":"closed","template":"","meta":[],"product_brand":[],"product_cat":[137],"product_tag":[],"class_list":{"0":"post-10813","1":"product","2":"type-product","3":"status-publish","5":"product_cat-maros-megyei-eletrajzi-lexikon","7":"first","8":"instock","9":"shipping-taxable","10":"product-type-simple"},"_links":{"self":[{"href":"https:\/\/uj.adatbank.ro\/lexikon\/wp-json\/wp\/v2\/product\/10813","targetHints":{"allow":["GET"]}}],"collection":[{"href":"https:\/\/uj.adatbank.ro\/lexikon\/wp-json\/wp\/v2\/product"}],"about":[{"href":"https:\/\/uj.adatbank.ro\/lexikon\/wp-json\/wp\/v2\/types\/product"}],"replies":[{"embeddable":true,"href":"https:\/\/uj.adatbank.ro\/lexikon\/wp-json\/wp\/v2\/comments?post=10813"}],"wp:attachment":[{"href":"https:\/\/uj.adatbank.ro\/lexikon\/wp-json\/wp\/v2\/media?parent=10813"}],"wp:term":[{"taxonomy":"product_brand","embeddable":true,"href":"https:\/\/uj.adatbank.ro\/lexikon\/wp-json\/wp\/v2\/product_brand?post=10813"},{"taxonomy":"product_cat","embeddable":true,"href":"https:\/\/uj.adatbank.ro\/lexikon\/wp-json\/wp\/v2\/product_cat?post=10813"},{"taxonomy":"product_tag","embeddable":true,"href":"https:\/\/uj.adatbank.ro\/lexikon\/wp-json\/wp\/v2\/product_tag?post=10813"}],"curies":[{"name":"wp","href":"https:\/\/api.w.org\/{rel}","templated":true}]}}

JÁNOSY Béla

<p>? † ?: ref. lelkész – A MT megyei Általános Tanítótestület Tagja. Emlékbeszédet tartott br. Bánffy Jánosné sz Wesselényi Józefa tiszteletbeli tag felett. – <strong>F. m.:</strong> <strong>antológ.:</strong> Báró Bánffy Jánosné emlékezete  =  Emlékkönyv a MT megyei Általános Tanítótestület 25 éves jubileuma alkalmából (Bp., 1903). <br /><strong>Irod.:</strong> Emlékkönyv</br></p>

<p>? † ?: ref. lelkész – A MT megyei Általános Tanítótestület Tagja. Emlékbeszédet tartott br. Bánffy Jánosné sz Wesselényi Józefa tiszteletbeli tag felett. – F. m.: antológ.: Báró Bánffy Jánosné emlékezete = Emlékkönyv a MT megyei Általános Tanítótestület 25 éves jubileuma alkalmából (Bp., 1903). Irod.: Emlékkönyv</p>
