{"id":10815,"date":"2025-06-29T13:32:23","date_gmt":"2025-06-29T11:32:23","guid":{"rendered":"https:\/\/uj.adatbank.ro\/lexikon\/termek\/jantso-ferenc\/"},"modified":"2025-07-14T09:18:41","modified_gmt":"2025-07-14T07:18:41","slug":"jantso-ferenc","status":"publish","type":"product","link":"https:\/\/uj.adatbank.ro\/lexikon\/termek\/jantso-ferenc\/","title":{"rendered":"JANTS\u00d3 Ferenc"},"content":{"rendered":"<p>Gelence, 1744., \u2020 Mv., 1800. j\u00fan. 7.: minorita lelk\u00e9sz, iskoladr\u00e1ma-\u00edr\u00f3. \u2013 Val\u00f3sz\u00edn\u0171leg Kant\u00e1n, Firtoson \u00e9s Nagyb\u00e1ny\u00e1n tanult, ahol bel\u00e9pett a minorita rendbe. Aradon filoz\u00f3fi\u00e1t, Nagyb\u00e1torban teol\u00f3gi\u00e1t tanult, felszentelt\u00e9k (1766). P\u00e1ly\u00e1j\u00e1t Kv.-on kezdte, ahol pap majd tan\u00e1r volt; Kant\u00e1n, K\u00e9zdiv\u00e1s\u00e1rhelyen tan\u00e1r (1771\u20131780), ill. iskolaigazgat\u00f3. Erre az id\u0151szakra esik dr\u00e1ma\u00edr\u00f3i-rendez\u0151i tev\u00e9kenys\u00e9g\u00e9nek cs\u00facspontja. Firtoson lelk\u00e9sz, majd Mv. -re ker\u00fclt h\u00e1zf\u0151n\u00f6knek hal\u00e1l\u00e1ig (1794\u2013). Mintegy 11 dr\u00e1ma k\u00f6thet\u0151 nev\u00e9hez- nem vil\u00e1gos hogy ezeket csak sz\u00ednre vitte vagy \u00edrta is. Ismertebb munk\u00e1i Moliere-feldolgoz\u00e1sok valamint Szent Istv\u00e1n a magyarok kir\u00e1lya c. darab. M\u0171veit a Liber Scholarum c. k\u00e9ziratos iskoladr\u00e1ma- gy\u0171jtem\u00e9ny \u0151rzi (Debreceni Egyetem K\u00f6nyvt\u00e1ra). \u2013 <strong>F. m.:<\/strong> Kant\u00e1n bemutatott iskoladr\u00e1m\u00e1k: Anastasius (1772); Kincses Naso, f\u00f6sv\u00e9ny \u00f6reg ember (1774); Kincses Naso, aki akar mag\u00e1\u00e9rt tenni (1775); Declamatio quadragesimalis (1775); Tragoedia Producta: \u00c1goston (1775); Declamatio Latina seu Exercitium Rhetoricum per locos rethoricos, tropos et figuras (1776); Szent Istv\u00e1n a magyarok kir\u00e1lya (1776); A gazdag \u00e9s a szeg\u00e9ny (1778); Szent Paulinus, a fogolyszabad\u00edt\u00f3 (1779).<br \/>\n<strong>Irod.:<\/strong> MAM\u0170L; Monay: magyaro.-i \u00e9s erd\u00e9lyi minorit\u00e1k; \u00daMIL<\/p>\n","protected":false},"excerpt":{"rendered":"<p>Gelence, 1744., \u2020 Mv., 1800. j\u00fan. 7.: minorita lelk\u00e9sz, iskoladr\u00e1ma-\u00edr\u00f3. \u2013 Val\u00f3sz\u00edn\u0171leg Kant\u00e1n, Firtoson \u00e9s Nagyb\u00e1ny\u00e1n tanult, ahol bel\u00e9pett a minorita rendbe. Aradon filoz\u00f3fi\u00e1t, Nagyb\u00e1torban teol\u00f3gi\u00e1t tanult, felszentelt\u00e9k (1766). P\u00e1ly\u00e1j\u00e1t Kv.-on kezdte, ahol pap majd tan\u00e1r volt; Kant\u00e1n, K\u00e9zdiv\u00e1s\u00e1rhelyen tan\u00e1r (1771\u20131780), ill. iskolaigazgat\u00f3. Erre az id\u0151szakra esik dr\u00e1ma\u00edr\u00f3i-rendez\u0151i tev\u00e9kenys\u00e9g\u00e9nek cs\u00facspontja. Firtoson lelk\u00e9sz, majd Mv. -re [&hellip;]<\/p>\n","protected":false},"featured_media":0,"comment_status":"open","ping_status":"closed","template":"","meta":[],"product_brand":[],"product_cat":[137],"product_tag":[],"class_list":{"0":"post-10815","1":"product","2":"type-product","3":"status-publish","5":"product_cat-maros-megyei-eletrajzi-lexikon","7":"first","8":"instock","9":"shipping-taxable","10":"product-type-simple"},"_links":{"self":[{"href":"https:\/\/uj.adatbank.ro\/lexikon\/wp-json\/wp\/v2\/product\/10815","targetHints":{"allow":["GET"]}}],"collection":[{"href":"https:\/\/uj.adatbank.ro\/lexikon\/wp-json\/wp\/v2\/product"}],"about":[{"href":"https:\/\/uj.adatbank.ro\/lexikon\/wp-json\/wp\/v2\/types\/product"}],"replies":[{"embeddable":true,"href":"https:\/\/uj.adatbank.ro\/lexikon\/wp-json\/wp\/v2\/comments?post=10815"}],"wp:attachment":[{"href":"https:\/\/uj.adatbank.ro\/lexikon\/wp-json\/wp\/v2\/media?parent=10815"}],"wp:term":[{"taxonomy":"product_brand","embeddable":true,"href":"https:\/\/uj.adatbank.ro\/lexikon\/wp-json\/wp\/v2\/product_brand?post=10815"},{"taxonomy":"product_cat","embeddable":true,"href":"https:\/\/uj.adatbank.ro\/lexikon\/wp-json\/wp\/v2\/product_cat?post=10815"},{"taxonomy":"product_tag","embeddable":true,"href":"https:\/\/uj.adatbank.ro\/lexikon\/wp-json\/wp\/v2\/product_tag?post=10815"}],"curies":[{"name":"wp","href":"https:\/\/api.w.org\/{rel}","templated":true}]}}

JANTSÓ Ferenc

<p>Gelence, 1744., † Mv., 1800. jún. 7.: minorita lelkész, iskoladráma-író. – Valószínűleg Kantán, Firtoson és Nagybányán tanult, ahol belépett a minorita rendbe. Aradon filozófiát, Nagybátorban teológiát tanult, felszentelték (1766). Pályáját Kv.-on kezdte, ahol pap majd tanár volt; Kantán, Kézdivásárhelyen tanár (1771–1780), ill. iskolaigazgató. Erre az időszakra esik drámaírói-rendezői tevékenységének csúcspontja. Firtoson lelkész, majd Mv. -re került házfőnöknek haláláig (1794–). Mintegy 11 dráma köthető nevéhez- nem világos hogy ezeket csak színre vitte vagy írta is. Ismertebb munkái Moliere-feldolgozások valamint Szent István a magyarok királya c. darab. Műveit a Liber Scholarum c. kéziratos iskoladráma- gyűjtemény őrzi (Debreceni Egyetem Könyvtára). – <strong>F. m.:</strong> Kantán bemutatott iskoladrámák: Anastasius (1772); Kincses Naso, fösvény öreg ember (1774); Kincses Naso, aki akar magáért tenni (1775); Declamatio quadragesimalis (1775); Tragoedia Producta: Ágoston (1775); Declamatio Latina seu Exercitium Rhetoricum per locos rethoricos, tropos et figuras (1776); Szent István a magyarok királya (1776); A gazdag és a szegény (1778); Szent Paulinus, a fogolyszabadító (1779).<br />
<strong>Irod.:</strong> MAMŰL; Monay: magyaro.-i és erdélyi minoriták; ÚMIL</p>

<p>Gelence, 1744., † Mv., 1800. jún. 7.: minorita lelkész, iskoladráma-író. – Valószínűleg Kantán, Firtoson és Nagybányán tanult, ahol belépett a minorita rendbe. Aradon filozófiát, Nagybátorban teológiát tanult, felszentelték (1766). Pályáját Kv.-on kezdte, ahol pap majd tanár volt; Kantán, Kézdivásárhelyen tanár (1771–1780), ill. iskolaigazgató. Erre az időszakra esik drámaírói-rendezői tevékenységének csúcspontja. Firtoson lelkész, majd Mv. -re [&hellip;]</p>
