{"id":10820,"date":"2025-06-29T13:32:32","date_gmt":"2025-06-29T11:32:32","guid":{"rendered":"https:\/\/uj.adatbank.ro\/lexikon\/termek\/jarai-margit\/"},"modified":"2025-06-29T13:32:32","modified_gmt":"2025-06-29T11:32:32","slug":"jarai-margit","status":"publish","type":"product","link":"https:\/\/uj.adatbank.ro\/lexikon\/termek\/jarai-margit\/","title":{"rendered":"J\u00c1RAI Margit"},"content":{"rendered":"<p>? \u2020\u00a0Mv., 1576 ut\u00e1n.: ap\u00e1ca, begina szerzetesn\u0151. \u2013 Mv.-en a reform\u00e1ci\u00f3 t\u00e9rh\u00f3d\u00edt\u00e1s\u00e1ig m\u0171k\u00f6dtek a le\u00e1nynevel\u0151 begina ap\u00e1c\u00e1k. A mv.-i Klastrom utcai kolostorban \u00e9ltek, a volt Surlott gr\u00e1dics hely\u00e9n, mint a kolostoruk k\u00e9t utols\u00f3 tagja. Ny\u00fajt\u00f3di Borb\u00e1l\u00e1val egy\u00fctt, m\u00e1r nagyon \u00f6regen, nem tud\u00e1k magukat ell\u00e1tni. Eladt\u00e1k a k\u0151b\u0151l \u00e9p\u00fclt cell\u00e1kra osztott h\u00e1zukat G\u00f6tsi M\u00e1t\u00e9 ref. papnak 75 ft. -\u00e9rt (1576), \u00fagy hogy \u00e9let\u00fck v\u00e9g\u00e9ig benne maradhattak. \u0150ket a v\u00e1rtemplom k\u00f6r\u00fcli temet\u0151be temett\u00e9k, a h\u00e1z anyag\u00e1t a v\u00e1r fels\u0151 b\u00e1sty\u00e1j\u00e1ba \u00e9s fal\u00e1ba be\u00e9p\u00edtett\u00e9k. A kolostor eml\u00e9k\u00e9t a Klastrom utca neve \u0151r\u00edzte, romjai m\u00e9g megvoltak 1731-ben. <br \/><strong>Irod.:<\/strong> Gy\u00f6rgy: A ferencrendiek; Id\u0151t\u00e1r 1; Kr\u00f3n F\u00fcz (1937. 2\/6); P\u00e1l-Antal; P\u00e1l-Antal 2003; P\u00e1l-Antal 2009; SzOkl, 4<\/br><\/p>\n","protected":false},"excerpt":{"rendered":"<p>? \u2020\u00a0Mv., 1576 ut\u00e1n.: ap\u00e1ca, begina szerzetesn\u0151. \u2013 Mv.-en a reform\u00e1ci\u00f3 t\u00e9rh\u00f3d\u00edt\u00e1s\u00e1ig m\u0171k\u00f6dtek a le\u00e1nynevel\u0151 begina ap\u00e1c\u00e1k. A mv.-i Klastrom utcai kolostorban \u00e9ltek, a volt Surlott gr\u00e1dics hely\u00e9n, mint a kolostoruk k\u00e9t utols\u00f3 tagja. Ny\u00fajt\u00f3di Borb\u00e1l\u00e1val egy\u00fctt, m\u00e1r nagyon \u00f6regen, nem tud\u00e1k magukat ell\u00e1tni. Eladt\u00e1k a k\u0151b\u0151l \u00e9p\u00fclt cell\u00e1kra osztott h\u00e1zukat G\u00f6tsi M\u00e1t\u00e9 ref. papnak [&hellip;]<\/p>\n","protected":false},"featured_media":0,"comment_status":"open","ping_status":"closed","template":"","meta":[],"product_brand":[],"product_cat":[137],"product_tag":[],"class_list":{"0":"post-10820","1":"product","2":"type-product","3":"status-publish","5":"product_cat-maros-megyei-eletrajzi-lexikon","7":"first","8":"instock","9":"shipping-taxable","10":"product-type-simple"},"_links":{"self":[{"href":"https:\/\/uj.adatbank.ro\/lexikon\/wp-json\/wp\/v2\/product\/10820","targetHints":{"allow":["GET"]}}],"collection":[{"href":"https:\/\/uj.adatbank.ro\/lexikon\/wp-json\/wp\/v2\/product"}],"about":[{"href":"https:\/\/uj.adatbank.ro\/lexikon\/wp-json\/wp\/v2\/types\/product"}],"replies":[{"embeddable":true,"href":"https:\/\/uj.adatbank.ro\/lexikon\/wp-json\/wp\/v2\/comments?post=10820"}],"wp:attachment":[{"href":"https:\/\/uj.adatbank.ro\/lexikon\/wp-json\/wp\/v2\/media?parent=10820"}],"wp:term":[{"taxonomy":"product_brand","embeddable":true,"href":"https:\/\/uj.adatbank.ro\/lexikon\/wp-json\/wp\/v2\/product_brand?post=10820"},{"taxonomy":"product_cat","embeddable":true,"href":"https:\/\/uj.adatbank.ro\/lexikon\/wp-json\/wp\/v2\/product_cat?post=10820"},{"taxonomy":"product_tag","embeddable":true,"href":"https:\/\/uj.adatbank.ro\/lexikon\/wp-json\/wp\/v2\/product_tag?post=10820"}],"curies":[{"name":"wp","href":"https:\/\/api.w.org\/{rel}","templated":true}]}}

JÁRAI Margit

<p>? † Mv., 1576 után.: apáca, begina szerzetesnő. – Mv.-en a reformáció térhódításáig működtek a leánynevelő begina apácák. A mv.-i Klastrom utcai kolostorban éltek, a volt Surlott grádics helyén, mint a kolostoruk két utolsó tagja. Nyújtódi Borbálával együtt, már nagyon öregen, nem tudák magukat ellátni. Eladták a kőből épült cellákra osztott házukat Götsi Máté ref. papnak 75 ft. -ért (1576), úgy hogy életük végéig benne maradhattak. Őket a vártemplom körüli temetőbe temették, a ház anyagát a vár felső bástyájába és falába beépítették. A kolostor emlékét a Klastrom utca neve őrízte, romjai még megvoltak 1731-ben. <br /><strong>Irod.:</strong> György: A ferencrendiek; Időtár 1; Krón Füz (1937. 2/6); Pál-Antal; Pál-Antal 2003; Pál-Antal 2009; SzOkl, 4</br></p>

<p>? † Mv., 1576 után.: apáca, begina szerzetesnő. – Mv.-en a reformáció térhódításáig működtek a leánynevelő begina apácák. A mv.-i Klastrom utcai kolostorban éltek, a volt Surlott grádics helyén, mint a kolostoruk két utolsó tagja. Nyújtódi Borbálával együtt, már nagyon öregen, nem tudák magukat ellátni. Eladták a kőből épült cellákra osztott házukat Götsi Máté ref. papnak [&hellip;]</p>
