{"id":10821,"date":"2025-06-29T13:32:34","date_gmt":"2025-06-29T11:32:34","guid":{"rendered":"https:\/\/uj.adatbank.ro\/lexikon\/termek\/jaray-erno\/"},"modified":"2025-06-29T13:32:34","modified_gmt":"2025-06-29T11:32:34","slug":"jaray-erno","status":"publish","type":"product","link":"https:\/\/uj.adatbank.ro\/lexikon\/termek\/jaray-erno\/","title":{"rendered":"J\u00c1RAY Ern\u0151"},"content":{"rendered":"<p>Mv., 1912. aug. 3., \u2020 Mv., 1997. aug. 3.: m\u0171kedvel\u0151 fest\u0151m\u0171v\u00e9sz. \u2013 Apja a vh.-ban halt meg. -Mez\u0151gerebenesen, Mv.-en tanult (1926); kor\u00e1n felfedezt\u00e9k rajzk\u00e9szs\u00e9g\u00e9t; fodr\u00e1szatot tanult Mv.-en (1927\u201330), fodr\u00e1szinas majd seg\u00e9d. Guly\u00e1s K\u00e1roly tan\u00edtv\u00e1nya, majd beiratkozott a Ciupe Aurel \u00e1ltal vezetett mv.-i Szabad Fest\u0151iskol\u00e1ba (1936\u201338). Az aut\u00f3didakta fest\u0151m\u0171v\u00e9sznek Daday Ger\u0151, Guly\u00e1s K\u00e1roly, Bortnyik S\u00e1ndor, Barab\u00e1s Istv\u00e1n, Simon Endre voltak tan\u00edt\u00f3mesterei. Tagja lett a MMAT M\u0171v\u00e9szeti Szakszervezet\u00e9nek (1950\u201363); Berzevitzi L\u00e1szl\u00f3val megalap\u00edtott\u00e1k a Higiena Kisipari Sz\u00f6vetkezet keret\u00e9ben a f\u00e9nyk\u00e9pnagy\u00edt\u00f3 ill. retus\u0151r r\u00e9szleget, nyugdijaz\u00e1s\u00e1ig ez a munkahelye (1956\u201372). Alap\u00edt\u00f3 tagja a MM M\u0171kedvel\u0151 K\u00e9pz\u0151m\u0171v\u00e9szek Egyes\u00fclet\u00e9nek (1977). Csoportos t\u00e1rlatokon (42 alkalommal) szerepelt festm\u00e9nyeivel: \u00f6tven portr\u00e9, k\u00e9t \u00f6narck\u00e9p, negyven figur\u00e1lis kompozici\u00f3, csend\u00e9letek, t\u00e9jk\u00e9pek. Mv.-en, Buk.-ben a Dalles teremben, One\u015fti-en, Gyulafeh\u00e9rv\u00e1ron, Kv. -on. 20 egy\u00e9ni t\u00e1rlata volt Mv., Segesv\u00e1r, Brass\u00f3, Sepsiszentgy\u00f6rgy, Szov\u00e1ta, Sz\u00e9kelyudvarhely, Ny\u00e1r\u00e1dszereda, Sz\u00e1szr\u00e9gen, Szeged v\u00e1ros\u00e1ban (1974\u201395). <br \/><strong>Irod.:<\/strong> D\u00e9zsi \u00d6d\u00f6n: J. E. ki\u00e1ll\u00edt\u00e1sa (V. Z., 1979. szept. 18.); Erd\u00e9lyi Lajos; F\u00fcl\u00f6p; J\u00e1ray Fekete Katalin: J\u00e1ray Ern\u0151: Besz\u00e9lget\u00e9s-t\u00f6red\u00e9kek, vallom\u00e1sok (Mv., 2007); L. L. [L\u00e1z\u00e1r L\u00e1szl\u00f3]: J. E. n\u00e9ma k\u00f6lt\u00e9szete (V. Z., 1985. j\u00fal. 6.); M\u00e1th\u00e9 \u00c9va: Tisztelg\u00e9s az apa, a m\u0171v\u00e9sz el\u0151tt (K\u00f6zPont, 2007. dec. 3\u20139.); Moln\u00e1r; [Nekrol\u00f3g] (N\u00fa., 1997. aug. 14.); Opri\u015f-Mure\u015fan; Opri\u015f 2018; Szab\u00f3\u2013K\u00e1llai; Todea 2013<\/br><\/p>\n","protected":false},"excerpt":{"rendered":"<p>Mv., 1912. aug. 3., \u2020 Mv., 1997. aug. 3.: m\u0171kedvel\u0151 fest\u0151m\u0171v\u00e9sz. \u2013 Apja a vh.-ban halt meg. -Mez\u0151gerebenesen, Mv.-en tanult (1926); kor\u00e1n felfedezt\u00e9k rajzk\u00e9szs\u00e9g\u00e9t; fodr\u00e1szatot tanult Mv.-en (1927\u201330), fodr\u00e1szinas majd seg\u00e9d. Guly\u00e1s K\u00e1roly tan\u00edtv\u00e1nya, majd beiratkozott a Ciupe Aurel \u00e1ltal vezetett mv.-i Szabad Fest\u0151iskol\u00e1ba (1936\u201338). Az aut\u00f3didakta fest\u0151m\u0171v\u00e9sznek Daday Ger\u0151, Guly\u00e1s K\u00e1roly, Bortnyik S\u00e1ndor, Barab\u00e1s [&hellip;]<\/p>\n","protected":false},"featured_media":0,"comment_status":"open","ping_status":"closed","template":"","meta":[],"product_brand":[],"product_cat":[137],"product_tag":[],"class_list":{"0":"post-10821","1":"product","2":"type-product","3":"status-publish","5":"product_cat-maros-megyei-eletrajzi-lexikon","7":"first","8":"instock","9":"shipping-taxable","10":"product-type-simple"},"_links":{"self":[{"href":"https:\/\/uj.adatbank.ro\/lexikon\/wp-json\/wp\/v2\/product\/10821","targetHints":{"allow":["GET"]}}],"collection":[{"href":"https:\/\/uj.adatbank.ro\/lexikon\/wp-json\/wp\/v2\/product"}],"about":[{"href":"https:\/\/uj.adatbank.ro\/lexikon\/wp-json\/wp\/v2\/types\/product"}],"replies":[{"embeddable":true,"href":"https:\/\/uj.adatbank.ro\/lexikon\/wp-json\/wp\/v2\/comments?post=10821"}],"wp:attachment":[{"href":"https:\/\/uj.adatbank.ro\/lexikon\/wp-json\/wp\/v2\/media?parent=10821"}],"wp:term":[{"taxonomy":"product_brand","embeddable":true,"href":"https:\/\/uj.adatbank.ro\/lexikon\/wp-json\/wp\/v2\/product_brand?post=10821"},{"taxonomy":"product_cat","embeddable":true,"href":"https:\/\/uj.adatbank.ro\/lexikon\/wp-json\/wp\/v2\/product_cat?post=10821"},{"taxonomy":"product_tag","embeddable":true,"href":"https:\/\/uj.adatbank.ro\/lexikon\/wp-json\/wp\/v2\/product_tag?post=10821"}],"curies":[{"name":"wp","href":"https:\/\/api.w.org\/{rel}","templated":true}]}}

JÁRAY Ernő

<p>Mv., 1912. aug. 3., † Mv., 1997. aug. 3.: műkedvelő festőművész. – Apja a vh.-ban halt meg. -Mezőgerebenesen, Mv.-en tanult (1926); korán felfedezték rajzkészségét; fodrászatot tanult Mv.-en (1927–30), fodrászinas majd segéd. Gulyás Károly tanítványa, majd beiratkozott a Ciupe Aurel által vezetett mv.-i Szabad Festőiskolába (1936–38). Az autódidakta festőművésznek Daday Gerő, Gulyás Károly, Bortnyik Sándor, Barabás István, Simon Endre voltak tanítómesterei. Tagja lett a MMAT Művészeti Szakszervezetének (1950–63); Berzevitzi Lászlóval megalapították a Higiena Kisipari Szövetkezet keretében a fényképnagyító ill. retusőr részleget, nyugdijazásáig ez a munkahelye (1956–72). Alapító tagja a MM Műkedvelő Képzőművészek Egyesületének (1977). Csoportos tárlatokon (42 alkalommal) szerepelt festményeivel: ötven portré, két önarckép, negyven figurális kompozició, csendéletek, téjképek. Mv.-en, Buk.-ben a Dalles teremben, Oneşti-en, Gyulafehérváron, Kv. -on. 20 egyéni tárlata volt Mv., Segesvár, Brassó, Sepsiszentgyörgy, Szováta, Székelyudvarhely, Nyárádszereda, Szászrégen, Szeged városában (1974–95). <br /><strong>Irod.:</strong> Dézsi Ödön: J. E. kiállítása (V. Z., 1979. szept. 18.); Erdélyi Lajos; Fülöp; Járay Fekete Katalin: Járay Ernő: Beszélgetés-töredékek, vallomások (Mv., 2007); L. L. [Lázár László]: J. E. néma költészete (V. Z., 1985. júl. 6.); Máthé Éva: Tisztelgés az apa, a művész előtt (KözPont, 2007. dec. 3–9.); Molnár; [Nekrológ] (Nú., 1997. aug. 14.); Opriş-Mureşan; Opriş 2018; Szabó–Kállai; Todea 2013</br></p>

<p>Mv., 1912. aug. 3., † Mv., 1997. aug. 3.: műkedvelő festőművész. – Apja a vh.-ban halt meg. -Mezőgerebenesen, Mv.-en tanult (1926); korán felfedezték rajzkészségét; fodrászatot tanult Mv.-en (1927–30), fodrászinas majd segéd. Gulyás Károly tanítványa, majd beiratkozott a Ciupe Aurel által vezetett mv.-i Szabad Festőiskolába (1936–38). Az autódidakta festőművésznek Daday Gerő, Gulyás Károly, Bortnyik Sándor, Barabás [&hellip;]</p>
