{"id":10823,"date":"2025-06-29T13:32:38","date_gmt":"2025-06-29T11:32:38","guid":{"rendered":"https:\/\/uj.adatbank.ro\/lexikon\/termek\/jarcan-ion\/"},"modified":"2025-06-29T13:32:38","modified_gmt":"2025-06-29T11:32:38","slug":"jarcan-ion","status":"publish","type":"product","link":"https:\/\/uj.adatbank.ro\/lexikon\/termek\/jarcan-ion\/","title":{"rendered":"J\u00c2RCAN Ion"},"content":{"rendered":"<p>? \u2020 ?: birtokos. \u2013 A palotailvai f\u00f6ldbirtokos, B\u00e1nffy Ferenc br., hozta birtokaira M\u00e1ramarosb\u00f3l erd\u0151p\u00e1sztornak \u00e9s makk\u00e1sz\u00f3nak, nev\u00e9t is onnan kapta. A f\u00f6ldoszt\u00e1s ut\u00e1n f\u00f6ldtulajdonos lett Palotailv\u00e1n (1815\u2013). Az \u0151 \u00e9s m\u00e1sok (Gliga Simion, Ujic\u0103 Simion) adom\u00e1ny\u00e1b\u00f3l \u00e9p\u00edtett\u00e9k a falu els\u0151 ort. fatemplom\u00e1t (1816). <br \/><strong>Irod.:<\/strong> Lunca Bradului<\/br><\/p>\n","protected":false},"excerpt":{"rendered":"<p>? \u2020 ?: birtokos. \u2013 A palotailvai f\u00f6ldbirtokos, B\u00e1nffy Ferenc br., hozta birtokaira M\u00e1ramarosb\u00f3l erd\u0151p\u00e1sztornak \u00e9s makk\u00e1sz\u00f3nak, nev\u00e9t is onnan kapta. A f\u00f6ldoszt\u00e1s ut\u00e1n f\u00f6ldtulajdonos lett Palotailv\u00e1n (1815\u2013). Az \u0151 \u00e9s m\u00e1sok (Gliga Simion, Ujic\u0103 Simion) adom\u00e1ny\u00e1b\u00f3l \u00e9p\u00edtett\u00e9k a falu els\u0151 ort. fatemplom\u00e1t (1816). Irod.: Lunca Bradului<\/p>\n","protected":false},"featured_media":0,"comment_status":"open","ping_status":"closed","template":"","meta":[],"product_brand":[],"product_cat":[137],"product_tag":[],"class_list":{"0":"post-10823","1":"product","2":"type-product","3":"status-publish","5":"product_cat-maros-megyei-eletrajzi-lexikon","7":"first","8":"instock","9":"shipping-taxable","10":"product-type-simple"},"_links":{"self":[{"href":"https:\/\/uj.adatbank.ro\/lexikon\/wp-json\/wp\/v2\/product\/10823","targetHints":{"allow":["GET"]}}],"collection":[{"href":"https:\/\/uj.adatbank.ro\/lexikon\/wp-json\/wp\/v2\/product"}],"about":[{"href":"https:\/\/uj.adatbank.ro\/lexikon\/wp-json\/wp\/v2\/types\/product"}],"replies":[{"embeddable":true,"href":"https:\/\/uj.adatbank.ro\/lexikon\/wp-json\/wp\/v2\/comments?post=10823"}],"wp:attachment":[{"href":"https:\/\/uj.adatbank.ro\/lexikon\/wp-json\/wp\/v2\/media?parent=10823"}],"wp:term":[{"taxonomy":"product_brand","embeddable":true,"href":"https:\/\/uj.adatbank.ro\/lexikon\/wp-json\/wp\/v2\/product_brand?post=10823"},{"taxonomy":"product_cat","embeddable":true,"href":"https:\/\/uj.adatbank.ro\/lexikon\/wp-json\/wp\/v2\/product_cat?post=10823"},{"taxonomy":"product_tag","embeddable":true,"href":"https:\/\/uj.adatbank.ro\/lexikon\/wp-json\/wp\/v2\/product_tag?post=10823"}],"curies":[{"name":"wp","href":"https:\/\/api.w.org\/{rel}","templated":true}]}}