{"id":10824,"date":"2025-06-29T13:32:39","date_gmt":"2025-06-29T11:32:39","guid":{"rendered":"https:\/\/uj.adatbank.ro\/lexikon\/termek\/jarda-tudor-%c2%a7\/"},"modified":"2025-06-29T13:32:39","modified_gmt":"2025-06-29T11:32:39","slug":"jarda-tudor-%c2%a7","status":"publish","type":"product","link":"https:\/\/uj.adatbank.ro\/lexikon\/termek\/jarda-tudor-%c2%a7\/","title":{"rendered":"JARDA Tudor, \u00a7"},"content":{"rendered":"<p>Kv., 1922. febr. 11., \u2020 Kv., 2007. aug. 13.: zeneszerz\u0151, tan\u00e1r \u00e9s karmester. \u2013 K\u00f6z\u00e9piskolai tanulm\u00e1nyait Kv.-on a George Bari\u0163iu l\u00edc.-ban v\u00e9gezte (1940) \u00e9s Temesv\u00e1ron a politechnik\u00e1n v\u00e9gzett k\u00e9t \u00e9vet (1940\u2013), a zene vonz\u00e1s\u00e1ban \u00e1tiratkozott a Konzervat\u00f3riumba (1941\u2013), majd pedag\u00f3gia, trombita-, zeneszerz\u00e9sszakon hallgat\u00f3 \u00e9s a filoz\u00f3fia karra is beiratkozott (1945\u201348). A kv.-i Rom\u00e1n Opera trombit\u00e1sa (1945\u201348); a Gheorghe Dima Konzervat\u00f3rium harm\u00f3niatan\u00e1ra nyugd\u00edjaz\u00e1s\u00e1ig (1949\u201384). E mellet Mv.-en a Ped. F\u0151iskola Zene Kara vezet\u0151 tan\u00e1ra \u00e9s katedraf\u0151n\u00f6ke (1962\u201373). Kv.-on a Roman Opera igazgat\u00f3ja (1975\u201381). A kv.-i Gheorghe Dima Zene Akad. konzult\u00e1ns prof.-ra (1993\u20132007), ugyanakkor a nagyv\u00e1radi Egyetem zene fakult\u00e1s\u00e1nak harm\u00f3niatan\u00e1ra (1994\u2013). Sz\u00e1mos n\u00e9pdalt jegyzett le \u00e9s dolgozott fel, n\u00e9pi egy\u00fctteseket vez\u00e9nyelt \u00e9s s\u00edpegy\u00fctteseket vezetett. Cikkei, tanulm\u00e1nyai \u00e9s essz\u00e9i jelentek meg a Muzica, Contemporanul, \u00datunk \u00e9s m\u00e1s lapokban. <strong>Kit\u00fcntet\u00e9sei:<\/strong> Ordinul Muncii cls. III, 1959, Artist Emerit, 1964, Ordinul Meritul Cultural, cls. IV-a, 1969; Premiul Uniunii Compozitorilor, 1964. \u2013 <strong>F. m.:<\/strong> sz\u00ednh\u00e1zzene: Neamul \u015eoim\u0103re\u015ftilor (opera 3 felvon\u00e1sban, 1956); Coco\u015felul neascult\u0103tor (gyermekdarab, 1959); P\u0103durea vulturilor (opera, 1960, \u00e1tdolgozva 1964), Dreptul la via\u0163\u0103 (l\u00edrikus alleg\u00f3ria, 1964); Irinca (balett, 1968), Cu \u0162urca (amelyet a mv.-i N\u00e9pi Egy\u00fcttes mutatott be, 1969); Luceaf\u0103rul de ziu\u0103 (balett, 1978), Priveli\u015ftile lumii (balett, 1984), Inger \u015fi demon (opera, 1988); vok\u00e1l-szimf\u00f3nikus zene: Cantata o\u0163elarilor (1957), Suita nr. I pt. solist, cor mixt \u015fi orchestr\u0103 pop. (1959); Suita din N\u0103s\u0103ud (1959), Coruri pe versuri populare (Buc., 1964); Foaie verde de, m\u0103r dulce (Bistri\u0163a, 1969); Ion al Saftei (1969), Coruri (Buc., 1981); szimfonikus zene: Simfonia I-a in la minor, 1951; Concert pt. flaut \u015fi orchestr\u0103, 1952; Simfonia a II-a, 1975; Simfonia a III-a, 1984, kamarazene: Trio pt. oboi, violoncel \u015fi pian, 1943; Trei piese mici pt. pian; Suit\u0103 pt. pian, 1950, \u00e9s m\u00e9g sok k\u00f3rusm\u0171vet \u00e9s vok\u00e1lis zen\u00e9t is \u00edrt; didaktikai m\u0171ve: Curs de armonie (Buc., 1963). <br \/><strong>Irod.:<\/strong> Muzicieni din Rom.; Preja Ramona: Art\u0103 pentru o via\u0163\u0103 -Tudor Jarda: tradi\u0163ie \u015fi contemporaneitate. (ed. 3.; Cluj-N., 2012)<\/br><\/p>\n","protected":false},"excerpt":{"rendered":"<p>Kv., 1922. febr. 11., \u2020 Kv., 2007. aug. 13.: zeneszerz\u0151, tan\u00e1r \u00e9s karmester. \u2013 K\u00f6z\u00e9piskolai tanulm\u00e1nyait Kv.-on a George Bari\u0163iu l\u00edc.-ban v\u00e9gezte (1940) \u00e9s Temesv\u00e1ron a politechnik\u00e1n v\u00e9gzett k\u00e9t \u00e9vet (1940\u2013), a zene vonz\u00e1s\u00e1ban \u00e1tiratkozott a Konzervat\u00f3riumba (1941\u2013), majd pedag\u00f3gia, trombita-, zeneszerz\u00e9sszakon hallgat\u00f3 \u00e9s a filoz\u00f3fia karra is beiratkozott (1945\u201348). A kv.-i Rom\u00e1n Opera trombit\u00e1sa [&hellip;]<\/p>\n","protected":false},"featured_media":0,"comment_status":"open","ping_status":"closed","template":"","meta":[],"product_brand":[],"product_cat":[137],"product_tag":[],"class_list":{"0":"post-10824","1":"product","2":"type-product","3":"status-publish","5":"product_cat-maros-megyei-eletrajzi-lexikon","7":"first","8":"instock","9":"shipping-taxable","10":"product-type-simple"},"_links":{"self":[{"href":"https:\/\/uj.adatbank.ro\/lexikon\/wp-json\/wp\/v2\/product\/10824","targetHints":{"allow":["GET"]}}],"collection":[{"href":"https:\/\/uj.adatbank.ro\/lexikon\/wp-json\/wp\/v2\/product"}],"about":[{"href":"https:\/\/uj.adatbank.ro\/lexikon\/wp-json\/wp\/v2\/types\/product"}],"replies":[{"embeddable":true,"href":"https:\/\/uj.adatbank.ro\/lexikon\/wp-json\/wp\/v2\/comments?post=10824"}],"wp:attachment":[{"href":"https:\/\/uj.adatbank.ro\/lexikon\/wp-json\/wp\/v2\/media?parent=10824"}],"wp:term":[{"taxonomy":"product_brand","embeddable":true,"href":"https:\/\/uj.adatbank.ro\/lexikon\/wp-json\/wp\/v2\/product_brand?post=10824"},{"taxonomy":"product_cat","embeddable":true,"href":"https:\/\/uj.adatbank.ro\/lexikon\/wp-json\/wp\/v2\/product_cat?post=10824"},{"taxonomy":"product_tag","embeddable":true,"href":"https:\/\/uj.adatbank.ro\/lexikon\/wp-json\/wp\/v2\/product_tag?post=10824"}],"curies":[{"name":"wp","href":"https:\/\/api.w.org\/{rel}","templated":true}]}}

<p>Kv., 1922. febr. 11., † Kv., 2007. aug. 13.: zeneszerző, tanár és karmester. – Középiskolai tanulmányait Kv.-on a George Bariţiu líc.-ban végezte (1940) és Temesváron a politechnikán végzett két évet (1940–), a zene vonzásában átiratkozott a Konzervatóriumba (1941–), majd pedagógia, trombita-, zeneszerzésszakon hallgató és a filozófia karra is beiratkozott (1945–48). A kv.-i Román Opera trombitása (1945–48); a Gheorghe Dima Konzervatórium harmóniatanára nyugdíjazásáig (1949–84). E mellet Mv.-en a Ped. Főiskola Zene Kara vezető tanára és katedrafőnöke (1962–73). Kv.-on a Roman Opera igazgatója (1975–81). A kv.-i Gheorghe Dima Zene Akad. konzultáns prof.-ra (1993–2007), ugyanakkor a nagyváradi Egyetem zene fakultásának harmóniatanára (1994–). Számos népdalt jegyzett le és dolgozott fel, népi együtteseket vezényelt és sípegyütteseket vezetett. Cikkei, tanulmányai és esszéi jelentek meg a Muzica, Contemporanul, Útunk és más lapokban. <strong>Kitüntetései:</strong> Ordinul Muncii cls. III, 1959, Artist Emerit, 1964, Ordinul Meritul Cultural, cls. IV-a, 1969; Premiul Uniunii Compozitorilor, 1964. – <strong>F. m.:</strong> színházzene: Neamul Şoimăreştilor (opera 3 felvonásban, 1956); Cocoşelul neascultător (gyermekdarab, 1959); Pădurea vulturilor (opera, 1960, átdolgozva 1964), Dreptul la viaţă (lírikus allegória, 1964); Irinca (balett, 1968), Cu Ţurca (amelyet a mv.-i Népi Együttes mutatott be, 1969); Luceafărul de ziuă (balett, 1978), Priveliştile lumii (balett, 1984), Inger şi demon (opera, 1988); vokál-szimfónikus zene: Cantata oţelarilor (1957), Suita nr. I pt. solist, cor mixt şi orchestră pop. (1959); Suita din Năsăud (1959), Coruri pe versuri populare (Buc., 1964); Foaie verde de, măr dulce (Bistriţa, 1969); Ion al Saftei (1969), Coruri (Buc., 1981); szimfonikus zene: Simfonia I-a in la minor, 1951; Concert pt. flaut şi orchestră, 1952; Simfonia a II-a, 1975; Simfonia a III-a, 1984, kamarazene: Trio pt. oboi, violoncel şi pian, 1943; Trei piese mici pt. pian; Suită pt. pian, 1950, és még sok kórusművet és vokális zenét is írt; didaktikai műve: Curs de armonie (Buc., 1963). <br /><strong>Irod.:</strong> Muzicieni din Rom.; Preja Ramona: Artă pentru o viaţă -Tudor Jarda: tradiţie şi contemporaneitate. (ed. 3.; Cluj-N., 2012)</br></p>

<p>Kv., 1922. febr. 11., † Kv., 2007. aug. 13.: zeneszerző, tanár és karmester. – Középiskolai tanulmányait Kv.-on a George Bariţiu líc.-ban végezte (1940) és Temesváron a politechnikán végzett két évet (1940–), a zene vonzásában átiratkozott a Konzervatóriumba (1941–), majd pedagógia, trombita-, zeneszerzésszakon hallgató és a filozófia karra is beiratkozott (1945–48). A kv.-i Román Opera trombitása [&hellip;]</p>
