{"id":10827,"date":"2025-06-29T13:32:45","date_gmt":"2025-06-29T11:32:45","guid":{"rendered":"https:\/\/uj.adatbank.ro\/lexikon\/termek\/jarmi-miklos-jarmy-miklos-dezsfalvi\/"},"modified":"2025-06-29T13:32:45","modified_gmt":"2025-06-29T11:32:45","slug":"jarmi-miklos-jarmy-miklos-dezsfalvi","status":"publish","type":"product","link":"https:\/\/uj.adatbank.ro\/lexikon\/termek\/jarmi-miklos-jarmy-miklos-dezsfalvi\/","title":{"rendered":"J\u00c1RMI Mikl\u00f3s, J\u00e1rmy Mikl\u00f3s, d\u00e9zsfalvi"},"content":{"rendered":"<p>? \u2020\u00a01830.: unit. egyh\u00e1z gondnoka. \u2013 Feles\u00e9ge V\u00e1r\u00f3 Judit. Le\u00e1nyuk Judit, Szentiv\u00e1nyi Gy\u00f6rgyn\u00e9. \u2013 A sz\u00e9kelykereszt\u00fari unit. koll. -ot t\u00e1mogatt\u00e1k p\u00e9nzzel, anyagiakkal: borral, a malom szombati v\u00e1mj\u00e1val. Le\u00e1nyuk folytatta a t\u00e1mogat\u00e1st. <br \/><strong>Irod.:<\/strong> K\u0151v\u00e1ry L\u00e1szl\u00f3 1899<\/br><\/p>\n","protected":false},"excerpt":{"rendered":"<p>? \u2020\u00a01830.: unit. egyh\u00e1z gondnoka. \u2013 Feles\u00e9ge V\u00e1r\u00f3 Judit. Le\u00e1nyuk Judit, Szentiv\u00e1nyi Gy\u00f6rgyn\u00e9. \u2013 A sz\u00e9kelykereszt\u00fari unit. koll. -ot t\u00e1mogatt\u00e1k p\u00e9nzzel, anyagiakkal: borral, a malom szombati v\u00e1mj\u00e1val. Le\u00e1nyuk folytatta a t\u00e1mogat\u00e1st. Irod.: K\u0151v\u00e1ry L\u00e1szl\u00f3 1899<\/p>\n","protected":false},"featured_media":0,"comment_status":"open","ping_status":"closed","template":"","meta":[],"product_brand":[],"product_cat":[137],"product_tag":[],"class_list":{"0":"post-10827","1":"product","2":"type-product","3":"status-publish","5":"product_cat-maros-megyei-eletrajzi-lexikon","7":"first","8":"instock","9":"shipping-taxable","10":"product-type-simple"},"_links":{"self":[{"href":"https:\/\/uj.adatbank.ro\/lexikon\/wp-json\/wp\/v2\/product\/10827","targetHints":{"allow":["GET"]}}],"collection":[{"href":"https:\/\/uj.adatbank.ro\/lexikon\/wp-json\/wp\/v2\/product"}],"about":[{"href":"https:\/\/uj.adatbank.ro\/lexikon\/wp-json\/wp\/v2\/types\/product"}],"replies":[{"embeddable":true,"href":"https:\/\/uj.adatbank.ro\/lexikon\/wp-json\/wp\/v2\/comments?post=10827"}],"wp:attachment":[{"href":"https:\/\/uj.adatbank.ro\/lexikon\/wp-json\/wp\/v2\/media?parent=10827"}],"wp:term":[{"taxonomy":"product_brand","embeddable":true,"href":"https:\/\/uj.adatbank.ro\/lexikon\/wp-json\/wp\/v2\/product_brand?post=10827"},{"taxonomy":"product_cat","embeddable":true,"href":"https:\/\/uj.adatbank.ro\/lexikon\/wp-json\/wp\/v2\/product_cat?post=10827"},{"taxonomy":"product_tag","embeddable":true,"href":"https:\/\/uj.adatbank.ro\/lexikon\/wp-json\/wp\/v2\/product_tag?post=10827"}],"curies":[{"name":"wp","href":"https:\/\/api.w.org\/{rel}","templated":true}]}}