{"id":10829,"date":"2025-06-29T13:32:48","date_gmt":"2025-06-29T11:32:48","guid":{"rendered":"https:\/\/uj.adatbank.ro\/lexikon\/termek\/jaross-bela\/"},"modified":"2025-06-29T13:32:48","modified_gmt":"2025-06-29T11:32:48","slug":"jaross-bela","status":"publish","type":"product","link":"https:\/\/uj.adatbank.ro\/lexikon\/termek\/jaross-bela\/","title":{"rendered":"JAROSS B\u00e9la"},"content":{"rendered":"<p>Kistapolcs\u00e1ny, 1877. \u00e1pr. 30., \u2020 Mv., 1959. okt. 14: ap\u00e1tpl\u00e9b\u00e1nos, f\u0151esperes, p\u00e1pai prel\u00e1tus, egeresi c\u00edmzetes ap\u00e1t, marosi f\u0151esperes, a Steaua Rom\u00e2niei tiszti lovagja. A mv.-i r. k. temet\u0151ben nyugszik. \u2013 Elemi, k\u00f6z\u00e9piskolai \u00e9s teol\u00f3gia tanulm\u00e1nyait Esztergomban v\u00e9gezte. Kispap (1890\u2013), absolutus theologus (1898. j\u00fan.), h\u00e1zi nevel\u0151 a fel\u0151ri Betegh Imre f\u00f6ldbirtokos csal\u00e1dj\u00e1n\u00e1l (1898\u201399). Gyulafeh\u00e9rv\u00e1ron papp\u00e1 szentelt\u00e9k (1900. j\u00fal. 2.) \u00e9s ett\u0151l kezdve \u00e9lete v\u00e9g\u00e9ig Mv.-en tev\u00e9kenykedett. Mv.-en k\u00e1pl\u00e1n \u00e9s z\u00e1rdai hitoktat\u00f3 (1900\u201308), f\u0151gimn.-i vall\u00e1stan\u00e1r (1908\u201319), k\u00f6zben f\u00e9l\u00e9vg a fi\u00fanevel\u0151 int\u00e9zet aligazgat\u00f3ja. A r. k. elemi \u00e9s polg\u00e1ri le\u00e1nyiskola igazgat\u00f3helyettese, majd igazgat\u00f3ja (1910\u201320). Mv.-i pl\u00e9b\u00e1nos, marosi f\u0151esperes, f\u0151gimn.-i p\u00fcsp\u00f6ki biztos (1920. jan. 1. \u2013 1959), \u00fajj\u00e1szervezte az I. vh. alatt megrong\u00e1l\u00f3dott pl\u00e9b\u00e1ni\u00e1t, k\u00fczd\u00f6tt az iskol\u00e1k\u00e9rt \u00e9s int\u00e9zm\u00e9nyek\u00e9rt. Megindult Mv.-en a Nagyb\u00e1ny\u00e1r\u00f3l \u00e1thelyezett rendi novici\u00e1tus els\u0151 tan\u00e9ve (1927. aug. 27.), ez lett a minorita rend Mv. -re val\u00f3 visszat\u00e9r\u00e9se. A politikai \u00e9letben is szerepet v\u00e1llalt: v\u00e1rosi tan\u00e1csos (1923\u201332), az OMP mv.-i tagozat\u00e1nak eln\u00f6ke (1928. dec. 26. \u2013 1931. m\u00e1j.). Egeresi c\u00edmzetes ap\u00e1t m\u00e9lt\u00f3s\u00e1got kapott (1922\u2013) \u00e9s XI. Pius p\u00e1p\u00e1t\u00f3l prel\u00e1tusi kinevez\u00e9st (1936). A KZST rendes tagja (1929). A M. Rendfenntart\u00f3 Bizotts\u00e1g tagja (1940. aug.). d D\u00edszbesz\u00e9ddel k\u00f6sz\u00f6nt\u00f6tte Horthy Mikl\u00f3s korm\u00e1nyz\u00f3t \u00e9s feles\u00e9g\u00e9t (1940. szept. 10.). A v\u00e1rosban maradt (1944) vicarius generalisk\u00e9nt rendelkezett a visszat\u00e9r\u0151 paps\u00e1ggal, tan\u00e1rokkal, tan\u00edt\u00f3kkal, az iskol\u00e1kkal. El\u00edt\u00e9lte a kommunista rendszer kezdem\u00e9nyezte b\u00e9kepapi mozgalmat. A securitate megfigyeltette tev\u00e9kenys\u00e9g\u00e9t (1950 k. \u2013). Az \u00e1llam \u00e1tszabta az esperesi ker\u00fcleteket, a politikai-k\u00f6zigazgat\u00e1si egys\u00e9gek rendszer\u00e9hez igaz\u00edtva, \u00edgy Mv. -hez ker\u00fclt a dics\u0151szentm\u00e1rtoni, az erd\u0151szentgy\u00f6rgyi, a ludasi \u00e9s a mv.-i rajon \u00f6sszes pl\u00e9b\u00e1ni\u00e1ja (1951. j\u00fal.), esperesi vezet\u00e9s\u00e9vel. Fizetett szabads\u00e1ggal elt\u00e1vol\u00edtott\u00e1k az esperess\u00e9g \u00e9l\u00e9r\u0151l (1952. dec.). Lev\u00e1ltott\u00e1k, megal\u00e1zt\u00e1k a b\u00e9kepapi mozgalom idej\u00e9n (1950\u2013), nyugd\u00edjba k\u00e9nyszer\u00edtett\u00e9k (1953. jan. 1.) \u00e9s p\u00fcsp\u00f6ki enged\u00e9ly n\u00e9lk\u00fcl hely\u00e9be kinevezt\u00e9k Kajcsa Ferencet. M\u00e1rton \u00c1ron p\u00fcsp\u00f6k visszahelyezte f\u0151esperes-pl\u00e9b\u00e1nosi hivatal\u00e1ba (1956. jan. 1.), hal\u00e1l\u00e1ig v\u00e9gezte feladat\u00e1t \u00e9s kinevezte mell\u00e9 L\u00e9sty\u00e1n Ferencet helyettes pl\u00e9b\u00e1nosnak. Cikkeit k\u00f6z\u00f6lte az: Erd\u00e9lyi Olt\u00e1regyes. Lapja, mv.-i R. K. F\u0151gimn. \u00c9rtes\u00edt\u0151je (1905\u201306), a Mv.-i R. K. Elemi \u00e9s Polg\u00e1ri Le\u00e1nyiskola \u00c9rtes\u00edt\u0151je (1914\u201316). A Steaua Rom\u00e2niei tiszti rendj\u00e9vel t\u00fcntett\u00e9k ki (1923). A k\u00f6z\u00e9pkori korpusszal \u00e9kes\u00edtett ap\u00e1ti b\u00e9kekeresztje (1933), a mv.-i f\u0151t\u00e9ri Keresztel\u0151 Szent J\u00e1nos pl\u00e9b\u00e1niatemplom Egyh\u00e1zm\u0171v\u00e9szeti m\u00fazeum\u00e1ba tal\u00e1lhat\u00f3. \u2013 <strong>F. m.:<\/strong> Eml\u00e9kek a mv.-i r. k. egyh\u00e1zk\u00f6ss\u00e9g m\u00faltj\u00e1b\u00f3l: A hit\u00faj\u00edt\u00e1s el\u0151tti korszak (Tg. M., 1937); <strong>t\u00e1rssz.:<\/strong> Kov\u00e1cs Ferenc (1837\u20131899)  =  Erd\u00e9lyi katolikus nagyok. (Kv., 1941). <br \/><strong>Irod.:<\/strong> Barab\u00e1s Kisanna. 2009; Bartos 2012; Berekm\u00e9ri 2015; Bern\u00e1dy; B\u00edr\u00f3 Vencel: Sz\u00e9khelyi gr. Mail\u00e1th G. K\u00e1roly (Kv., 1940); Bak\u00f3 Csongor-Istv\u00e1n: R\u00f3mai katolikus K\u00f3rh\u00e1zi lelkigondoz\u00e1s Mv.-en \u2013 t\u00f6rt\u00e9neti \u00e1ttekint\u00e9s (K\u00f6zpont, 1911. j\u00fan. 1\u20137); Ferenczi S\u00e1ndor 2009; Ferenczi S\u00e1ndor 2012; Guly\u00e1s; Gy\u00e1rf\u00e1s Elem\u00e9r: Egyenes \u00faton (Dics\u0151szentm\u00e1rton, 1926); H\u00e1bor\u00fas nevel\u00e9s (Mv., 1943); Id\u0151t\u00e1r 2., 3., 4.; KZST1930; L\u00e9sty\u00e1n Ferenc: Mv. katolikus egyh\u00e1za a kommunista elnyom\u00e1s idej\u00e9n (Kv., 2007); Maros-k\u00fck\u00fcll\u0151i f\u0151esp; Maros megyei t\u00f6rt.; Marosi-KZST; Millenniumi ki\u00e1ll.; Mv. Molter; P\u00e1l-Antal 2003; \u00dcnnepi k\u00f6nyv<\/br><\/p>\n","protected":false},"excerpt":{"rendered":"<p>Kistapolcs\u00e1ny, 1877. \u00e1pr. 30., \u2020 Mv., 1959. okt. 14: ap\u00e1tpl\u00e9b\u00e1nos, f\u0151esperes, p\u00e1pai prel\u00e1tus, egeresi c\u00edmzetes ap\u00e1t, marosi f\u0151esperes, a Steaua Rom\u00e2niei tiszti lovagja. A mv.-i r. k. temet\u0151ben nyugszik. \u2013 Elemi, k\u00f6z\u00e9piskolai \u00e9s teol\u00f3gia tanulm\u00e1nyait Esztergomban v\u00e9gezte. Kispap (1890\u2013), absolutus theologus (1898. j\u00fan.), h\u00e1zi nevel\u0151 a fel\u0151ri Betegh Imre f\u00f6ldbirtokos csal\u00e1dj\u00e1n\u00e1l (1898\u201399). Gyulafeh\u00e9rv\u00e1ron papp\u00e1 szentelt\u00e9k [&hellip;]<\/p>\n","protected":false},"featured_media":0,"comment_status":"open","ping_status":"closed","template":"","meta":[],"product_brand":[],"product_cat":[137],"product_tag":[],"class_list":{"0":"post-10829","1":"product","2":"type-product","3":"status-publish","5":"product_cat-maros-megyei-eletrajzi-lexikon","7":"first","8":"instock","9":"shipping-taxable","10":"product-type-simple"},"_links":{"self":[{"href":"https:\/\/uj.adatbank.ro\/lexikon\/wp-json\/wp\/v2\/product\/10829","targetHints":{"allow":["GET"]}}],"collection":[{"href":"https:\/\/uj.adatbank.ro\/lexikon\/wp-json\/wp\/v2\/product"}],"about":[{"href":"https:\/\/uj.adatbank.ro\/lexikon\/wp-json\/wp\/v2\/types\/product"}],"replies":[{"embeddable":true,"href":"https:\/\/uj.adatbank.ro\/lexikon\/wp-json\/wp\/v2\/comments?post=10829"}],"wp:attachment":[{"href":"https:\/\/uj.adatbank.ro\/lexikon\/wp-json\/wp\/v2\/media?parent=10829"}],"wp:term":[{"taxonomy":"product_brand","embeddable":true,"href":"https:\/\/uj.adatbank.ro\/lexikon\/wp-json\/wp\/v2\/product_brand?post=10829"},{"taxonomy":"product_cat","embeddable":true,"href":"https:\/\/uj.adatbank.ro\/lexikon\/wp-json\/wp\/v2\/product_cat?post=10829"},{"taxonomy":"product_tag","embeddable":true,"href":"https:\/\/uj.adatbank.ro\/lexikon\/wp-json\/wp\/v2\/product_tag?post=10829"}],"curies":[{"name":"wp","href":"https:\/\/api.w.org\/{rel}","templated":true}]}}

JAROSS Béla

<p>Kistapolcsány, 1877. ápr. 30., † Mv., 1959. okt. 14: apátplébános, főesperes, pápai prelátus, egeresi címzetes apát, marosi főesperes, a Steaua României tiszti lovagja. A mv.-i r. k. temetőben nyugszik. – Elemi, középiskolai és teológia tanulmányait Esztergomban végezte. Kispap (1890–), absolutus theologus (1898. jún.), házi nevelő a felőri Betegh Imre földbirtokos családjánál (1898–99). Gyulafehérváron pappá szentelték (1900. júl. 2.) és ettől kezdve élete végéig Mv.-en tevékenykedett. Mv.-en káplán és zárdai hitoktató (1900–08), főgimn.-i vallástanár (1908–19), közben félévg a fiúnevelő intézet aligazgatója. A r. k. elemi és polgári leányiskola igazgatóhelyettese, majd igazgatója (1910–20). Mv.-i plébános, marosi főesperes, főgimn.-i püspöki biztos (1920. jan. 1. – 1959), újjászervezte az I. vh. alatt megrongálódott plébániát, küzdött az iskolákért és intézményekért. Megindult Mv.-en a Nagybányáról áthelyezett rendi noviciátus első tanéve (1927. aug. 27.), ez lett a minorita rend Mv. -re való visszatérése. A politikai életben is szerepet vállalt: városi tanácsos (1923–32), az OMP mv.-i tagozatának elnöke (1928. dec. 26. – 1931. máj.). Egeresi címzetes apát méltóságot kapott (1922–) és XI. Pius pápától prelátusi kinevezést (1936). A KZST rendes tagja (1929). A M. Rendfenntartó Bizottság tagja (1940. aug.). d Díszbeszéddel köszöntötte Horthy Miklós kormányzót és feleségét (1940. szept. 10.). A városban maradt (1944) vicarius generalisként rendelkezett a visszatérő papsággal, tanárokkal, tanítókkal, az iskolákkal. Elítélte a kommunista rendszer kezdeményezte békepapi mozgalmat. A securitate megfigyeltette tevékenységét (1950 k. –). Az állam átszabta az esperesi kerületeket, a politikai-közigazgatási egységek rendszeréhez igazítva, így Mv. -hez került a dicsőszentmártoni, az erdőszentgyörgyi, a ludasi és a mv.-i rajon összes plébániája (1951. júl.), esperesi vezetésével. Fizetett szabadsággal eltávolították az esperesség éléről (1952. dec.). Leváltották, megalázták a békepapi mozgalom idején (1950–), nyugdíjba kényszerítették (1953. jan. 1.) és püspöki engedély nélkül helyébe kinevezték Kajcsa Ferencet. Márton Áron püspök visszahelyezte főesperes-plébánosi hivatalába (1956. jan. 1.), haláláig végezte feladatát és kinevezte mellé Léstyán Ferencet helyettes plébánosnak. Cikkeit közölte az: Erdélyi Oltáregyes. Lapja, mv.-i R. K. Főgimn. Értesítője (1905–06), a Mv.-i R. K. Elemi és Polgári Leányiskola Értesítője (1914–16). A Steaua României tiszti rendjével tüntették ki (1923). A középkori korpusszal ékesített apáti békekeresztje (1933), a mv.-i főtéri Keresztelő Szent János plébániatemplom Egyházművészeti múzeumába található. – <strong>F. m.:</strong> Emlékek a mv.-i r. k. egyházkösség múltjából: A hitújítás előtti korszak (Tg. M., 1937); <strong>társsz.:</strong> Kovács Ferenc (1837–1899)  =  Erdélyi katolikus nagyok. (Kv., 1941). <br /><strong>Irod.:</strong> Barabás Kisanna. 2009; Bartos 2012; Berekméri 2015; Bernády; Bíró Vencel: Székhelyi gr. Mailáth G. Károly (Kv., 1940); Bakó Csongor-István: Római katolikus Kórházi lelkigondozás Mv.-en – történeti áttekintés (Központ, 1911. jún. 1–7); Ferenczi Sándor 2009; Ferenczi Sándor 2012; Gulyás; Gyárfás Elemér: Egyenes úton (Dicsőszentmárton, 1926); Háborús nevelés (Mv., 1943); Időtár 2., 3., 4.; KZST1930; Léstyán Ferenc: Mv. katolikus egyháza a kommunista elnyomás idején (Kv., 2007); Maros-küküllői főesp; Maros megyei tört.; Marosi-KZST; Millenniumi kiáll.; Mv. Molter; Pál-Antal 2003; Ünnepi könyv</br></p>

<p>Kistapolcsány, 1877. ápr. 30., † Mv., 1959. okt. 14: apátplébános, főesperes, pápai prelátus, egeresi címzetes apát, marosi főesperes, a Steaua României tiszti lovagja. A mv.-i r. k. temetőben nyugszik. – Elemi, középiskolai és teológia tanulmányait Esztergomban végezte. Kispap (1890–), absolutus theologus (1898. jún.), házi nevelő a felőri Betegh Imre földbirtokos családjánál (1898–99). Gyulafehérváron pappá szentelték [&hellip;]</p>
