{"id":10832,"date":"2025-06-29T13:32:56","date_gmt":"2025-06-29T11:32:56","guid":{"rendered":"https:\/\/uj.adatbank.ro\/lexikon\/termek\/jaszberenyi-emese-kozma-matyasne\/"},"modified":"2025-06-29T13:32:56","modified_gmt":"2025-06-29T11:32:56","slug":"jaszberenyi-emese-kozma-matyasne","status":"publish","type":"product","link":"https:\/\/uj.adatbank.ro\/lexikon\/termek\/jaszberenyi-emese-kozma-matyasne\/","title":{"rendered":"J\u00c1SZBER\u00c9NYI Emese KOZMA M\u00e1ty\u00e1sn\u00e9"},"content":{"rendered":"<p>Dics\u0151szentm\u00e1rton, 1940. j\u00fan. 7., \u2020 Mv., 2017. \u00e1pr.: 6, : temet\u00e9se \u00e1pr. 10. a ref. temet\u0151ben: r\u00e1di\u00f3s szerkeszt\u0151, \u00fajs\u00e1g\u00edr\u00f3. \u2013 J\u00e1szber\u00e9nyi J\u00e1nos -matematikatan\u00e1r \u00e9s G\u00e1sp\u00e1r Margit le\u00e1nya. Testv\u00e9re: Gy\u00f6ngyv\u00e9r. Kozma M\u00e1ty\u00e1s, zeneszerz\u0151 \u00f6zvegye, le\u00e1nyuk: \u00c1gnes (1968\u2013). \u2013 K\u00f6z\u00e9piskolai tanulm\u00e1nyait Mv.-en a 2. sz. Le\u00e1nyl\u00edc.-ban (Unirea) v\u00e9gezte, Kv.-on a Babe\u0219-Bolyai TE magyar nyelv \u00e9s irodalom szak\u00e1n szerzett tan\u00e1ri oklevelet. (1962). A Mv.-i Ter\u00fcleti R\u00e1di\u00f3studi\u00f3 riportere, a Fiatalok hirad\u00f3j\u00e1t szerkesztette (1962\u2013), k\u00f6vetkezett a kult\u00faroszt\u00e1ly, ahol a Szerkessz\u00fck egy\u00fctt c. t\u00f6bb sz\u00e1z besz\u00e9lget\u00e9st k\u00e9sz\u00edtett \u00edr\u00f3kkal, sz\u00edn\u00e9szekkel, zen\u00e9szekkel, k\u00e9pz\u0151m\u0171v\u00e9szekkel (1972\u201385). A helyi r\u00e1di\u00f3kat orsz\u00e1gosan elhallgattat\u00e1k (1988), a ter\u00fcleti st\u00fadi\u00f3 bez\u00e1r\u00e1sa idej\u00e9n a Maros Megyei K\u00f6nyvt\u00e1r Gyermek r\u00e9szleg\u00e9n, mint k\u00f6nyvt\u00e1ros (1985\u201388), az \u00daj \u00c9let szerkeszt\u0151s\u00e9g\u00e9ben (1988\u201390) m\u0171k\u00f6d\u00f6tt. Visszat\u00e9rt a r\u00e1di\u00f3 szerkeszt\u0151s\u00e9g\u00e9be, vezet\u0151i beoszt\u00e1sban: szerkeszt\u0151s\u00e9gi f\u0151titk\u00e1r, a magyar r\u00e9szleg vezet\u0151je nyugd\u00edjaz\u00e1s\u00e1ig (1991\u20132000), tan\u00e1csad\u00f3 (2006-ig). A Kil\u00e1t\u00f3 c. irodalmi \u00e9s m\u0171v\u00e9szeti napl\u00f3 szerkeszt\u0151je. Kilenc alkalommal nyilv\u00e1nos r\u00e1di\u00f3kabar\u00e9t szerkesztett. Az erd\u00e9lyi \u00edr\u00f3k m\u0171veit r\u00e1di\u00f3s v\u00e1ltozatt\u00e1 \u00fcltette \u00e1t: M\u00e1rki Zolt\u00e1n. A tavasz nem hasonlit semmihez (1971), Francisc Munteanu: Szi\u00e9nai f\u00f6ld (1971). A visszaker\u00fcltekor siker\u00fclt megmenteni a Jilav\u00e1b\u00f3l kimentett kb. ezer aranyszalagot. Az aranyszalagt\u00e1rat felhaszn\u00e1lva Aranyhangok c. t\u00edz kazett\u00e1t adott ki. (1996\u2013). \u00c9let\u00e9nek 77 esztend\u0151j\u00e9b\u0151l 55 \u00e9vet a r\u00e1di\u00f3nak szentelt. \u2013 Fm.: Sz\u00f3l a r\u00e1di\u00f3 \u2013 a Marosv\u00e1s\u00e1rhelyi R\u00e1di\u00f3 40 \u00e9ve (Cs\u00edkszereda, 1998). D\u00edjazt\u00e1k: Janovics Jen\u0151-d\u00edj (2001); EMKE; N\u00edv\u00f3d\u00edj M\u00daRE (2008). <br \/><strong>Irod.:<\/strong> EMKK2000, EMKK2010; Nagy Mikl\u00f3s Kund: Hangja ma is f\u00fcl\u00fcnkbe cseng (N\u00fa., 2017. \u00e1pr. 15); Nekrol\u00f3g (N\u00fa., 2017. \u00e1pr. 7.); RMIL, Tal\u00e1lkoz\u00e1sok Eur\u00f3p\u00e1val: Bornemisza P\u00e9ter T\u00e1rsas\u00e1g (1960\u20131995)(Bp., 1995)<\/br><\/p>\n","protected":false},"excerpt":{"rendered":"<p>Dics\u0151szentm\u00e1rton, 1940. j\u00fan. 7., \u2020 Mv., 2017. \u00e1pr.: 6, : temet\u00e9se \u00e1pr. 10. a ref. temet\u0151ben: r\u00e1di\u00f3s szerkeszt\u0151, \u00fajs\u00e1g\u00edr\u00f3. \u2013 J\u00e1szber\u00e9nyi J\u00e1nos -matematikatan\u00e1r \u00e9s G\u00e1sp\u00e1r Margit le\u00e1nya. Testv\u00e9re: Gy\u00f6ngyv\u00e9r. Kozma M\u00e1ty\u00e1s, zeneszerz\u0151 \u00f6zvegye, le\u00e1nyuk: \u00c1gnes (1968\u2013). \u2013 K\u00f6z\u00e9piskolai tanulm\u00e1nyait Mv.-en a 2. sz. Le\u00e1nyl\u00edc.-ban (Unirea) v\u00e9gezte, Kv.-on a Babe\u0219-Bolyai TE magyar nyelv \u00e9s irodalom szak\u00e1n [&hellip;]<\/p>\n","protected":false},"featured_media":0,"comment_status":"open","ping_status":"closed","template":"","meta":[],"product_brand":[],"product_cat":[137],"product_tag":[],"class_list":{"0":"post-10832","1":"product","2":"type-product","3":"status-publish","5":"product_cat-maros-megyei-eletrajzi-lexikon","7":"first","8":"instock","9":"shipping-taxable","10":"product-type-simple"},"_links":{"self":[{"href":"https:\/\/uj.adatbank.ro\/lexikon\/wp-json\/wp\/v2\/product\/10832","targetHints":{"allow":["GET"]}}],"collection":[{"href":"https:\/\/uj.adatbank.ro\/lexikon\/wp-json\/wp\/v2\/product"}],"about":[{"href":"https:\/\/uj.adatbank.ro\/lexikon\/wp-json\/wp\/v2\/types\/product"}],"replies":[{"embeddable":true,"href":"https:\/\/uj.adatbank.ro\/lexikon\/wp-json\/wp\/v2\/comments?post=10832"}],"wp:attachment":[{"href":"https:\/\/uj.adatbank.ro\/lexikon\/wp-json\/wp\/v2\/media?parent=10832"}],"wp:term":[{"taxonomy":"product_brand","embeddable":true,"href":"https:\/\/uj.adatbank.ro\/lexikon\/wp-json\/wp\/v2\/product_brand?post=10832"},{"taxonomy":"product_cat","embeddable":true,"href":"https:\/\/uj.adatbank.ro\/lexikon\/wp-json\/wp\/v2\/product_cat?post=10832"},{"taxonomy":"product_tag","embeddable":true,"href":"https:\/\/uj.adatbank.ro\/lexikon\/wp-json\/wp\/v2\/product_tag?post=10832"}],"curies":[{"name":"wp","href":"https:\/\/api.w.org\/{rel}","templated":true}]}}

JÁSZBERÉNYI Emese KOZMA Mátyásné

<p>Dicsőszentmárton, 1940. jún. 7., † Mv., 2017. ápr.: 6, : temetése ápr. 10. a ref. temetőben: rádiós szerkesztő, újságíró. – Jászberényi János -matematikatanár és Gáspár Margit leánya. Testvére: Gyöngyvér. Kozma Mátyás, zeneszerző özvegye, leányuk: Ágnes (1968–). – Középiskolai tanulmányait Mv.-en a 2. sz. Leánylíc.-ban (Unirea) végezte, Kv.-on a Babeș-Bolyai TE magyar nyelv és irodalom szakán szerzett tanári oklevelet. (1962). A Mv.-i Területi Rádióstudió riportere, a Fiatalok hiradóját szerkesztette (1962–), következett a kultúrosztály, ahol a Szerkesszük együtt c. több száz beszélgetést készített írókkal, színészekkel, zenészekkel, képzőművészekkel (1972–85). A helyi rádiókat országosan elhallgattaták (1988), a területi stúdió bezárása idején a Maros Megyei Könyvtár Gyermek részlegén, mint könyvtáros (1985–88), az Új Élet szerkesztőségében (1988–90) működött. Visszatért a rádió szerkesztőségébe, vezetői beosztásban: szerkesztőségi főtitkár, a magyar részleg vezetője nyugdíjazásáig (1991–2000), tanácsadó (2006-ig). A Kilátó c. irodalmi és művészeti napló szerkesztője. Kilenc alkalommal nyilvános rádiókabarét szerkesztett. Az erdélyi írók műveit rádiós változattá ültette át: Márki Zoltán. A tavasz nem hasonlit semmihez (1971), Francisc Munteanu: Sziénai föld (1971). A visszakerültekor sikerült megmenteni a Jilavából kimentett kb. ezer aranyszalagot. Az aranyszalagtárat felhasználva Aranyhangok c. tíz kazettát adott ki. (1996–). Életének 77 esztendőjéből 55 évet a rádiónak szentelt. – Fm.: Szól a rádió – a Marosvásárhelyi Rádió 40 éve (Csíkszereda, 1998). Díjazták: Janovics Jenő-díj (2001); EMKE; Nívódíj MÚRE (2008). <br /><strong>Irod.:</strong> EMKK2000, EMKK2010; Nagy Miklós Kund: Hangja ma is fülünkbe cseng (Nú., 2017. ápr. 15); Nekrológ (Nú., 2017. ápr. 7.); RMIL, Találkozások Európával: Bornemisza Péter Társaság (1960–1995)(Bp., 1995)</br></p>

<p>Dicsőszentmárton, 1940. jún. 7., † Mv., 2017. ápr.: 6, : temetése ápr. 10. a ref. temetőben: rádiós szerkesztő, újságíró. – Jászberényi János -matematikatanár és Gáspár Margit leánya. Testvére: Gyöngyvér. Kozma Mátyás, zeneszerző özvegye, leányuk: Ágnes (1968–). – Középiskolai tanulmányait Mv.-en a 2. sz. Leánylíc.-ban (Unirea) végezte, Kv.-on a Babeș-Bolyai TE magyar nyelv és irodalom szakán [&hellip;]</p>
