{"id":10834,"date":"2025-06-29T13:32:58","date_gmt":"2025-06-29T11:32:58","guid":{"rendered":"https:\/\/uj.adatbank.ro\/lexikon\/termek\/jaszberenyi-pal\/"},"modified":"2025-06-29T13:32:58","modified_gmt":"2025-06-29T11:32:58","slug":"jaszberenyi-pal","status":"publish","type":"product","link":"https:\/\/uj.adatbank.ro\/lexikon\/termek\/jaszberenyi-pal\/","title":{"rendered":"J\u00c1SZBER\u00c9NYI P\u00e1l"},"content":{"rendered":"<p>? \u2020 1678.: tan\u00edt\u00f3. \u2013 J. M\u00e1ty\u00e1s fia. \u2013 I. R\u00e1k\u00f3czi Ferenc \u00e9s Bethlen Mikl\u00f3s nevel\u0151je (1653\u2013). Hollandi\u00e1ban tanult (1657\u2013). Londonban nyitott mag\u00e1niskol\u00e1t az el\u0151kel\u0151 k\u00f6r\u00f6k gyermekei sz\u00e1m\u00e1ra. <br \/><strong>Irod.:<\/strong> Erd\u00e9lyi f\u00e9niks<\/br><\/p>\n","protected":false},"excerpt":{"rendered":"<p>? \u2020 1678.: tan\u00edt\u00f3. \u2013 J. M\u00e1ty\u00e1s fia. \u2013 I. R\u00e1k\u00f3czi Ferenc \u00e9s Bethlen Mikl\u00f3s nevel\u0151je (1653\u2013). Hollandi\u00e1ban tanult (1657\u2013). Londonban nyitott mag\u00e1niskol\u00e1t az el\u0151kel\u0151 k\u00f6r\u00f6k gyermekei sz\u00e1m\u00e1ra. Irod.: Erd\u00e9lyi f\u00e9niks<\/p>\n","protected":false},"featured_media":0,"comment_status":"open","ping_status":"closed","template":"","meta":[],"product_brand":[],"product_cat":[137],"product_tag":[],"class_list":{"0":"post-10834","1":"product","2":"type-product","3":"status-publish","5":"product_cat-maros-megyei-eletrajzi-lexikon","7":"first","8":"instock","9":"shipping-taxable","10":"product-type-simple"},"_links":{"self":[{"href":"https:\/\/uj.adatbank.ro\/lexikon\/wp-json\/wp\/v2\/product\/10834","targetHints":{"allow":["GET"]}}],"collection":[{"href":"https:\/\/uj.adatbank.ro\/lexikon\/wp-json\/wp\/v2\/product"}],"about":[{"href":"https:\/\/uj.adatbank.ro\/lexikon\/wp-json\/wp\/v2\/types\/product"}],"replies":[{"embeddable":true,"href":"https:\/\/uj.adatbank.ro\/lexikon\/wp-json\/wp\/v2\/comments?post=10834"}],"wp:attachment":[{"href":"https:\/\/uj.adatbank.ro\/lexikon\/wp-json\/wp\/v2\/media?parent=10834"}],"wp:term":[{"taxonomy":"product_brand","embeddable":true,"href":"https:\/\/uj.adatbank.ro\/lexikon\/wp-json\/wp\/v2\/product_brand?post=10834"},{"taxonomy":"product_cat","embeddable":true,"href":"https:\/\/uj.adatbank.ro\/lexikon\/wp-json\/wp\/v2\/product_cat?post=10834"},{"taxonomy":"product_tag","embeddable":true,"href":"https:\/\/uj.adatbank.ro\/lexikon\/wp-json\/wp\/v2\/product_tag?post=10834"}],"curies":[{"name":"wp","href":"https:\/\/api.w.org\/{rel}","templated":true}]}}