{"id":10835,"date":"2025-06-29T13:33:01","date_gmt":"2025-06-29T11:33:01","guid":{"rendered":"https:\/\/uj.adatbank.ro\/lexikon\/termek\/javor-erno-wallandt-erno\/"},"modified":"2025-06-29T13:33:01","modified_gmt":"2025-06-29T11:33:01","slug":"javor-erno-wallandt-erno","status":"publish","type":"product","link":"https:\/\/uj.adatbank.ro\/lexikon\/termek\/javor-erno-wallandt-erno\/","title":{"rendered":"J\u00c1VOR Ern\u0151, Wallandt Ern\u0151"},"content":{"rendered":"<p>Ny\u00e1r\u00e1dszereda, 1898. jan. 6., \u2020\u00a0?: f\u0151jegyz\u0151, szerk. \u2013 K\u00f6z\u00e9piskol\u00e1it \u00e9s a jogot Egerben v\u00e9gezte, a szegedi egyetemen doktor\u00e1lt. Heves megye szolg\u00e1lat\u00e1ba l\u00e9pett (1921\u2013), f\u0151jegyz\u0151 lett (1938\u2013). <strong>Cikkei:<\/strong> A V\u00e1rmegye c. lapban; az Egri N\u00e9p\u00fajs\u00e1g s. szerk. \u00e9s a M. Sz\u00f3 napilap h. fel. szerk.-je. Mv.-en vm.-i f\u0151jegyz\u0151. A kv.-i N\u00e9pb\u00edr\u00f3s\u00e1g el\u0151tti egyik per v\u00e1dlottja, amiben h\u00e1bor\u00fas b\u0171n\u00f6kkel \u00e9s a n\u00e9metekkel val\u00f3 egy\u00fcttm\u0171k\u00f6d\u00e9ssel v\u00e1dolt\u00e1k t\u00f6bbedmag\u00e1val (1946. m\u00e1rc. -j\u00fan.), de ismeretlen helyen tart\u00f3zkodott. <br \/><strong>Irod.:<\/strong> Guly\u00e1s, Id\u0151t\u00e1r 3., 4.<\/br><\/p>\n","protected":false},"excerpt":{"rendered":"<p>Ny\u00e1r\u00e1dszereda, 1898. jan. 6., \u2020\u00a0?: f\u0151jegyz\u0151, szerk. \u2013 K\u00f6z\u00e9piskol\u00e1it \u00e9s a jogot Egerben v\u00e9gezte, a szegedi egyetemen doktor\u00e1lt. Heves megye szolg\u00e1lat\u00e1ba l\u00e9pett (1921\u2013), f\u0151jegyz\u0151 lett (1938\u2013). Cikkei: A V\u00e1rmegye c. lapban; az Egri N\u00e9p\u00fajs\u00e1g s. szerk. \u00e9s a M. Sz\u00f3 napilap h. fel. szerk.-je. Mv.-en vm.-i f\u0151jegyz\u0151. A kv.-i N\u00e9pb\u00edr\u00f3s\u00e1g el\u0151tti egyik per v\u00e1dlottja, amiben [&hellip;]<\/p>\n","protected":false},"featured_media":0,"comment_status":"open","ping_status":"closed","template":"","meta":[],"product_brand":[],"product_cat":[137],"product_tag":[],"class_list":{"0":"post-10835","1":"product","2":"type-product","3":"status-publish","5":"product_cat-maros-megyei-eletrajzi-lexikon","7":"first","8":"instock","9":"shipping-taxable","10":"product-type-simple"},"_links":{"self":[{"href":"https:\/\/uj.adatbank.ro\/lexikon\/wp-json\/wp\/v2\/product\/10835","targetHints":{"allow":["GET"]}}],"collection":[{"href":"https:\/\/uj.adatbank.ro\/lexikon\/wp-json\/wp\/v2\/product"}],"about":[{"href":"https:\/\/uj.adatbank.ro\/lexikon\/wp-json\/wp\/v2\/types\/product"}],"replies":[{"embeddable":true,"href":"https:\/\/uj.adatbank.ro\/lexikon\/wp-json\/wp\/v2\/comments?post=10835"}],"wp:attachment":[{"href":"https:\/\/uj.adatbank.ro\/lexikon\/wp-json\/wp\/v2\/media?parent=10835"}],"wp:term":[{"taxonomy":"product_brand","embeddable":true,"href":"https:\/\/uj.adatbank.ro\/lexikon\/wp-json\/wp\/v2\/product_brand?post=10835"},{"taxonomy":"product_cat","embeddable":true,"href":"https:\/\/uj.adatbank.ro\/lexikon\/wp-json\/wp\/v2\/product_cat?post=10835"},{"taxonomy":"product_tag","embeddable":true,"href":"https:\/\/uj.adatbank.ro\/lexikon\/wp-json\/wp\/v2\/product_tag?post=10835"}],"curies":[{"name":"wp","href":"https:\/\/api.w.org\/{rel}","templated":true}]}}

JÁVOR Ernő, Wallandt Ernő

<p>Nyárádszereda, 1898. jan. 6., † ?: főjegyző, szerk. – Középiskoláit és a jogot Egerben végezte, a szegedi egyetemen doktorált. Heves megye szolgálatába lépett (1921–), főjegyző lett (1938–). <strong>Cikkei:</strong> A Vármegye c. lapban; az Egri Népújság s. szerk. és a M. Szó napilap h. fel. szerk.-je. Mv.-en vm.-i főjegyző. A kv.-i Népbíróság előtti egyik per vádlottja, amiben háborús bűnökkel és a németekkel való együttműködéssel vádolták többedmagával (1946. márc. -jún.), de ismeretlen helyen tartózkodott. <br /><strong>Irod.:</strong> Gulyás, Időtár 3., 4.</br></p>

<p>Nyárádszereda, 1898. jan. 6., † ?: főjegyző, szerk. – Középiskoláit és a jogot Egerben végezte, a szegedi egyetemen doktorált. Heves megye szolgálatába lépett (1921–), főjegyző lett (1938–). Cikkei: A Vármegye c. lapban; az Egri Népújság s. szerk. és a M. Szó napilap h. fel. szerk.-je. Mv.-en vm.-i főjegyző. A kv.-i Népbíróság előtti egyik per vádlottja, amiben [&hellip;]</p>
