{"id":10837,"date":"2025-06-29T13:33:05","date_gmt":"2025-06-29T11:33:05","guid":{"rendered":"https:\/\/uj.adatbank.ro\/lexikon\/termek\/jeddi-pal\/"},"modified":"2025-06-29T13:33:05","modified_gmt":"2025-06-29T11:33:05","slug":"jeddi-pal","status":"publish","type":"product","link":"https:\/\/uj.adatbank.ro\/lexikon\/termek\/jeddi-pal\/","title":{"rendered":"JEDDI P\u00e1l"},"content":{"rendered":"<p>? \u2020 ?: primipilus. \u2013 R\u00e9gi sz\u00e9kelycsal\u00e1d tagja, mint primipilus lustr\u00e1lt Jedden (1614), lesz\u00e1rmaz\u00f3i P\u00e9ter nemeslevelet nyert I. Lip\u00f3t kir\u00e1lyt\u00f3l \u00e9s Tam\u00e1s, mint t\u00e1bornok kapott nemeslevelet I. R\u00e1k\u00f3czi Gy\u00f6rgyt\u0151l (1640). <br \/><strong>Irod.:<\/strong> P\u00e1lmay<\/br><\/p>\n","protected":false},"excerpt":{"rendered":"<p>? \u2020 ?: primipilus. \u2013 R\u00e9gi sz\u00e9kelycsal\u00e1d tagja, mint primipilus lustr\u00e1lt Jedden (1614), lesz\u00e1rmaz\u00f3i P\u00e9ter nemeslevelet nyert I. Lip\u00f3t kir\u00e1lyt\u00f3l \u00e9s Tam\u00e1s, mint t\u00e1bornok kapott nemeslevelet I. R\u00e1k\u00f3czi Gy\u00f6rgyt\u0151l (1640). Irod.: P\u00e1lmay<\/p>\n","protected":false},"featured_media":0,"comment_status":"open","ping_status":"closed","template":"","meta":[],"product_brand":[],"product_cat":[137],"product_tag":[],"class_list":{"0":"post-10837","1":"product","2":"type-product","3":"status-publish","5":"product_cat-maros-megyei-eletrajzi-lexikon","7":"first","8":"instock","9":"shipping-taxable","10":"product-type-simple"},"_links":{"self":[{"href":"https:\/\/uj.adatbank.ro\/lexikon\/wp-json\/wp\/v2\/product\/10837","targetHints":{"allow":["GET"]}}],"collection":[{"href":"https:\/\/uj.adatbank.ro\/lexikon\/wp-json\/wp\/v2\/product"}],"about":[{"href":"https:\/\/uj.adatbank.ro\/lexikon\/wp-json\/wp\/v2\/types\/product"}],"replies":[{"embeddable":true,"href":"https:\/\/uj.adatbank.ro\/lexikon\/wp-json\/wp\/v2\/comments?post=10837"}],"wp:attachment":[{"href":"https:\/\/uj.adatbank.ro\/lexikon\/wp-json\/wp\/v2\/media?parent=10837"}],"wp:term":[{"taxonomy":"product_brand","embeddable":true,"href":"https:\/\/uj.adatbank.ro\/lexikon\/wp-json\/wp\/v2\/product_brand?post=10837"},{"taxonomy":"product_cat","embeddable":true,"href":"https:\/\/uj.adatbank.ro\/lexikon\/wp-json\/wp\/v2\/product_cat?post=10837"},{"taxonomy":"product_tag","embeddable":true,"href":"https:\/\/uj.adatbank.ro\/lexikon\/wp-json\/wp\/v2\/product_tag?post=10837"}],"curies":[{"name":"wp","href":"https:\/\/api.w.org\/{rel}","templated":true}]}}