{"id":10838,"date":"2025-06-29T13:33:06","date_gmt":"2025-06-29T11:33:06","guid":{"rendered":"https:\/\/uj.adatbank.ro\/lexikon\/termek\/jeddy-sandor-jeddi-sandor\/"},"modified":"2025-06-29T13:33:06","modified_gmt":"2025-06-29T11:33:06","slug":"jeddy-sandor-jeddi-sandor","status":"publish","type":"product","link":"https:\/\/uj.adatbank.ro\/lexikon\/termek\/jeddy-sandor-jeddi-sandor\/","title":{"rendered":"JEDDY S\u00e1ndor \/ Jeddi S\u00e1ndor"},"content":{"rendered":"<p>Mv., 1890. m\u00e1rc. 6., \u2020 Mv., 1949. jan. 24.: iparm\u0171v\u00e9sz, b\u00fatortervez\u0151, grafikus, fest\u0151. Rendfokozata: tartal\u00e9kos honv\u00e9d, vit\u00e9z (avat\u00e1sa: 1943. j\u00fan. 11. \u2013 Testv\u00e9re: Jeddi Lajos. \u2013 Iparm\u0171v\u00e9szeti f\u0151iskol\u00e1t v\u00e9gzett, Bp.-en; egy \u00e9vig P\u00e1rizsban tanult, Kozma iparm\u0171v\u00e9sz tan\u00edtv\u00e1nya volt. Tan\u00edtott Marosi T\u00edm\u00e1r J\u00e1nos fest\u0151iskol\u00e1j\u00e1ban. Buk.-ben \u00e9lt. F\u0151k\u00e9nt sz\u00e9kely n\u00e9pm\u0171v\u00e9szeti motivumokkal dolgozott, Erd\u00e9ly egyik legismertebb m\u0171b\u00fator tervez\u0151je. Eredeti terveib\u0151l sok ker\u00fclt kivitelre, t\u00f6bbnyire mag\u00e1n k\u00e9zbe, de v\u00e1rosok \u00e9s k\u00f6zint\u00e9zm\u00e9nyek birtok\u00e1ba is. B\u00fatorokat tervezett a Sz\u00e9kely \u00e9s R\u00e9ti b\u00fatorgy\u00e1rnak. A Tornakert renov\u00e1l\u00e1sakor a parkot vele terveztett\u00e9k meg (1919). Ki\u00e1ll\u00edtott a Kult\u00farpalot\u00e1ban a helyi m\u0171v\u00e9szek t\u00e9li t\u00e1rlat\u00e1n (1921). Tartal\u00e9kos honv\u00e9d \u2013 <strong>F. m.:<\/strong> ill.: Versek, elbesz\u00e9l\u00e9sek, tanulm\u00e1nyok tizenegy fiatal erd\u00e9lyi \u00edr\u00f3t\u00f3l erd\u00e9lyi m\u0171v\u00e9szek rajzaival (Kv., 1923). <br \/><strong>Irod.:<\/strong> Banner; Berekm\u00e9ri\u2013Nemes; \u00c9ber; Berekm\u00e9ri\u2013Nemes; Id\u0151t\u00e1r 3; Keresztes; KZST1930; Moln\u00e1r; Molter 2.; Osv\u00e1th; \u00d6kr\u00f6s; Sipos; \u00dcnnepi k\u00f6nyv<\/br><\/p>\n","protected":false},"excerpt":{"rendered":"<p>Mv., 1890. m\u00e1rc. 6., \u2020 Mv., 1949. jan. 24.: iparm\u0171v\u00e9sz, b\u00fatortervez\u0151, grafikus, fest\u0151. Rendfokozata: tartal\u00e9kos honv\u00e9d, vit\u00e9z (avat\u00e1sa: 1943. j\u00fan. 11. \u2013 Testv\u00e9re: Jeddi Lajos. \u2013 Iparm\u0171v\u00e9szeti f\u0151iskol\u00e1t v\u00e9gzett, Bp.-en; egy \u00e9vig P\u00e1rizsban tanult, Kozma iparm\u0171v\u00e9sz tan\u00edtv\u00e1nya volt. Tan\u00edtott Marosi T\u00edm\u00e1r J\u00e1nos fest\u0151iskol\u00e1j\u00e1ban. Buk.-ben \u00e9lt. F\u0151k\u00e9nt sz\u00e9kely n\u00e9pm\u0171v\u00e9szeti motivumokkal dolgozott, Erd\u00e9ly egyik legismertebb m\u0171b\u00fator tervez\u0151je. [&hellip;]<\/p>\n","protected":false},"featured_media":0,"comment_status":"open","ping_status":"closed","template":"","meta":[],"product_brand":[],"product_cat":[137],"product_tag":[],"class_list":{"0":"post-10838","1":"product","2":"type-product","3":"status-publish","5":"product_cat-maros-megyei-eletrajzi-lexikon","7":"first","8":"instock","9":"shipping-taxable","10":"product-type-simple"},"_links":{"self":[{"href":"https:\/\/uj.adatbank.ro\/lexikon\/wp-json\/wp\/v2\/product\/10838","targetHints":{"allow":["GET"]}}],"collection":[{"href":"https:\/\/uj.adatbank.ro\/lexikon\/wp-json\/wp\/v2\/product"}],"about":[{"href":"https:\/\/uj.adatbank.ro\/lexikon\/wp-json\/wp\/v2\/types\/product"}],"replies":[{"embeddable":true,"href":"https:\/\/uj.adatbank.ro\/lexikon\/wp-json\/wp\/v2\/comments?post=10838"}],"wp:attachment":[{"href":"https:\/\/uj.adatbank.ro\/lexikon\/wp-json\/wp\/v2\/media?parent=10838"}],"wp:term":[{"taxonomy":"product_brand","embeddable":true,"href":"https:\/\/uj.adatbank.ro\/lexikon\/wp-json\/wp\/v2\/product_brand?post=10838"},{"taxonomy":"product_cat","embeddable":true,"href":"https:\/\/uj.adatbank.ro\/lexikon\/wp-json\/wp\/v2\/product_cat?post=10838"},{"taxonomy":"product_tag","embeddable":true,"href":"https:\/\/uj.adatbank.ro\/lexikon\/wp-json\/wp\/v2\/product_tag?post=10838"}],"curies":[{"name":"wp","href":"https:\/\/api.w.org\/{rel}","templated":true}]}}

JEDDY Sándor / Jeddi Sándor

<p>Mv., 1890. márc. 6., † Mv., 1949. jan. 24.: iparművész, bútortervező, grafikus, festő. Rendfokozata: tartalékos honvéd, vitéz (avatása: 1943. jún. 11. – Testvére: Jeddi Lajos. – Iparművészeti főiskolát végzett, Bp.-en; egy évig Párizsban tanult, Kozma iparművész tanítványa volt. Tanított Marosi Tímár János festőiskolájában. Buk.-ben élt. Főként székely népművészeti motivumokkal dolgozott, Erdély egyik legismertebb műbútor tervezője. Eredeti terveiből sok került kivitelre, többnyire magán kézbe, de városok és közintézmények birtokába is. Bútorokat tervezett a Székely és Réti bútorgyárnak. A Tornakert renoválásakor a parkot vele terveztették meg (1919). Kiállított a Kultúrpalotában a helyi művészek téli tárlatán (1921). Tartalékos honvéd – <strong>F. m.:</strong> ill.: Versek, elbeszélések, tanulmányok tizenegy fiatal erdélyi írótól erdélyi művészek rajzaival (Kv., 1923). <br /><strong>Irod.:</strong> Banner; Berekméri–Nemes; Éber; Berekméri–Nemes; Időtár 3; Keresztes; KZST1930; Molnár; Molter 2.; Osváth; Ökrös; Sipos; Ünnepi könyv</br></p>

<p>Mv., 1890. márc. 6., † Mv., 1949. jan. 24.: iparművész, bútortervező, grafikus, festő. Rendfokozata: tartalékos honvéd, vitéz (avatása: 1943. jún. 11. – Testvére: Jeddi Lajos. – Iparművészeti főiskolát végzett, Bp.-en; egy évig Párizsban tanult, Kozma iparművész tanítványa volt. Tanított Marosi Tímár János festőiskolájában. Buk.-ben élt. Főként székely népművészeti motivumokkal dolgozott, Erdély egyik legismertebb műbútor tervezője. [&hellip;]</p>
