{"id":10841,"date":"2025-06-29T13:33:13","date_gmt":"2025-06-29T11:33:13","guid":{"rendered":"https:\/\/uj.adatbank.ro\/lexikon\/termek\/jekeli-samuel\/"},"modified":"2025-06-29T13:33:13","modified_gmt":"2025-06-29T11:33:13","slug":"jekeli-samuel","status":"publish","type":"product","link":"https:\/\/uj.adatbank.ro\/lexikon\/termek\/jekeli-samuel\/","title":{"rendered":"J\u00c9KELI S\u00e1muel"},"content":{"rendered":"<p>1789.?, \u2020\u00a0Mv., 1861. aug. 1.: erd\u0151m\u00e9rn\u00f6k. \u2013 Feles\u00e9ge: Henning Erzs\u00e9bet. Gyermekeik: J. Luiza Kimmel K\u00e1rolyn\u00e9; K\u00e1roly; Laura; Eliz. \u2013 Huzamos ideig volt Marossz\u00e9k, Mv., majd a g\u00f6rg\u00e9nyi uradalomnak erd\u00e9sze. A megkezd\u0151d\u00f6tt erd\u0151felm\u00e9r\u00e9si munk\u00e1latok ir\u00e1ny\u00edt\u00f3ja (1824), a v\u00e1rost\u00f3l seg\u00e9dmunk\u00e1sokat k\u00e9rt. Az erd\u0151ket sz\u00e1z t\u00e1bl\u00e1ra osztotta \u00e9s \u00e9vente egy \u2013egy \u00e1bla kitermel\u00e9s\u00e9t ir\u00e1nyozta el\u0151. <br \/><strong>Irod.:<\/strong> Benk\u0151 K; Gy\u00e1szjelent\u0151; Id\u0151t\u00e1r 1; K\u00e1d\u00e1r \u2013 P\u00e1l-Antal; P\u00e1l-Antal 2009<\/br><\/p>\n","protected":false},"excerpt":{"rendered":"<p>1789.?, \u2020\u00a0Mv., 1861. aug. 1.: erd\u0151m\u00e9rn\u00f6k. \u2013 Feles\u00e9ge: Henning Erzs\u00e9bet. Gyermekeik: J. Luiza Kimmel K\u00e1rolyn\u00e9; K\u00e1roly; Laura; Eliz. \u2013 Huzamos ideig volt Marossz\u00e9k, Mv., majd a g\u00f6rg\u00e9nyi uradalomnak erd\u00e9sze. A megkezd\u0151d\u00f6tt erd\u0151felm\u00e9r\u00e9si munk\u00e1latok ir\u00e1ny\u00edt\u00f3ja (1824), a v\u00e1rost\u00f3l seg\u00e9dmunk\u00e1sokat k\u00e9rt. Az erd\u0151ket sz\u00e1z t\u00e1bl\u00e1ra osztotta \u00e9s \u00e9vente egy \u2013egy \u00e1bla kitermel\u00e9s\u00e9t ir\u00e1nyozta el\u0151. Irod.: Benk\u0151 K; [&hellip;]<\/p>\n","protected":false},"featured_media":0,"comment_status":"open","ping_status":"closed","template":"","meta":[],"product_brand":[],"product_cat":[137],"product_tag":[],"class_list":{"0":"post-10841","1":"product","2":"type-product","3":"status-publish","5":"product_cat-maros-megyei-eletrajzi-lexikon","7":"first","8":"instock","9":"shipping-taxable","10":"product-type-simple"},"_links":{"self":[{"href":"https:\/\/uj.adatbank.ro\/lexikon\/wp-json\/wp\/v2\/product\/10841","targetHints":{"allow":["GET"]}}],"collection":[{"href":"https:\/\/uj.adatbank.ro\/lexikon\/wp-json\/wp\/v2\/product"}],"about":[{"href":"https:\/\/uj.adatbank.ro\/lexikon\/wp-json\/wp\/v2\/types\/product"}],"replies":[{"embeddable":true,"href":"https:\/\/uj.adatbank.ro\/lexikon\/wp-json\/wp\/v2\/comments?post=10841"}],"wp:attachment":[{"href":"https:\/\/uj.adatbank.ro\/lexikon\/wp-json\/wp\/v2\/media?parent=10841"}],"wp:term":[{"taxonomy":"product_brand","embeddable":true,"href":"https:\/\/uj.adatbank.ro\/lexikon\/wp-json\/wp\/v2\/product_brand?post=10841"},{"taxonomy":"product_cat","embeddable":true,"href":"https:\/\/uj.adatbank.ro\/lexikon\/wp-json\/wp\/v2\/product_cat?post=10841"},{"taxonomy":"product_tag","embeddable":true,"href":"https:\/\/uj.adatbank.ro\/lexikon\/wp-json\/wp\/v2\/product_tag?post=10841"}],"curies":[{"name":"wp","href":"https:\/\/api.w.org\/{rel}","templated":true}]}}

JÉKELI Sámuel

<p>1789.?, † Mv., 1861. aug. 1.: erdőmérnök. – Felesége: Henning Erzsébet. Gyermekeik: J. Luiza Kimmel Károlyné; Károly; Laura; Eliz. – Huzamos ideig volt Marosszék, Mv., majd a görgényi uradalomnak erdésze. A megkezdődött erdőfelmérési munkálatok irányítója (1824), a várostól segédmunkásokat kért. Az erdőket száz táblára osztotta és évente egy –egy ábla kitermelését irányozta elő. <br /><strong>Irod.:</strong> Benkő K; Gyászjelentő; Időtár 1; Kádár – Pál-Antal; Pál-Antal 2009</br></p>

<p>1789.?, † Mv., 1861. aug. 1.: erdőmérnök. – Felesége: Henning Erzsébet. Gyermekeik: J. Luiza Kimmel Károlyné; Károly; Laura; Eliz. – Huzamos ideig volt Marosszék, Mv., majd a görgényi uradalomnak erdésze. A megkezdődött erdőfelmérési munkálatok irányítója (1824), a várostól segédmunkásokat kért. Az erdőket száz táblára osztotta és évente egy –egy ábla kitermelését irányozta elő. Irod.: Benkő K; [&hellip;]</p>
