{"id":10847,"date":"2025-06-29T13:33:24","date_gmt":"2025-06-29T11:33:24","guid":{"rendered":"https:\/\/uj.adatbank.ro\/lexikon\/termek\/jenei-huba\/"},"modified":"2025-06-29T13:33:24","modified_gmt":"2025-06-29T11:33:24","slug":"jenei-huba","status":"publish","type":"product","link":"https:\/\/uj.adatbank.ro\/lexikon\/termek\/jenei-huba\/","title":{"rendered":"JENEI Huba"},"content":{"rendered":"<p>1926., \u2020 ? : ref. lelk\u00e9sz. \u2013 Seg\u00e9dlelk\u00e9sz Somosdon \u00e9s Sepsiszentgy\u00f6rgy\u00f6n. Helyettes lelk\u00e9sz hossz\u00fafaluban, Mez\u0151b\u00e1ndon, Nagybaconban \u00e9s v\u00e9g\u00fcl Uzdiszentp\u00e9teren \u00e9s Tuzson le\u00e1nyegyh\u00e1zk\u00f6zs\u00e9gben fejezte be. Magyarorsz\u00e1gra t\u00e1vozott. A mv.-i ref. temet\u0151ben nyugszik. <br \/><strong>Irod.:<\/strong> Cs\u00e1ky<\/br><\/p>\n","protected":false},"excerpt":{"rendered":"<p>1926., \u2020 ? : ref. lelk\u00e9sz. \u2013 Seg\u00e9dlelk\u00e9sz Somosdon \u00e9s Sepsiszentgy\u00f6rgy\u00f6n. Helyettes lelk\u00e9sz hossz\u00fafaluban, Mez\u0151b\u00e1ndon, Nagybaconban \u00e9s v\u00e9g\u00fcl Uzdiszentp\u00e9teren \u00e9s Tuzson le\u00e1nyegyh\u00e1zk\u00f6zs\u00e9gben fejezte be. Magyarorsz\u00e1gra t\u00e1vozott. A mv.-i ref. temet\u0151ben nyugszik. Irod.: Cs\u00e1ky<\/p>\n","protected":false},"featured_media":0,"comment_status":"open","ping_status":"closed","template":"","meta":[],"product_brand":[],"product_cat":[137],"product_tag":[],"class_list":{"0":"post-10847","1":"product","2":"type-product","3":"status-publish","5":"product_cat-maros-megyei-eletrajzi-lexikon","7":"first","8":"instock","9":"shipping-taxable","10":"product-type-simple"},"_links":{"self":[{"href":"https:\/\/uj.adatbank.ro\/lexikon\/wp-json\/wp\/v2\/product\/10847","targetHints":{"allow":["GET"]}}],"collection":[{"href":"https:\/\/uj.adatbank.ro\/lexikon\/wp-json\/wp\/v2\/product"}],"about":[{"href":"https:\/\/uj.adatbank.ro\/lexikon\/wp-json\/wp\/v2\/types\/product"}],"replies":[{"embeddable":true,"href":"https:\/\/uj.adatbank.ro\/lexikon\/wp-json\/wp\/v2\/comments?post=10847"}],"wp:attachment":[{"href":"https:\/\/uj.adatbank.ro\/lexikon\/wp-json\/wp\/v2\/media?parent=10847"}],"wp:term":[{"taxonomy":"product_brand","embeddable":true,"href":"https:\/\/uj.adatbank.ro\/lexikon\/wp-json\/wp\/v2\/product_brand?post=10847"},{"taxonomy":"product_cat","embeddable":true,"href":"https:\/\/uj.adatbank.ro\/lexikon\/wp-json\/wp\/v2\/product_cat?post=10847"},{"taxonomy":"product_tag","embeddable":true,"href":"https:\/\/uj.adatbank.ro\/lexikon\/wp-json\/wp\/v2\/product_tag?post=10847"}],"curies":[{"name":"wp","href":"https:\/\/api.w.org\/{rel}","templated":true}]}}