{"id":10850,"date":"2025-06-29T13:33:28","date_gmt":"2025-06-29T11:33:28","guid":{"rendered":"https:\/\/uj.adatbank.ro\/lexikon\/termek\/jenei-jeno\/"},"modified":"2025-06-29T13:33:28","modified_gmt":"2025-06-29T11:33:28","slug":"jenei-jeno","status":"publish","type":"product","link":"https:\/\/uj.adatbank.ro\/lexikon\/termek\/jenei-jeno\/","title":{"rendered":"JENEI Jen\u0151"},"content":{"rendered":"<p>Nagyernye, 1918. j\u00fan. 13. vagy j\u00fal. 13., \u2020\u00a0?: k\u00f6zgazd\u00e1sz. \u2013 Jenei S\u00e1ndor ref. lelk\u00e9sz fia. Mv.-en a Ref. Koll.-ban \u00e9retts\u00e9gizett, majd Kv.-on a teol\u00f3gi\u00e1n h\u00e1rom \u00e9vet v\u00e9gzett, onnan \u00e1tiratkozott a bp.-i K\u00f6zgazdas\u00e1gtudom\u00e1nyi Akad. -ra, ahonnan k\u00e9t \u00e9v ut\u00e1n katon\u00e1nak \u00e9s frontszolg\u00e1latra vitt\u00e9k. A II. vh.-ban (1942. okt. 6. \u2013), hadapr\u00f3d \u0151rmesterk\u00e9nt vett r\u00e9szt. Amerikai fogs\u00e1gba esett (1945. m\u00e1j. 1.), ahonnan 1945. okt.-ben hazair\u00e1ny\u00edtott\u00e1k. A h\u00e1bor\u00fa ut\u00e1n befejezte k\u00f6zgazds\u00e1gi tanulm\u00e1nyait, \u00e9s megszerezte a Pedag\u00f3giai Szemin\u00e1rium Abszolv\u00e1l\u00f3 bizony\u00edtv\u00e1ny\u00e1t is. Kinevezt\u00e9k a vajdahunyadi Egys\u00e9ges Gimn. -ba igazgat\u00f3 tan\u00e1rnak (1947\u2013). Innen visszat\u00e9rt eredeti szakm\u00e1j\u00e1hoz, \u00e9s f\u0151k\u00f6nyvel\u0151 lett D\u00e9v\u00e1n, majd Brass\u00f3ban, ahol \u00e9lete v\u00e9g\u00e9ig lakott. Nyugd\u00edjba vonult (1978). <br \/><strong>Irod.:<\/strong> Berekm\u00e9ri; Nagyernye<\/br><\/p>\n","protected":false},"excerpt":{"rendered":"<p>Nagyernye, 1918. j\u00fan. 13. vagy j\u00fal. 13., \u2020\u00a0?: k\u00f6zgazd\u00e1sz. \u2013 Jenei S\u00e1ndor ref. lelk\u00e9sz fia. Mv.-en a Ref. Koll.-ban \u00e9retts\u00e9gizett, majd Kv.-on a teol\u00f3gi\u00e1n h\u00e1rom \u00e9vet v\u00e9gzett, onnan \u00e1tiratkozott a bp.-i K\u00f6zgazdas\u00e1gtudom\u00e1nyi Akad. -ra, ahonnan k\u00e9t \u00e9v ut\u00e1n katon\u00e1nak \u00e9s frontszolg\u00e1latra vitt\u00e9k. A II. vh.-ban (1942. okt. 6. \u2013), hadapr\u00f3d \u0151rmesterk\u00e9nt vett r\u00e9szt. Amerikai fogs\u00e1gba [&hellip;]<\/p>\n","protected":false},"featured_media":0,"comment_status":"open","ping_status":"closed","template":"","meta":[],"product_brand":[],"product_cat":[137],"product_tag":[],"class_list":{"0":"post-10850","1":"product","2":"type-product","3":"status-publish","5":"product_cat-maros-megyei-eletrajzi-lexikon","7":"first","8":"instock","9":"shipping-taxable","10":"product-type-simple"},"_links":{"self":[{"href":"https:\/\/uj.adatbank.ro\/lexikon\/wp-json\/wp\/v2\/product\/10850","targetHints":{"allow":["GET"]}}],"collection":[{"href":"https:\/\/uj.adatbank.ro\/lexikon\/wp-json\/wp\/v2\/product"}],"about":[{"href":"https:\/\/uj.adatbank.ro\/lexikon\/wp-json\/wp\/v2\/types\/product"}],"replies":[{"embeddable":true,"href":"https:\/\/uj.adatbank.ro\/lexikon\/wp-json\/wp\/v2\/comments?post=10850"}],"wp:attachment":[{"href":"https:\/\/uj.adatbank.ro\/lexikon\/wp-json\/wp\/v2\/media?parent=10850"}],"wp:term":[{"taxonomy":"product_brand","embeddable":true,"href":"https:\/\/uj.adatbank.ro\/lexikon\/wp-json\/wp\/v2\/product_brand?post=10850"},{"taxonomy":"product_cat","embeddable":true,"href":"https:\/\/uj.adatbank.ro\/lexikon\/wp-json\/wp\/v2\/product_cat?post=10850"},{"taxonomy":"product_tag","embeddable":true,"href":"https:\/\/uj.adatbank.ro\/lexikon\/wp-json\/wp\/v2\/product_tag?post=10850"}],"curies":[{"name":"wp","href":"https:\/\/api.w.org\/{rel}","templated":true}]}}

JENEI Jenő

<p>Nagyernye, 1918. jún. 13. vagy júl. 13., † ?: közgazdász. – Jenei Sándor ref. lelkész fia. Mv.-en a Ref. Koll.-ban érettségizett, majd Kv.-on a teológián három évet végzett, onnan átiratkozott a bp.-i Közgazdaságtudományi Akad. -ra, ahonnan két év után katonának és frontszolgálatra vitték. A II. vh.-ban (1942. okt. 6. –), hadapród őrmesterként vett részt. Amerikai fogságba esett (1945. máj. 1.), ahonnan 1945. okt.-ben hazairányították. A háború után befejezte közgazdsági tanulmányait, és megszerezte a Pedagógiai Szeminárium Abszolváló bizonyítványát is. Kinevezték a vajdahunyadi Egységes Gimn. -ba igazgató tanárnak (1947–). Innen visszatért eredeti szakmájához, és főkönyvelő lett Déván, majd Brassóban, ahol élete végéig lakott. Nyugdíjba vonult (1978). <br /><strong>Irod.:</strong> Berekméri; Nagyernye</br></p>

<p>Nagyernye, 1918. jún. 13. vagy júl. 13., † ?: közgazdász. – Jenei Sándor ref. lelkész fia. Mv.-en a Ref. Koll.-ban érettségizett, majd Kv.-on a teológián három évet végzett, onnan átiratkozott a bp.-i Közgazdaságtudományi Akad. -ra, ahonnan két év után katonának és frontszolgálatra vitték. A II. vh.-ban (1942. okt. 6. –), hadapród őrmesterként vett részt. Amerikai fogságba [&hellip;]</p>
