{"id":10853,"date":"2025-06-29T13:33:32","date_gmt":"2025-06-29T11:33:32","guid":{"rendered":"https:\/\/uj.adatbank.ro\/lexikon\/termek\/jenei-mihaly\/"},"modified":"2025-06-29T13:33:32","modified_gmt":"2025-06-29T11:33:32","slug":"jenei-mihaly","status":"publish","type":"product","link":"https:\/\/uj.adatbank.ro\/lexikon\/termek\/jenei-mihaly\/","title":{"rendered":"JENEI Mih\u00e1ly"},"content":{"rendered":"<p>? \u2020\u00a0?: tan\u00e1r, rector. \u2013 A mv.-i sk\u00f3la particula rektora (1688. dec. 8. \u2013 1692. m\u00e1j. 20), aki \u00f6t oszt\u00e1lytan\u00edt\u00f3val dolgozott egy\u00fctt az isk. -ban. Kelemen Lajos \u00f6n\u00e9letrajzi feljegyz\u00e9seiben \u00edrta, hogy a 17. sz. utols\u00f3 negyed\u00e9ben ennek az iskol\u00e1nak olyan j\u00f3 h\u00edre volt Erd\u00e9lyszerte, hogy a sz\u00e1sz tanul\u00f3k is t\u00f6megesen kerest\u00e9k fel ezt. Jenei rektors\u00e1ga idej\u00e9n a sk\u00f3la el\u0151sz\u00f6r gyarap\u00edtotta k\u00f6nyv\u00e1llom\u00e1ny\u00e1t v\u00e1s\u00e1rl\u00e1ssal (9 m\u0171vet v\u00e1s\u00e1roltak). <br \/><strong>Irod.:<\/strong> Id\u0151t\u00e1r 1; Koncz; Koncz 1879; Kozma<\/br><\/p>\n","protected":false},"excerpt":{"rendered":"<p>? \u2020\u00a0?: tan\u00e1r, rector. \u2013 A mv.-i sk\u00f3la particula rektora (1688. dec. 8. \u2013 1692. m\u00e1j. 20), aki \u00f6t oszt\u00e1lytan\u00edt\u00f3val dolgozott egy\u00fctt az isk. -ban. Kelemen Lajos \u00f6n\u00e9letrajzi feljegyz\u00e9seiben \u00edrta, hogy a 17. sz. utols\u00f3 negyed\u00e9ben ennek az iskol\u00e1nak olyan j\u00f3 h\u00edre volt Erd\u00e9lyszerte, hogy a sz\u00e1sz tanul\u00f3k is t\u00f6megesen kerest\u00e9k fel ezt. Jenei rektors\u00e1ga [&hellip;]<\/p>\n","protected":false},"featured_media":0,"comment_status":"open","ping_status":"closed","template":"","meta":[],"product_brand":[],"product_cat":[137],"product_tag":[],"class_list":{"0":"post-10853","1":"product","2":"type-product","3":"status-publish","5":"product_cat-maros-megyei-eletrajzi-lexikon","7":"first","8":"instock","9":"shipping-taxable","10":"product-type-simple"},"_links":{"self":[{"href":"https:\/\/uj.adatbank.ro\/lexikon\/wp-json\/wp\/v2\/product\/10853","targetHints":{"allow":["GET"]}}],"collection":[{"href":"https:\/\/uj.adatbank.ro\/lexikon\/wp-json\/wp\/v2\/product"}],"about":[{"href":"https:\/\/uj.adatbank.ro\/lexikon\/wp-json\/wp\/v2\/types\/product"}],"replies":[{"embeddable":true,"href":"https:\/\/uj.adatbank.ro\/lexikon\/wp-json\/wp\/v2\/comments?post=10853"}],"wp:attachment":[{"href":"https:\/\/uj.adatbank.ro\/lexikon\/wp-json\/wp\/v2\/media?parent=10853"}],"wp:term":[{"taxonomy":"product_brand","embeddable":true,"href":"https:\/\/uj.adatbank.ro\/lexikon\/wp-json\/wp\/v2\/product_brand?post=10853"},{"taxonomy":"product_cat","embeddable":true,"href":"https:\/\/uj.adatbank.ro\/lexikon\/wp-json\/wp\/v2\/product_cat?post=10853"},{"taxonomy":"product_tag","embeddable":true,"href":"https:\/\/uj.adatbank.ro\/lexikon\/wp-json\/wp\/v2\/product_tag?post=10853"}],"curies":[{"name":"wp","href":"https:\/\/api.w.org\/{rel}","templated":true}]}}

JENEI Mihály

<p>? † ?: tanár, rector. – A mv.-i skóla particula rektora (1688. dec. 8. – 1692. máj. 20), aki öt osztálytanítóval dolgozott együtt az isk. -ban. Kelemen Lajos önéletrajzi feljegyzéseiben írta, hogy a 17. sz. utolsó negyedében ennek az iskolának olyan jó híre volt Erdélyszerte, hogy a szász tanulók is tömegesen keresték fel ezt. Jenei rektorsága idején a skóla először gyarapította könyvállományát vásárlással (9 művet vásároltak). <br /><strong>Irod.:</strong> Időtár 1; Koncz; Koncz 1879; Kozma</br></p>

<p>? † ?: tanár, rector. – A mv.-i skóla particula rektora (1688. dec. 8. – 1692. máj. 20), aki öt osztálytanítóval dolgozott együtt az isk. -ban. Kelemen Lajos önéletrajzi feljegyzéseiben írta, hogy a 17. sz. utolsó negyedében ennek az iskolának olyan jó híre volt Erdélyszerte, hogy a szász tanulók is tömegesen keresték fel ezt. Jenei rektorsága [&hellip;]</p>
