{"id":10854,"date":"2025-06-29T13:33:33","date_gmt":"2025-06-29T11:33:33","guid":{"rendered":"https:\/\/uj.adatbank.ro\/lexikon\/termek\/jenei-otto-jiraschek\/"},"modified":"2025-06-29T13:33:33","modified_gmt":"2025-06-29T11:33:33","slug":"jenei-otto-jiraschek","status":"publish","type":"product","link":"https:\/\/uj.adatbank.ro\/lexikon\/termek\/jenei-otto-jiraschek\/","title":{"rendered":"JENEI Ott\u00f3; Jiraschek"},"content":{"rendered":"<p>Temesv\u00e1r, 1900. okt. 17., \u2020 Mv., 1960. febr. 26.: sz\u00edn\u00e9sz. \u2013 Katonatiszti p\u00e1ly\u00e1r\u00f3l \u00e1llt sz\u00edn\u00e9sznek a h\u00faszas \u00e9vek derek\u00e1n, sz\u00fcl\u0151v\u00e1ros\u00e1ban m\u0171kedvel\u0151sk\u00f6d\u00f6tt. \u00c9nekszakot v\u00e9gzett a bp.-i Zeneakad\u00e9mi\u00e1n. Fell\u00e9pett : Temesv\u00e1ron, Mv. (1927), Szatm\u00e1rn\u00e9metiben, Nagyb\u00e1ny\u00e1n, Aradon, Temesv\u00e1ron, majd Kv.-ra szerz\u0151d\u00f6tt (1930\u201331); a mv.-i Sz\u00e9kely Sz\u00ednh\u00e1z tagja (1947\u201360). Alkat\u00e1nak megfelel\u0151en hat\u00e1rozott, er\u0151szakos figur\u00e1kat alak\u00edtott groteszk st\u00edlusban. Sz\u00e9p tenor hangja volt dr\u00e1mai lend\u00fcletre k\u00e9pes \u2013 <strong>F. sz.:<\/strong> Kov\u00e1cs J\u00f3zsef (Gergely S.: Vit\u00e9zek \u00e9s h\u0151s\u00f6k); Ljapkin-Tyapkin (Gogol: A revizor); Ih\u00e1sz (Illy\u00e9s Gyula: F\u00e1klyal\u00e1ng); L\u00e9pes Gy\u00f6rgy (Ko\u00f3s K\u00e1roly: Budai Nagy Antal); Seriff (Nash: Az es\u0151hoz\u00f3 ember); Petrovics hadnagy (K\u00e1lm\u00e1n Imre: Cirkuszhercegn\u0151); Dr. Kiss (Szenes B\u00e9la: Nem n\u0151s\u00fcl\u00f6k); A b\u00e1r\u00f3 (Stolz: P\u00e1rizsi kirakat); \u00c1d\u00e1m (Moln\u00e1r Ferenc: J\u00e1t\u00e9k a kast\u00e9lyban); Petrov (Jakobi: Sybill); Ottok\u00e1r (Strauss: Cig\u00e1nyb\u00e1r\u00f3); J\u00f3ska b\u00e9res (T\u00f3th Ede: A falu rossza); Turiddu (Mascagni: Parasztbecs\u00fclet); \u00c1brah\u00e1m P\u00e1l: Zenebona; Szenes-N\u00f3ti: H\u00e1zibar\u00e1t; Szergej Mihalkov: A v\u00f6r\u00f6s nyakkend\u0151 (1950); Simon, haj\u00f3\u00e1cs (H. Heyermans: Rem\u00e9ny); Kis B\u00e1lint, jobb\u00e1gygazda (Szigligeti Ede: A csik\u00f3s); Szucsinka J\u00e1nos, pl\u00e9b\u00e1nos (Miksz\u00e1th K\u00e1lm\u00e1n: K\u00fcl\u00f6n\u00f6s h\u00e1zass\u00e1g); K\u00e1d\u00e1r J\u00e1nos (Metz Istv\u00e1n: J\u00e1noska); Zvonkov (M. Gorkij: Jegor Bulicsov \u00e9s a t\u00f6bbiek); Gosztonyi Bandi (M\u00f3ricz Zsigmond: Uri muri); Casper Vilnis, f\u0171t\u0151 (A. Grigulis: Agyag \u00e9s porcel\u00e1n), Nastai Andrei, b\u00e1nyamester (M. Davidoglu: B\u00e1ny\u00e1szok); Kuzima Emilianovics Visneakov, \u00fczemigazgat\u00f3 (Sz. Mihalkov: A v\u00f6r\u00f6s nyakkend\u0151); Richter sz\u00e1zados (Tur testv\u00e9rek: Villa a mell\u00e9k utc\u00e1ban), Houston ezredes (B. Lavrenyov: Amerika hangja); Schmelz ezredes (Tur testv\u00e9rek \u00e9s Seinin: Kinek kedvez az id\u0151); Vasznyekov (K. Szimonov: Leg\u00e9ny a talp\u00e1n); Friedrich, az oszt\u00e1ly detekt\u00edvje (J. Burjakovszkij: \u00dczenet az \u00e9l\u0151knek), Bereszenyev professzor (Boroszina \u00e9s Davidzon: Harmad\u00e9vesek); Jona Jem\u0103nar, m\u00e9rn\u00f6k (M. Davidoglu: T\u0171zer\u0151d); Viszket Jakab, brig\u00e1dvezet\u0151 (Urb\u00e1n Ern\u0151: T\u0171zkereszts\u00e9g), Jegyz\u0151 (Kiss L. -Kov\u00e1ts D.: Vihar a havason); Jakob Saul (A. Jakobson: K\u00e9t t\u00e1bor); H\u00e1zmester (Csiky Gergely: Ingyen\u00e9l\u0151k); Szvacs, haj\u00f3mester (B. Lavrenyov: Lesz\u00e1mol\u00e1s); Egy f\u00e9rfi (Iszajev \u00e9s Galics: Nem mag\u00e1n\u00fcgy); Demeter Istv\u00e1n ( Kov\u00e1ts Dezs\u0151: Aki m\u00e1snak vermet \u00e1s); Panta nagyb\u00e1csi (B. Nusics: A kegyelmes asszony), Nemegyei J\u00e1nos, uradalmi igazgat\u00f3 (Horv\u00e1th \u00c1.: Varga Katalin); M\u00e1sodik \u00far, operettszerz\u0151 (H: Kipphardt: Shakespeare kerestetik); Briot, ikl\u00f3di paraszt (T: Vornic-I. Postelnicu: Felsz\u00e1ll a k\u00f6d); Csubukov (Csehov: H\u00e1zt\u0171zn\u00e9z\u0151, B\u00e1sny\u00e1k (A: Abuzov: M\u00e1sodik szerelem); J\u00e1r\u00e1sorvos (Br\u00f3dy S\u00e1ndor: A tan\u00edt\u00f3n\u0151); \u00d6reg pap (Heltai Jen\u0151: A n\u00e9ma levente); Szvatopluk, f\u0151lak\u00e1j (Szirmai Albert: M\u00e9zeskal\u00e1cs); L\u00e9pes Gy\u00f6rgy, erd\u00e9lyi p\u00fcsp\u00f6k (K\u00f3s K\u00e1roly: Budai Nagy Antal); Ip\u00f3, klinikai altiszt (Szab\u00f3 Lajos: Menek\u00fcl\u00e9s); Melnyikov (M. Gorkij: V\u00e1ssz\u00e1 Zseleznova; A serif (N. R. Nash: Az es\u0151hoz\u00f3 ember); Hubert, a nyomda m\u0171helyf\u0151n\u00f6ke(M. Sebastian: Lapz\u00e1rta el\u0151tt); Nagyapa (A. Gladkov: Szilveszter); Von Stumm, SS ezredes (A. Baranga: Diadal\u00edv). <br \/><strong>Irod.:<\/strong> A H\u00e9t \u00e9vk\u00f6nyve; Kov\u00e1cs Levente; K\u00f6t\u0151; M\u00c9L; MSZL<\/br><\/p>\n","protected":false},"excerpt":{"rendered":"<p>Temesv\u00e1r, 1900. okt. 17., \u2020 Mv., 1960. febr. 26.: sz\u00edn\u00e9sz. \u2013 Katonatiszti p\u00e1ly\u00e1r\u00f3l \u00e1llt sz\u00edn\u00e9sznek a h\u00faszas \u00e9vek derek\u00e1n, sz\u00fcl\u0151v\u00e1ros\u00e1ban m\u0171kedvel\u0151sk\u00f6d\u00f6tt. \u00c9nekszakot v\u00e9gzett a bp.-i Zeneakad\u00e9mi\u00e1n. Fell\u00e9pett : Temesv\u00e1ron, Mv. (1927), Szatm\u00e1rn\u00e9metiben, Nagyb\u00e1ny\u00e1n, Aradon, Temesv\u00e1ron, majd Kv.-ra szerz\u0151d\u00f6tt (1930\u201331); a mv.-i Sz\u00e9kely Sz\u00ednh\u00e1z tagja (1947\u201360). Alkat\u00e1nak megfelel\u0151en hat\u00e1rozott, er\u0151szakos figur\u00e1kat alak\u00edtott groteszk st\u00edlusban. Sz\u00e9p tenor [&hellip;]<\/p>\n","protected":false},"featured_media":0,"comment_status":"open","ping_status":"closed","template":"","meta":[],"product_brand":[],"product_cat":[137],"product_tag":[],"class_list":{"0":"post-10854","1":"product","2":"type-product","3":"status-publish","5":"product_cat-maros-megyei-eletrajzi-lexikon","7":"first","8":"instock","9":"shipping-taxable","10":"product-type-simple"},"_links":{"self":[{"href":"https:\/\/uj.adatbank.ro\/lexikon\/wp-json\/wp\/v2\/product\/10854","targetHints":{"allow":["GET"]}}],"collection":[{"href":"https:\/\/uj.adatbank.ro\/lexikon\/wp-json\/wp\/v2\/product"}],"about":[{"href":"https:\/\/uj.adatbank.ro\/lexikon\/wp-json\/wp\/v2\/types\/product"}],"replies":[{"embeddable":true,"href":"https:\/\/uj.adatbank.ro\/lexikon\/wp-json\/wp\/v2\/comments?post=10854"}],"wp:attachment":[{"href":"https:\/\/uj.adatbank.ro\/lexikon\/wp-json\/wp\/v2\/media?parent=10854"}],"wp:term":[{"taxonomy":"product_brand","embeddable":true,"href":"https:\/\/uj.adatbank.ro\/lexikon\/wp-json\/wp\/v2\/product_brand?post=10854"},{"taxonomy":"product_cat","embeddable":true,"href":"https:\/\/uj.adatbank.ro\/lexikon\/wp-json\/wp\/v2\/product_cat?post=10854"},{"taxonomy":"product_tag","embeddable":true,"href":"https:\/\/uj.adatbank.ro\/lexikon\/wp-json\/wp\/v2\/product_tag?post=10854"}],"curies":[{"name":"wp","href":"https:\/\/api.w.org\/{rel}","templated":true}]}}