{"id":10855,"date":"2025-06-29T13:33:34","date_gmt":"2025-06-29T11:33:34","guid":{"rendered":"https:\/\/uj.adatbank.ro\/lexikon\/termek\/jenei-sandor-jeney-sandor\/"},"modified":"2025-06-29T13:33:34","modified_gmt":"2025-06-29T11:33:34","slug":"jenei-sandor-jeney-sandor","status":"publish","type":"product","link":"https:\/\/uj.adatbank.ro\/lexikon\/termek\/jenei-sandor-jeney-sandor\/","title":{"rendered":"JENEI S\u00e1ndor, Jeney S\u00e1ndor"},"content":{"rendered":"<p>Melegf\u00f6ldv\u00e1r, 1871. m\u00e1rc. 18., \u2020 Nagyernye, 1944. jan. 18.: ref. lelk\u00e9sz. \u2013 Feles\u00e9ge: Zolt\u00e1ni Ilona, a s\u00e1romberki lp. le\u00e1nya. Nyolc gyermek anyja: Imre, filmes P\u00e1rizsban, aki feles\u00e9g\u00fcl vette Turay Ida sz\u00edn\u00e9szn\u0151t; Erzs\u00e9bet dr. Metz Istv\u00e1n orvos feles\u00e9ge. Az Erd\u00e9lyi Ref. N\u0151sz\u00f6vets\u00e9g nagyernye tagozat\u00e1nak eln\u00f6ke (1928. \u00e1pr. 29. \u2013). \u2013 A kv.-i Ref. Koll.-ban \u00e9retts\u00e9gizett, a teol\u00f3gi\u00e1t Nagyenyeden \u00e9s Kv.-on v\u00e9gezte. Nevel\u0151 Nagyerny\u00e9ben ??? b\u00e1r\u00f3 gyermekei mellett, \u00e9s a falu ref. lelk\u00e9sze hal\u00e1l\u00e1ig (1899- 1944). Lelk\u00e9szi teend\u0151i mellett az isk.-ban vall\u00e1s\u00f3r\u00e1kat tartott, igyekezett megszervezni h\u00edvei gazdas\u00e1gi \u00e9let\u00e9t is. A c\u00ednteremhez fedeles kaput \u00e9s l\u00e9pcs\u0151t csin\u00e1ltatott, amely ma \u00e1csmesteri m\u0171eml\u00e9k (1904), \u00faj orgon\u00e1t v\u00e1s\u00e1rolt, amelyik napjainkban is haszn\u00e1latos (1912), k\u00e9t \u00faj harangot \u00f6ntetett (1924), megjav\u00edttatta a megrpedezett templomfalakat \u00e9s \u00faj papilakot \u00e9s \u00faj iskol\u00e1t \u00e9p\u00edttetett (1927). A r. k. \u00e9s a ref. dal\u00e1rda tagjai gy\u0171jt\u00e9st szerveztek \u00e9s eml\u00e9koszlopot \u00e1ll\u00edtottak az I. vh.-ban elesettek eml\u00e9k\u00e9re (1927). Lelk\u00e9szi teend\u0151i mellett Tejsz\u00f6vetkezetet alap\u00edtott Szab\u00f3 Gy\u00f6rgy volt pl\u00e9b\u00e1nossal egy\u00fctt, Hitelsz\u00f6vetkezetet hozott l\u00e9tre, amelynek eln\u00f6ke is, \u00c1llatbiztos\u00ed\u00edt\u00f3 Egyletet szervezett. A birtok-parcell\u00e1z\u00e1s is az \u0151 nev\u00e9hez f\u0171z\u0151dik, melynek c\u00e9lja volt a kisemberek f\u00f6ldh\u00f6z juttat\u00e1sa \u00e9s megseg\u00edt\u00e9se volt. A k\u00f6zs\u00e9g k\u00f6z\u00e9let\u00e9ben \u00e9l\u00e9nk tev\u00e9kenys\u00e9get fejett ki, ami\u00e9rt kit\u00fcntet\u00e9st is kapott. <br \/><strong>Irod.:<\/strong> Kornis; Nagyernye; Nemes Gyula: Sz\u00f6vetkezetek Maros-Torda v\u00e1rmegy\u00e9ben 1876\u20131920 k\u00f6z\u00f6tt =  Eml\u00e9kk. Szab\u00f3 Mikl\u00f3s; Sz\u00e9kely Kal.; Sz\u00e9kelyf\u00f6ld \u00ed. k.<\/br><\/p>\n","protected":false},"excerpt":{"rendered":"<p>Melegf\u00f6ldv\u00e1r, 1871. m\u00e1rc. 18., \u2020 Nagyernye, 1944. jan. 18.: ref. lelk\u00e9sz. \u2013 Feles\u00e9ge: Zolt\u00e1ni Ilona, a s\u00e1romberki lp. le\u00e1nya. Nyolc gyermek anyja: Imre, filmes P\u00e1rizsban, aki feles\u00e9g\u00fcl vette Turay Ida sz\u00edn\u00e9szn\u0151t; Erzs\u00e9bet dr. Metz Istv\u00e1n orvos feles\u00e9ge. Az Erd\u00e9lyi Ref. N\u0151sz\u00f6vets\u00e9g nagyernye tagozat\u00e1nak eln\u00f6ke (1928. \u00e1pr. 29. \u2013). \u2013 A kv.-i Ref. Koll.-ban \u00e9retts\u00e9gizett, a [&hellip;]<\/p>\n","protected":false},"featured_media":0,"comment_status":"open","ping_status":"closed","template":"","meta":[],"product_brand":[],"product_cat":[137],"product_tag":[],"class_list":{"0":"post-10855","1":"product","2":"type-product","3":"status-publish","5":"product_cat-maros-megyei-eletrajzi-lexikon","7":"first","8":"instock","9":"shipping-taxable","10":"product-type-simple"},"_links":{"self":[{"href":"https:\/\/uj.adatbank.ro\/lexikon\/wp-json\/wp\/v2\/product\/10855","targetHints":{"allow":["GET"]}}],"collection":[{"href":"https:\/\/uj.adatbank.ro\/lexikon\/wp-json\/wp\/v2\/product"}],"about":[{"href":"https:\/\/uj.adatbank.ro\/lexikon\/wp-json\/wp\/v2\/types\/product"}],"replies":[{"embeddable":true,"href":"https:\/\/uj.adatbank.ro\/lexikon\/wp-json\/wp\/v2\/comments?post=10855"}],"wp:attachment":[{"href":"https:\/\/uj.adatbank.ro\/lexikon\/wp-json\/wp\/v2\/media?parent=10855"}],"wp:term":[{"taxonomy":"product_brand","embeddable":true,"href":"https:\/\/uj.adatbank.ro\/lexikon\/wp-json\/wp\/v2\/product_brand?post=10855"},{"taxonomy":"product_cat","embeddable":true,"href":"https:\/\/uj.adatbank.ro\/lexikon\/wp-json\/wp\/v2\/product_cat?post=10855"},{"taxonomy":"product_tag","embeddable":true,"href":"https:\/\/uj.adatbank.ro\/lexikon\/wp-json\/wp\/v2\/product_tag?post=10855"}],"curies":[{"name":"wp","href":"https:\/\/api.w.org\/{rel}","templated":true}]}}

JENEI Sándor, Jeney Sándor

<p>Melegföldvár, 1871. márc. 18., † Nagyernye, 1944. jan. 18.: ref. lelkész. – Felesége: Zoltáni Ilona, a sáromberki lp. leánya. Nyolc gyermek anyja: Imre, filmes Párizsban, aki feleségül vette Turay Ida színésznőt; Erzsébet dr. Metz István orvos felesége. Az Erdélyi Ref. Nőszövetség nagyernye tagozatának elnöke (1928. ápr. 29. –). – A kv.-i Ref. Koll.-ban érettségizett, a teológiát Nagyenyeden és Kv.-on végezte. Nevelő Nagyernyében ??? báró gyermekei mellett, és a falu ref. lelkésze haláláig (1899- 1944). Lelkészi teendői mellett az isk.-ban vallásórákat tartott, igyekezett megszervezni hívei gazdasági életét is. A cínteremhez fedeles kaput és lépcsőt csináltatott, amely ma ácsmesteri műemlék (1904), új orgonát vásárolt, amelyik napjainkban is használatos (1912), két új harangot öntetett (1924), megjavíttatta a megrpedezett templomfalakat és új papilakot és új iskolát építtetett (1927). A r. k. és a ref. dalárda tagjai gyűjtést szerveztek és emlékoszlopot állítottak az I. vh.-ban elesettek emlékére (1927). Lelkészi teendői mellett Tejszövetkezetet alapított Szabó György volt plébánossal együtt, Hitelszövetkezetet hozott létre, amelynek elnöke is, Állatbiztosíító Egyletet szervezett. A birtok-parcellázás is az ő nevéhez fűződik, melynek célja volt a kisemberek földhöz juttatása és megsegítése volt. A község közéletében élénk tevékenységet fejett ki, amiért kitüntetést is kapott. <br /><strong>Irod.:</strong> Kornis; Nagyernye; Nemes Gyula: Szövetkezetek Maros-Torda vármegyében 1876–1920 között =  Emlékk. Szabó Miklós; Székely Kal.; Székelyföld í. k.</br></p>

<p>Melegföldvár, 1871. márc. 18., † Nagyernye, 1944. jan. 18.: ref. lelkész. – Felesége: Zoltáni Ilona, a sáromberki lp. leánya. Nyolc gyermek anyja: Imre, filmes Párizsban, aki feleségül vette Turay Ida színésznőt; Erzsébet dr. Metz István orvos felesége. Az Erdélyi Ref. Nőszövetség nagyernye tagozatának elnöke (1928. ápr. 29. –). – A kv.-i Ref. Koll.-ban érettségizett, a [&hellip;]</p>
