{"id":10859,"date":"2025-06-29T13:33:45","date_gmt":"2025-06-29T11:33:45","guid":{"rendered":"https:\/\/uj.adatbank.ro\/lexikon\/termek\/jeney-daniel-jenei-daniel-nagyenyedi\/"},"modified":"2025-06-29T13:33:45","modified_gmt":"2025-06-29T11:33:45","slug":"jeney-daniel-jenei-daniel-nagyenyedi","status":"publish","type":"product","link":"https:\/\/uj.adatbank.ro\/lexikon\/termek\/jeney-daniel-jenei-daniel-nagyenyedi\/","title":{"rendered":"JENEY D\u00e1niel, Jenei D\u00e1niel, nagyenyedi"},"content":{"rendered":"<p>1791., \u2020 1852. \u00e1pr. 24.: \u00fcgyv\u00e9d, filoz\u00f3fus. \u2013 J. Istv\u00e1n mez\u0151cs\u00e1v\u00e1si f\u00f6ldbirtokos fia. Testv\u00e9re: J\u00f3zsef. \u2013 A mv.-i Ref. Koll.-ban subscrib\u00e1lt egyszerre Szab\u00f3 J\u00e1nossal (1807). Mv.-en a R\u00e9gi Baromv\u00e1s\u00e1r u.-ban lakott. Az a h\u00edre volt hogy \u00edrt rengeteg filoz\u00f3fiai munk\u00e1t s nem evett egyebet gy\u00fcm\u00f6lcsn\u00e9l. Sok filoz\u00f3fiai b\u00f6lcs mond\u00e1sa \u00e9s cselekedete forgott k\u00f6zsz\u00e1jon. Bolyai Farkas \u00edrta meg a nekrol\u00f3gj\u00e1t, amely \u00edgy kezd\u0151d\u00f6tt: \u201eNem csak G\u00f6r\u00f6gorsz\u00e1gnak volt Diogenese; Mv. -nek is volt \u00e9s csak volt \u00fcgyv\u00e9d J. D.\u201d. <br \/><strong>Irod.:<\/strong> Apor \u2013 Ol\u00e1h-G\u00e1l; Gy\u00e1szjelent\u0151; Kr\u00f3n F\u00fcz (1937. 2\/8); Ol\u00e1h-G\u00e1l 2013; Ol\u00e1h-G\u00e1l R\u00f3bert: A Jeneiek \u00e9s a Bolyaiak (N\u00fa., 2011. \u00e1pr. 2.)<\/br><\/p>\n","protected":false},"excerpt":{"rendered":"<p>1791., \u2020 1852. \u00e1pr. 24.: \u00fcgyv\u00e9d, filoz\u00f3fus. \u2013 J. Istv\u00e1n mez\u0151cs\u00e1v\u00e1si f\u00f6ldbirtokos fia. Testv\u00e9re: J\u00f3zsef. \u2013 A mv.-i Ref. Koll.-ban subscrib\u00e1lt egyszerre Szab\u00f3 J\u00e1nossal (1807). Mv.-en a R\u00e9gi Baromv\u00e1s\u00e1r u.-ban lakott. Az a h\u00edre volt hogy \u00edrt rengeteg filoz\u00f3fiai munk\u00e1t s nem evett egyebet gy\u00fcm\u00f6lcsn\u00e9l. Sok filoz\u00f3fiai b\u00f6lcs mond\u00e1sa \u00e9s cselekedete forgott k\u00f6zsz\u00e1jon. Bolyai Farkas [&hellip;]<\/p>\n","protected":false},"featured_media":0,"comment_status":"open","ping_status":"closed","template":"","meta":[],"product_brand":[],"product_cat":[137],"product_tag":[],"class_list":{"0":"post-10859","1":"product","2":"type-product","3":"status-publish","5":"product_cat-maros-megyei-eletrajzi-lexikon","7":"first","8":"instock","9":"shipping-taxable","10":"product-type-simple"},"_links":{"self":[{"href":"https:\/\/uj.adatbank.ro\/lexikon\/wp-json\/wp\/v2\/product\/10859","targetHints":{"allow":["GET"]}}],"collection":[{"href":"https:\/\/uj.adatbank.ro\/lexikon\/wp-json\/wp\/v2\/product"}],"about":[{"href":"https:\/\/uj.adatbank.ro\/lexikon\/wp-json\/wp\/v2\/types\/product"}],"replies":[{"embeddable":true,"href":"https:\/\/uj.adatbank.ro\/lexikon\/wp-json\/wp\/v2\/comments?post=10859"}],"wp:attachment":[{"href":"https:\/\/uj.adatbank.ro\/lexikon\/wp-json\/wp\/v2\/media?parent=10859"}],"wp:term":[{"taxonomy":"product_brand","embeddable":true,"href":"https:\/\/uj.adatbank.ro\/lexikon\/wp-json\/wp\/v2\/product_brand?post=10859"},{"taxonomy":"product_cat","embeddable":true,"href":"https:\/\/uj.adatbank.ro\/lexikon\/wp-json\/wp\/v2\/product_cat?post=10859"},{"taxonomy":"product_tag","embeddable":true,"href":"https:\/\/uj.adatbank.ro\/lexikon\/wp-json\/wp\/v2\/product_tag?post=10859"}],"curies":[{"name":"wp","href":"https:\/\/api.w.org\/{rel}","templated":true}]}}

JENEY Dániel, Jenei Dániel, nagyenyedi

<p>1791., † 1852. ápr. 24.: ügyvéd, filozófus. – J. István mezőcsávási földbirtokos fia. Testvére: József. – A mv.-i Ref. Koll.-ban subscribált egyszerre Szabó Jánossal (1807). Mv.-en a Régi Baromvásár u.-ban lakott. Az a híre volt hogy írt rengeteg filozófiai munkát s nem evett egyebet gyümölcsnél. Sok filozófiai bölcs mondása és cselekedete forgott közszájon. Bolyai Farkas írta meg a nekrológját, amely így kezdődött: „Nem csak Görögországnak volt Diogenese; Mv. -nek is volt és csak volt ügyvéd J. D.”. <br /><strong>Irod.:</strong> Apor – Oláh-Gál; Gyászjelentő; Krón Füz (1937. 2/8); Oláh-Gál 2013; Oláh-Gál Róbert: A Jeneiek és a Bolyaiak (Nú., 2011. ápr. 2.)</br></p>

<p>1791., † 1852. ápr. 24.: ügyvéd, filozófus. – J. István mezőcsávási földbirtokos fia. Testvére: József. – A mv.-i Ref. Koll.-ban subscribált egyszerre Szabó Jánossal (1807). Mv.-en a Régi Baromvásár u.-ban lakott. Az a híre volt hogy írt rengeteg filozófiai munkát s nem evett egyebet gyümölcsnél. Sok filozófiai bölcs mondása és cselekedete forgott közszájon. Bolyai Farkas [&hellip;]</p>
