{"id":10861,"date":"2025-06-29T13:33:50","date_gmt":"2025-06-29T11:33:50","guid":{"rendered":"https:\/\/uj.adatbank.ro\/lexikon\/termek\/jeney-endre-%c2%a7\/"},"modified":"2025-06-29T13:33:50","modified_gmt":"2025-06-29T11:33:50","slug":"jeney-endre-%c2%a7","status":"publish","type":"product","link":"https:\/\/uj.adatbank.ro\/lexikon\/termek\/jeney-endre-%c2%a7\/","title":{"rendered":"JENEY Endre, \u00a7"},"content":{"rendered":"<p>Radn\u00f3t, 1891. aug. 26., \u2020 Debrecen, 1970. aug. 10.: orvos, egyetemi tan\u00e1r, patol\u00f3gus, higi\u00e9nikus, mikrobiol\u00f3gus. \u2013 A nagyenyedi ref. gimn.-ban \u00e9retts\u00e9gizett (1909). Medikusk\u00e9nt a kv.-i FJTE \u00c9let- \u00e9s K\u00f3rvegytani Int\u00e9zet\u00e9ben gyakornok (1913\u2013). A kv.-i egy.-en orvosi oklevelet szerzett (1914. szept. 23.). Beh\u00edvt\u00e1k katonai szolg\u00e1latra, az I. vh.-ban csapatorvos, j\u00e1rv\u00e1ny k\u00f3rh\u00e1zi oszt\u00e1lyorvos, k\u00f3rh\u00e1zparancsnok, majd hadtest-higi\u00e9nikus (1914\u201318). Tan\u00e1rseg\u00e9d a kv.-i egy. \u00e1ltal\u00e1nos k\u00f3rtani int. -\u00e9ben (1918\u201319). Debrecenben a v\u00e1rosi k\u00f6zk\u00f3rh\u00e1z belgy\u00f3gy\u00e1szati \u00e9s fert\u0151z\u0151 oszt\u00e1ly\u00e1n beosztott orvos (1919\u2013), majd a Bp. -re menek\u00edtett kv.-i egy. \u00e1ltal\u00e1nos k\u00f3rtani int. -\u00e9ben n\u00e9h\u00e1ny h\u00f3napig oszt\u00e1lyos orvos volt. A szegedi egy \u00e1ltal\u00e1nos k\u00f3r- \u00e9s gy\u00f3gytani int.-ben tan\u00e1rseg\u00e9d (1921\u201326), a bakt\u00e9rium t\u00e1rgyk\u00f6r mag\u00e1ntan\u00e1ra (1925\u2013), adjunktus (1926\u2013), ny. r. tan\u00e1r \u00e9s az int. helyettes igazgat\u00f3ja (1927\u2013), az \u00e1ltal\u00e1nos k\u00f3r- \u00e9s gy\u00f3gytan ny. r. tan\u00e1ra, az \u00e1ltal\u00e1nos k\u00f3r- \u00e9s gy\u00f3gytani int\u00e9zet igazgat\u00f3ja (1928\u201334); az orvostud. kar d\u00e9k\u00e1nja (1931\u201432). K\u00f6zben 3 h\u00f3napig a berlini R. Koch Int.-ben (1922\u201323), Rockefeller-\u00f6szt\u00f6nd\u00edjjal a New York-i Columbia Egy. k\u00f3rtani int. -\u00e9ben \u00e9s a bostoni Harward Egy. \u00e9lettani \u00e9s biok\u00e9miai int. -\u00e9ben (1923), a p\u00e1rizsi Pasteur Int.-ben folytatott tanulm\u00e1nyokat (1925), ism\u00e9t Rockefeller-\u00f6szt\u00f6nd\u00edjjal Berlin, Hamburg, Koppenh\u00e1ga, Utrecht, Leyden, Amszterdam, P\u00e1rizs \u00e9s Bern \u00e9lettani int. -eit tanulm\u00e1nyozta (1928). A debreceni egy.-en a k\u00f6zeg\u00e9szs\u00e9gtan (1934\u201351), a gy\u00f3gyszertan ny. r. tan\u00e1ra (1934\u201347), a gy\u00f3gyszertani int. igazgat\u00f3ja (1934\u201347); az orvostud. kar d\u00e9k\u00e1nja (1941\u201342); a debreceni orvostud. k\u00f6zeg\u00e9szs\u00e9gtani int. igazgat\u00f3ja, tansz\u00e9kvezet\u0151 egy. tan\u00e1r (1951\u2013), emellett a mikrobiol\u00f3giai int. megb\u00edzott igazgat\u00f3ja (1951\u201357), nyugd\u00edjazt\u00e1k (1969). Cikkeit, dolgozatait k\u00f6z\u00f6lte az Orvosi Hetilap, M. Belorvosi Egyes, nagygy\u0171l\u00e9s\u00e9nek refr\u00e1tumai, M. Orvosi Arch\u00edvum, Acta Physiologica, K\u00eds\u00e9rletes orvostudom\u00e1ny. Kossuth-d\u00edjat kapott (1963). A debreceni klinik\u00e1k udvar\u00e1n eml\u00e9k\u00e9re bronz mellszobrot \u00e1ll\u00edtottak, Gy\u00f6rfi S\u00e1ndor alkot\u00e1s\u00e1t (2010. \u00e1pr. 30.). \u2013 <strong>F. m.:<\/strong> A b\u0151r jelent\u0151s\u00e9ge a fert\u0151z\u00e9s \u00e9s mentess\u00e9g szempontj\u00e1b\u00f3l (Rigler Guszt\u00e1v Eml\u00e9kk. Szeged, 1926); A hygi\u00e9ne tank\u00f6nyve. Bak\u00e1cs Tiborral (Bp., 1960); Alkalmazott bakteriol\u00f3gia \u00e9s elm\u00e9leti alapjai. V\u00e1czi Lajossal (Bp., 1966); valamint az Orvosi Lexikon egyes r\u00e9szletei. <br \/><strong>Irod.:<\/strong> M\u00c9L; MNL; \u00daM\u00c9L<\/br><\/p>\n","protected":false},"excerpt":{"rendered":"<p>Radn\u00f3t, 1891. aug. 26., \u2020 Debrecen, 1970. aug. 10.: orvos, egyetemi tan\u00e1r, patol\u00f3gus, higi\u00e9nikus, mikrobiol\u00f3gus. \u2013 A nagyenyedi ref. gimn.-ban \u00e9retts\u00e9gizett (1909). Medikusk\u00e9nt a kv.-i FJTE \u00c9let- \u00e9s K\u00f3rvegytani Int\u00e9zet\u00e9ben gyakornok (1913\u2013). A kv.-i egy.-en orvosi oklevelet szerzett (1914. szept. 23.). Beh\u00edvt\u00e1k katonai szolg\u00e1latra, az I. vh.-ban csapatorvos, j\u00e1rv\u00e1ny k\u00f3rh\u00e1zi oszt\u00e1lyorvos, k\u00f3rh\u00e1zparancsnok, majd hadtest-higi\u00e9nikus (1914\u201318). [&hellip;]<\/p>\n","protected":false},"featured_media":0,"comment_status":"open","ping_status":"closed","template":"","meta":[],"product_brand":[],"product_cat":[137],"product_tag":[],"class_list":{"0":"post-10861","1":"product","2":"type-product","3":"status-publish","5":"product_cat-maros-megyei-eletrajzi-lexikon","7":"first","8":"instock","9":"shipping-taxable","10":"product-type-simple"},"_links":{"self":[{"href":"https:\/\/uj.adatbank.ro\/lexikon\/wp-json\/wp\/v2\/product\/10861","targetHints":{"allow":["GET"]}}],"collection":[{"href":"https:\/\/uj.adatbank.ro\/lexikon\/wp-json\/wp\/v2\/product"}],"about":[{"href":"https:\/\/uj.adatbank.ro\/lexikon\/wp-json\/wp\/v2\/types\/product"}],"replies":[{"embeddable":true,"href":"https:\/\/uj.adatbank.ro\/lexikon\/wp-json\/wp\/v2\/comments?post=10861"}],"wp:attachment":[{"href":"https:\/\/uj.adatbank.ro\/lexikon\/wp-json\/wp\/v2\/media?parent=10861"}],"wp:term":[{"taxonomy":"product_brand","embeddable":true,"href":"https:\/\/uj.adatbank.ro\/lexikon\/wp-json\/wp\/v2\/product_brand?post=10861"},{"taxonomy":"product_cat","embeddable":true,"href":"https:\/\/uj.adatbank.ro\/lexikon\/wp-json\/wp\/v2\/product_cat?post=10861"},{"taxonomy":"product_tag","embeddable":true,"href":"https:\/\/uj.adatbank.ro\/lexikon\/wp-json\/wp\/v2\/product_tag?post=10861"}],"curies":[{"name":"wp","href":"https:\/\/api.w.org\/{rel}","templated":true}]}}

<p>Radnót, 1891. aug. 26., † Debrecen, 1970. aug. 10.: orvos, egyetemi tanár, patológus, higiénikus, mikrobiológus. – A nagyenyedi ref. gimn.-ban érettségizett (1909). Medikusként a kv.-i FJTE Élet- és Kórvegytani Intézetében gyakornok (1913–). A kv.-i egy.-en orvosi oklevelet szerzett (1914. szept. 23.). Behívták katonai szolgálatra, az I. vh.-ban csapatorvos, járvány kórházi osztályorvos, kórházparancsnok, majd hadtest-higiénikus (1914–18). Tanársegéd a kv.-i egy. általános kórtani int. -ében (1918–19). Debrecenben a városi közkórház belgyógyászati és fertőző osztályán beosztott orvos (1919–), majd a Bp. -re menekített kv.-i egy. általános kórtani int. -ében néhány hónapig osztályos orvos volt. A szegedi egy általános kór- és gyógytani int.-ben tanársegéd (1921–26), a baktérium tárgykör magántanára (1925–), adjunktus (1926–), ny. r. tanár és az int. helyettes igazgatója (1927–), az általános kór- és gyógytan ny. r. tanára, az általános kór- és gyógytani intézet igazgatója (1928–34); az orvostud. kar dékánja (1931—32). Közben 3 hónapig a berlini R. Koch Int.-ben (1922–23), Rockefeller-ösztöndíjjal a New York-i Columbia Egy. kórtani int. -ében és a bostoni Harward Egy. élettani és biokémiai int. -ében (1923), a párizsi Pasteur Int.-ben folytatott tanulmányokat (1925), ismét Rockefeller-ösztöndíjjal Berlin, Hamburg, Koppenhága, Utrecht, Leyden, Amszterdam, Párizs és Bern élettani int. -eit tanulmányozta (1928). A debreceni egy.-en a közegészségtan (1934–51), a gyógyszertan ny. r. tanára (1934–47), a gyógyszertani int. igazgatója (1934–47); az orvostud. kar dékánja (1941–42); a debreceni orvostud. közegészségtani int. igazgatója, tanszékvezető egy. tanár (1951–), emellett a mikrobiológiai int. megbízott igazgatója (1951–57), nyugdíjazták (1969). Cikkeit, dolgozatait közölte az Orvosi Hetilap, M. Belorvosi Egyes, nagygyűlésének refrátumai, M. Orvosi Archívum, Acta Physiologica, Kísérletes orvostudomány. Kossuth-díjat kapott (1963). A debreceni klinikák udvarán emlékére bronz mellszobrot állítottak, Györfi Sándor alkotását (2010. ápr. 30.). – <strong>F. m.:</strong> A bőr jelentősége a fertőzés és mentesség szempontjából (Rigler Gusztáv Emlékk. Szeged, 1926); A hygiéne tankönyve. Bakács Tiborral (Bp., 1960); Alkalmazott bakteriológia és elméleti alapjai. Váczi Lajossal (Bp., 1966); valamint az Orvosi Lexikon egyes részletei. <br /><strong>Irod.:</strong> MÉL; MNL; ÚMÉL</br></p>

<p>Radnót, 1891. aug. 26., † Debrecen, 1970. aug. 10.: orvos, egyetemi tanár, patológus, higiénikus, mikrobiológus. – A nagyenyedi ref. gimn.-ban érettségizett (1909). Medikusként a kv.-i FJTE Élet- és Kórvegytani Intézetében gyakornok (1913–). A kv.-i egy.-en orvosi oklevelet szerzett (1914. szept. 23.). Behívták katonai szolgálatra, az I. vh.-ban csapatorvos, járvány kórházi osztályorvos, kórházparancsnok, majd hadtest-higiénikus (1914–18). [&hellip;]</p>
