{"id":10862,"date":"2025-06-29T13:33:52","date_gmt":"2025-06-29T11:33:52","guid":{"rendered":"https:\/\/uj.adatbank.ro\/lexikon\/termek\/jeney-ferenc-lehel-istvan-jeney-francisc-l-stefan\/"},"modified":"2025-06-29T13:33:52","modified_gmt":"2025-06-29T11:33:52","slug":"jeney-ferenc-lehel-istvan-jeney-francisc-l-stefan","status":"publish","type":"product","link":"https:\/\/uj.adatbank.ro\/lexikon\/termek\/jeney-ferenc-lehel-istvan-jeney-francisc-l-stefan\/","title":{"rendered":"JENEY Ferenc Lehel Istv\u00e1n, Jeney Francisc L. \u015etefan"},"content":{"rendered":"<p>Mez\u0151cs\u00e1v\u00e1s, 1944. aug. 30., \u2020 Mv., 2004. nov. 29.: fogorvos. \u2013 J. J\u00f3zsef (1897\u20131953) \u00e9s Tolvaly Anna fia. \u2013 Iskol\u00e1skora el\u0151tt m\u00e1r a csal\u00e1dj\u00e1t k\u00e9nyszerlakhelyre hurcolt\u00e1k, az apj\u00e1t kor\u00e1n elvesztette. 17 \u00e9ves kor\u00e1t\u00f3l kezdett dolgozni. A mv.-i OGYI fogorvosi szak\u00e1n v\u00e9gzett (1973). Doktori t\u00e9zis\u00e9t a buk.-i \u201eCarol Davila\u201d OGYE \u2013en v\u00e9dte meg, az orvostudom\u00e1nyok doktora (2003). Magyarforr\u00f3 k\u00f6zs\u00e9gben kezdte tev\u00e9kenys\u00e9g\u00e9t. Sikeres versenyvizsg\u00e1t tett tan\u00e1rseg\u00e9di beoszt\u00e1sra Mv.-en (1976), de sz\u00e1rmaz\u00e1sa miatt nem kapta meg az \u00e1ll\u00e1st. Maros\u00fajv\u00e1rra helyezt\u00e9k (1985), ahol paradontol\u00f3giai kutat\u00f3 munk\u00e1t v\u00e9gzett. F\u0151orvosi vizsg\u00e1t tett (Kv., 1995). A szebeni K\u00f6zeg\u00e9szs\u00e9g\u00fcgyi K\u00f6zpont munkat\u00e1rsa (Centru de S\u0103n\u0103tate Public\u0103 Sibiu) (1992\u2013), majd a buk.-i K\u00f6zeg\u00e9szs\u00e9g\u00fcgyi Int\u00e9zetben (Institutul de S\u0103n\u0103tate Public\u0103)(1997\u2013) tev\u00e9kenykedett. Fogtechnol\u00f3gia ter\u00fclet\u00e9n h\u00e9t \u00faj\u00edt\u00e1sa volt \u00e9s k\u00e9t tal\u00e1lm\u00e1nya (1986, 2002). A csal\u00e1dja adta ki post mortem k\u00e9ziratban maradt munk\u00e1j\u00e1t. S\u00edrja a mv.-i Ref. temet\u0151ben. \u2013 <strong>F. m.:<\/strong> <strong>t\u00e1rssz.:<\/strong> Ghid de diagnostic \u00een parodontologie (Alina Elena P\u00e2rvu-val; Cluj-N., 2006). <br \/><strong>Irod.:<\/strong> csal\u00e1di inf; Kiss\u2013P\u00e9terffy\u2013P\u00e9terffy<\/br><\/p>\n","protected":false},"excerpt":{"rendered":"<p>Mez\u0151cs\u00e1v\u00e1s, 1944. aug. 30., \u2020 Mv., 2004. nov. 29.: fogorvos. \u2013 J. J\u00f3zsef (1897\u20131953) \u00e9s Tolvaly Anna fia. \u2013 Iskol\u00e1skora el\u0151tt m\u00e1r a csal\u00e1dj\u00e1t k\u00e9nyszerlakhelyre hurcolt\u00e1k, az apj\u00e1t kor\u00e1n elvesztette. 17 \u00e9ves kor\u00e1t\u00f3l kezdett dolgozni. A mv.-i OGYI fogorvosi szak\u00e1n v\u00e9gzett (1973). Doktori t\u00e9zis\u00e9t a buk.-i \u201eCarol Davila\u201d OGYE \u2013en v\u00e9dte meg, az orvostudom\u00e1nyok doktora [&hellip;]<\/p>\n","protected":false},"featured_media":0,"comment_status":"open","ping_status":"closed","template":"","meta":[],"product_brand":[],"product_cat":[137],"product_tag":[],"class_list":{"0":"post-10862","1":"product","2":"type-product","3":"status-publish","5":"product_cat-maros-megyei-eletrajzi-lexikon","7":"first","8":"instock","9":"shipping-taxable","10":"product-type-simple"},"_links":{"self":[{"href":"https:\/\/uj.adatbank.ro\/lexikon\/wp-json\/wp\/v2\/product\/10862","targetHints":{"allow":["GET"]}}],"collection":[{"href":"https:\/\/uj.adatbank.ro\/lexikon\/wp-json\/wp\/v2\/product"}],"about":[{"href":"https:\/\/uj.adatbank.ro\/lexikon\/wp-json\/wp\/v2\/types\/product"}],"replies":[{"embeddable":true,"href":"https:\/\/uj.adatbank.ro\/lexikon\/wp-json\/wp\/v2\/comments?post=10862"}],"wp:attachment":[{"href":"https:\/\/uj.adatbank.ro\/lexikon\/wp-json\/wp\/v2\/media?parent=10862"}],"wp:term":[{"taxonomy":"product_brand","embeddable":true,"href":"https:\/\/uj.adatbank.ro\/lexikon\/wp-json\/wp\/v2\/product_brand?post=10862"},{"taxonomy":"product_cat","embeddable":true,"href":"https:\/\/uj.adatbank.ro\/lexikon\/wp-json\/wp\/v2\/product_cat?post=10862"},{"taxonomy":"product_tag","embeddable":true,"href":"https:\/\/uj.adatbank.ro\/lexikon\/wp-json\/wp\/v2\/product_tag?post=10862"}],"curies":[{"name":"wp","href":"https:\/\/api.w.org\/{rel}","templated":true}]}}

JENEY Ferenc Lehel István, Jeney Francisc L. Ştefan

<p>Mezőcsávás, 1944. aug. 30., † Mv., 2004. nov. 29.: fogorvos. – J. József (1897–1953) és Tolvaly Anna fia. – Iskoláskora előtt már a családját kényszerlakhelyre hurcolták, az apját korán elvesztette. 17 éves korától kezdett dolgozni. A mv.-i OGYI fogorvosi szakán végzett (1973). Doktori tézisét a buk.-i „Carol Davila” OGYE –en védte meg, az orvostudományok doktora (2003). Magyarforró községben kezdte tevékenységét. Sikeres versenyvizsgát tett tanársegédi beosztásra Mv.-en (1976), de származása miatt nem kapta meg az állást. Marosújvárra helyezték (1985), ahol paradontológiai kutató munkát végzett. Főorvosi vizsgát tett (Kv., 1995). A szebeni Közegészségügyi Központ munkatársa (Centru de Sănătate Publică Sibiu) (1992–), majd a buk.-i Közegészségügyi Intézetben (Institutul de Sănătate Publică)(1997–) tevékenykedett. Fogtechnológia területén hét újítása volt és két találmánya (1986, 2002). A családja adta ki post mortem kéziratban maradt munkáját. Sírja a mv.-i Ref. temetőben. – <strong>F. m.:</strong> <strong>társsz.:</strong> Ghid de diagnostic în parodontologie (Alina Elena Pârvu-val; Cluj-N., 2006). <br /><strong>Irod.:</strong> családi inf; Kiss–Péterffy–Péterffy</br></p>

<p>Mezőcsávás, 1944. aug. 30., † Mv., 2004. nov. 29.: fogorvos. – J. József (1897–1953) és Tolvaly Anna fia. – Iskoláskora előtt már a családját kényszerlakhelyre hurcolták, az apját korán elvesztette. 17 éves korától kezdett dolgozni. A mv.-i OGYI fogorvosi szakán végzett (1973). Doktori tézisét a buk.-i „Carol Davila” OGYE –en védte meg, az orvostudományok doktora [&hellip;]</p>
