{"id":10865,"date":"2025-06-29T13:33:57","date_gmt":"2025-06-29T11:33:57","guid":{"rendered":"https:\/\/uj.adatbank.ro\/lexikon\/termek\/jeney-istvan-%c2%a7-nagyenyedi\/"},"modified":"2025-06-29T13:33:57","modified_gmt":"2025-06-29T11:33:57","slug":"jeney-istvan-%c2%a7-nagyenyedi","status":"publish","type":"product","link":"https:\/\/uj.adatbank.ro\/lexikon\/termek\/jeney-istvan-%c2%a7-nagyenyedi\/","title":{"rendered":"JENEY Istv\u00e1n, \u00a7 nagyenyedi"},"content":{"rendered":"<p>Mv., 1882. m\u00e1rc. 15., \u2020\u00a0Bp., 1958. dec. 29. v. 1958. szept. 6.: f\u00f6ldbirtokos, gy\u00f3gyszer\u00e9sz. \u2013 Feles\u00e9ge: k\u00f6peci De\u00e1k Margit. Gyermekeik: Elek, h\u0151sihalott; \u00c9va gy\u00f3gyszer\u00e9sz P\u00e1lfalvi G\u00e9z\u00e1n\u00e9; Jen\u0151. \u2013 Gy\u00f3gyszer\u00e9sz oklevelet Kv.-on a FJTE- en (1916) \u00e9s gy\u00f3gyszer\u00e9szdoktorit szerzett (1918). Dics\u0151szentm\u00e1rtonban (1909\u201312), Mv.-en b\u00e9relte a Szentl\u00e9lek gy\u00f3gyszert\u00e1rat (1914\u201316), majd \u00d6rangyal n\u00e9ven nyitott saj\u00e1t gy\u00f3gyszert\u00e1rat (1917\u201323; a Gecse D\u00e1niel u. -ban, Domokos Sz\u00e1ll\u00f3-ban, ma Bolyai Farkas u. 18.), amelynek Konr\u00e1d K\u00e1lm\u00e1n volt a kezel\u0151je (1917\u201326. szept.). Bar\u00f3ton telepedett le (1923\u2013), Fernezelyben \u00faj patik\u00e1t nyitott (1935\u2013), Erd\u0151sz\u00e1d\u00e1n m\u0171k\u00f6d\u00f6tt (1937\u2013). Az \u00e1llamos\u00edt\u00e1s ut\u00e1n csipkebogy\u00f3 feldolgoz\u00f3 Mv.-en. <br \/><strong>Irod.:<\/strong> csal\u00e1di inf.; Mv. \u00e9s a h\u00e1bor\u00fa 2; Mik\u00f3; P\u00e9ter H. M.; P\u00e9ter H. M. 2013; Szentgy\u00f6rgyi<\/br><\/p>\n","protected":false},"excerpt":{"rendered":"<p>Mv., 1882. m\u00e1rc. 15., \u2020\u00a0Bp., 1958. dec. 29. v. 1958. szept. 6.: f\u00f6ldbirtokos, gy\u00f3gyszer\u00e9sz. \u2013 Feles\u00e9ge: k\u00f6peci De\u00e1k Margit. Gyermekeik: Elek, h\u0151sihalott; \u00c9va gy\u00f3gyszer\u00e9sz P\u00e1lfalvi G\u00e9z\u00e1n\u00e9; Jen\u0151. \u2013 Gy\u00f3gyszer\u00e9sz oklevelet Kv.-on a FJTE- en (1916) \u00e9s gy\u00f3gyszer\u00e9szdoktorit szerzett (1918). Dics\u0151szentm\u00e1rtonban (1909\u201312), Mv.-en b\u00e9relte a Szentl\u00e9lek gy\u00f3gyszert\u00e1rat (1914\u201316), majd \u00d6rangyal n\u00e9ven nyitott saj\u00e1t gy\u00f3gyszert\u00e1rat (1917\u201323; a [&hellip;]<\/p>\n","protected":false},"featured_media":0,"comment_status":"open","ping_status":"closed","template":"","meta":[],"product_brand":[],"product_cat":[137],"product_tag":[],"class_list":{"0":"post-10865","1":"product","2":"type-product","3":"status-publish","5":"product_cat-maros-megyei-eletrajzi-lexikon","7":"first","8":"instock","9":"shipping-taxable","10":"product-type-simple"},"_links":{"self":[{"href":"https:\/\/uj.adatbank.ro\/lexikon\/wp-json\/wp\/v2\/product\/10865","targetHints":{"allow":["GET"]}}],"collection":[{"href":"https:\/\/uj.adatbank.ro\/lexikon\/wp-json\/wp\/v2\/product"}],"about":[{"href":"https:\/\/uj.adatbank.ro\/lexikon\/wp-json\/wp\/v2\/types\/product"}],"replies":[{"embeddable":true,"href":"https:\/\/uj.adatbank.ro\/lexikon\/wp-json\/wp\/v2\/comments?post=10865"}],"wp:attachment":[{"href":"https:\/\/uj.adatbank.ro\/lexikon\/wp-json\/wp\/v2\/media?parent=10865"}],"wp:term":[{"taxonomy":"product_brand","embeddable":true,"href":"https:\/\/uj.adatbank.ro\/lexikon\/wp-json\/wp\/v2\/product_brand?post=10865"},{"taxonomy":"product_cat","embeddable":true,"href":"https:\/\/uj.adatbank.ro\/lexikon\/wp-json\/wp\/v2\/product_cat?post=10865"},{"taxonomy":"product_tag","embeddable":true,"href":"https:\/\/uj.adatbank.ro\/lexikon\/wp-json\/wp\/v2\/product_tag?post=10865"}],"curies":[{"name":"wp","href":"https:\/\/api.w.org\/{rel}","templated":true}]}}

JENEY István, § nagyenyedi

<p>Mv., 1882. márc. 15., † Bp., 1958. dec. 29. v. 1958. szept. 6.: földbirtokos, gyógyszerész. – Felesége: köpeci Deák Margit. Gyermekeik: Elek, hősihalott; Éva gyógyszerész Pálfalvi Gézáné; Jenő. – Gyógyszerész oklevelet Kv.-on a FJTE- en (1916) és gyógyszerészdoktorit szerzett (1918). Dicsőszentmártonban (1909–12), Mv.-en bérelte a Szentlélek gyógyszertárat (1914–16), majd Örangyal néven nyitott saját gyógyszertárat (1917–23; a Gecse Dániel u. -ban, Domokos Szálló-ban, ma Bolyai Farkas u. 18.), amelynek Konrád Kálmán volt a kezelője (1917–26. szept.). Baróton telepedett le (1923–), Fernezelyben új patikát nyitott (1935–), Erdőszádán működött (1937–). Az államosítás után csipkebogyó feldolgozó Mv.-en. <br /><strong>Irod.:</strong> családi inf.; Mv. és a háború 2; Mikó; Péter H. M.; Péter H. M. 2013; Szentgyörgyi</br></p>

<p>Mv., 1882. márc. 15., † Bp., 1958. dec. 29. v. 1958. szept. 6.: földbirtokos, gyógyszerész. – Felesége: köpeci Deák Margit. Gyermekeik: Elek, hősihalott; Éva gyógyszerész Pálfalvi Gézáné; Jenő. – Gyógyszerész oklevelet Kv.-on a FJTE- en (1916) és gyógyszerészdoktorit szerzett (1918). Dicsőszentmártonban (1909–12), Mv.-en bérelte a Szentlélek gyógyszertárat (1914–16), majd Örangyal néven nyitott saját gyógyszertárat (1917–23; a [&hellip;]</p>
