{"id":10867,"date":"2025-06-29T13:34:03","date_gmt":"2025-06-29T11:34:03","guid":{"rendered":"https:\/\/uj.adatbank.ro\/lexikon\/termek\/jeney-istvan-nagyenyedi-2\/"},"modified":"2025-06-29T13:34:03","modified_gmt":"2025-06-29T11:34:03","slug":"jeney-istvan-nagyenyedi-2","status":"publish","type":"product","link":"https:\/\/uj.adatbank.ro\/lexikon\/termek\/jeney-istvan-nagyenyedi-2\/","title":{"rendered":"JENEY Istv\u00e1n, nagyenyedi"},"content":{"rendered":"<p>1888 ? \u2020\u00a01941: f\u00f6ldm\u00e9r\u0151-m\u00e9rn\u00f6k. \u2013 \u2013 J. Istv\u00e1n, M\u00c1V f\u0151m\u00e9rn\u00f6k (1850\u20131926) \u00e9s szatymazi Zs\u00f3t\u00e9r Erzs\u00e9bet fia. \u2013 Sportolni kezdett (1905) az MSE-ben, majd az MTK tagja lett (1914\u2013), az MTK egyes\u00fclt az MSE-vel (1919). Sport\u00e9rdemeire val\u00f3 tekintettel v\u00e1lasztm\u00e1nyi tag lett. A korcsoly- m\u0171korcsolya \u00e9s ker\u00e9kp\u00e1r sport\u00e1gakban sz\u00e1mos els\u0151 \u00e9s m\u00e1sodik d\u00edjat nyert. A vezet\u00e9se alatt lev\u0151 szakoszt\u00e1lyok sz\u00e9p eredm\u00e9nyeket \u00e9rtek el a neh\u00e9z k\u00f6r\u00fclm\u00e9nyek ellen\u00e9re. <br \/><strong>Irod.:<\/strong> Pluh\u00e1r; csal\u00e1di inf.<\/br><\/p>\n","protected":false},"excerpt":{"rendered":"<p>1888 ? \u2020\u00a01941: f\u00f6ldm\u00e9r\u0151-m\u00e9rn\u00f6k. \u2013 \u2013 J. Istv\u00e1n, M\u00c1V f\u0151m\u00e9rn\u00f6k (1850\u20131926) \u00e9s szatymazi Zs\u00f3t\u00e9r Erzs\u00e9bet fia. \u2013 Sportolni kezdett (1905) az MSE-ben, majd az MTK tagja lett (1914\u2013), az MTK egyes\u00fclt az MSE-vel (1919). Sport\u00e9rdemeire val\u00f3 tekintettel v\u00e1lasztm\u00e1nyi tag lett. A korcsoly- m\u0171korcsolya \u00e9s ker\u00e9kp\u00e1r sport\u00e1gakban sz\u00e1mos els\u0151 \u00e9s m\u00e1sodik d\u00edjat nyert. A vezet\u00e9se alatt [&hellip;]<\/p>\n","protected":false},"featured_media":0,"comment_status":"open","ping_status":"closed","template":"","meta":[],"product_brand":[],"product_cat":[137],"product_tag":[],"class_list":{"0":"post-10867","1":"product","2":"type-product","3":"status-publish","5":"product_cat-maros-megyei-eletrajzi-lexikon","7":"first","8":"instock","9":"shipping-taxable","10":"product-type-simple"},"_links":{"self":[{"href":"https:\/\/uj.adatbank.ro\/lexikon\/wp-json\/wp\/v2\/product\/10867","targetHints":{"allow":["GET"]}}],"collection":[{"href":"https:\/\/uj.adatbank.ro\/lexikon\/wp-json\/wp\/v2\/product"}],"about":[{"href":"https:\/\/uj.adatbank.ro\/lexikon\/wp-json\/wp\/v2\/types\/product"}],"replies":[{"embeddable":true,"href":"https:\/\/uj.adatbank.ro\/lexikon\/wp-json\/wp\/v2\/comments?post=10867"}],"wp:attachment":[{"href":"https:\/\/uj.adatbank.ro\/lexikon\/wp-json\/wp\/v2\/media?parent=10867"}],"wp:term":[{"taxonomy":"product_brand","embeddable":true,"href":"https:\/\/uj.adatbank.ro\/lexikon\/wp-json\/wp\/v2\/product_brand?post=10867"},{"taxonomy":"product_cat","embeddable":true,"href":"https:\/\/uj.adatbank.ro\/lexikon\/wp-json\/wp\/v2\/product_cat?post=10867"},{"taxonomy":"product_tag","embeddable":true,"href":"https:\/\/uj.adatbank.ro\/lexikon\/wp-json\/wp\/v2\/product_tag?post=10867"}],"curies":[{"name":"wp","href":"https:\/\/api.w.org\/{rel}","templated":true}]}}

JENEY István, nagyenyedi

<p>1888 ? † 1941: földmérő-mérnök. – – J. István, MÁV főmérnök (1850–1926) és szatymazi Zsótér Erzsébet fia. – Sportolni kezdett (1905) az MSE-ben, majd az MTK tagja lett (1914–), az MTK egyesült az MSE-vel (1919). Sportérdemeire való tekintettel választmányi tag lett. A korcsoly- műkorcsolya és kerékpár sportágakban számos első és második díjat nyert. A vezetése alatt levő szakosztályok szép eredményeket értek el a nehéz körülmények ellenére. <br /><strong>Irod.:</strong> Pluhár; családi inf.</br></p>

<p>1888 ? † 1941: földmérő-mérnök. – – J. István, MÁV főmérnök (1850–1926) és szatymazi Zsótér Erzsébet fia. – Sportolni kezdett (1905) az MSE-ben, majd az MTK tagja lett (1914–), az MTK egyesült az MSE-vel (1919). Sportérdemeire való tekintettel választmányi tag lett. A korcsoly- műkorcsolya és kerékpár sportágakban számos első és második díjat nyert. A vezetése alatt [&hellip;]</p>
