{"id":10869,"date":"2025-06-29T13:34:06","date_gmt":"2025-06-29T11:34:06","guid":{"rendered":"https:\/\/uj.adatbank.ro\/lexikon\/termek\/jeney-jeno-%c2%a7-jevgenyij-jenei-jeno\/"},"modified":"2025-06-29T13:34:06","modified_gmt":"2025-06-29T11:34:06","slug":"jeney-jeno-%c2%a7-jevgenyij-jenei-jeno","status":"publish","type":"product","link":"https:\/\/uj.adatbank.ro\/lexikon\/termek\/jeney-jeno-%c2%a7-jevgenyij-jenei-jeno\/","title":{"rendered":"JENEY Jen\u0151, \u00a7 Jevgenyij, Jenei Jen\u0151"},"content":{"rendered":"<p>Radn\u00f3t, 1890. j\u00fan. 9., \u2020 Leningr\u00e1d, 1971. j\u00fan. 6.: d\u00edszlettervez\u0151, fest\u0151m\u0171v\u00e9sz. \u2013 J. J., radn\u00f3ti gy\u00f3gyszer\u00e9sz \u00e9s Nagy Ad\u00e9l k\u00e9zimunka-tan\u00e1rn\u0151 fia. -Nagyenyeden kezdte a koll. -ot, majd a kv.-i ref. koll.-ban \u00e9retts\u00e9gizett (1908). Kv.-on ismerkedett meg Kun B\u00e9l\u00e1val. A bp.-i m\u0171egy. \u00e9p\u00edt\u00e9szm\u00e9rn\u00f6ki oszt\u00e1ly\u00e1n tanult, de tanulm\u00e1nyait abbahagyva egy \u00e9p\u00edt\u00e9szeti irod\u00e1ban v\u00e1llalt munk\u00e1t, emellett iparm\u0171v\u00e9szettel \u00e9s fest\u00e9szettel foglalkozott. M\u00e1r egyetemista kor\u00e1ban bekapcsol\u00f3dott a forr.-i ifj. mozgalmakba, s a Galilei K\u00f6r tagja lett. Az I. vh.-ban orosz fogs\u00e1gba esett. Jelentkezett a V\u00f6r\u00f6s Hadseregbe katon\u00e1nak (1919). Zalka M\u00e1t\u00e9val, Pogonyi Antal \u00edr\u00f3val \u00e9s Olcsai Kiss Zolt\u00e1n szobr\u00e1sszal a h\u00edres Aranyvonat sz\u00e1ll\u00edtm\u00e1ny\u00e1nak k\u00eds\u00e9r\u0151je (1920), majd Kazanyban p\u00e1rtiskola el\u0151ad\u00f3. Petrogr\u00e1dba (k\u00e9s\u0151bb Leningr\u00e1dba) ker\u00fclt (1921). R\u00e9szt vett a szovjet \u00e1llami filmgy\u00e1rt\u00e1s megszervez\u00e9s\u00e9ben (1921-t\u0151l), majd egy internacionalista iskola politikai komissz\u00e1rhelyettesek\u00e9nt szerelt le a hadseregb\u0151l (1923). Leningr\u00e1dban, a Szevzapikino \u00e1llami filmv\u00e1llalat d\u00edszlettervez\u0151je (1923-t\u00f3l). N\u00e9h\u00e1ny \u00e9vet kiv\u00e9ve, amikor Kazahszt\u00e1nban tart\u00f3zkodott (1937\u20131945) v\u00e9gig Leningr\u00e1dban \u00e9lt. Egy ideig a Lenfilm d\u00edszlettervez\u0151je volt. Az els\u0151 film, melynek d\u00edszleteit tervezte a V\u00f6r\u00f6s partz\u00e1nok (1924). F\u0151k\u00e9nt L. Trauberg, G. Kozincev, majd F. Ermler filmjeihez k\u00e9sz\u00edtett d\u00edszletterveke. Kozincevvel annyira j\u00f3l dolgoztak a m\u0171v\u00e9szi munk\u00e1ban, hogy amikor Kozincev nyolc \u00e9vig sz\u00ednh\u00e1zi rendez\u0151k\u00e9nt dolgozott, vele egy\u00fctt nyolc \u00e9vig sz\u00ednpadk\u00e9peket tervezett. 48 \u00e9vet dolgozott filmgy\u00e1rban. A kezdeti expressziv st\u00edlus\u00e1t m\u00e1r az 1930-as \u00e9vekben realista st\u00edlusjegyek v\u00e1ltott\u00e1k fel. Fest\u0151nek vallotta mag\u00e1t, de: \u201eSeg\u00edteni szerettem volna a filmnek abban, hogy igaz\u00e1n m\u0171v\u00e9szett\u00e9 v\u00e1ljon\u201d. \u2013 <strong>F. f.:<\/strong>: Gogol: K\u00f6peny, \u00daj Babilon, A c\u00e1r utols\u00f3 alattval\u00f3ja, \u00c9s felkel a nap, A 217-es deport\u00e1lt (1945), Don Quijote (1956), Hamlet (G. Kropacsevvel, 1964) \u00e9s az utols\u00f3 Koznicev sz\u00e1m\u00e1ra a Lear kir\u00e1ly d\u00edszletterveit k\u00e9sz\u00edtette (1970). <strong>Kit\u00fcntet\u00e9sei:<\/strong> \u00c9rdemes m\u0171v\u00e9sz (1935), \u00c1llami D\u00edj (szovjet, 1948), a SZU n\u00e9pm\u0171v\u00e9sze (1965). <br \/><strong>Irod.:<\/strong> Marosi Ildik\u00f3: Radn\u00f3tr\u00f3l indult (\u00daj \u00c9let, 18. sz., 1971); M\u00c9L; R\u00daL; \u00daM\u00c9L<\/br><\/p>\n","protected":false},"excerpt":{"rendered":"<p>Radn\u00f3t, 1890. j\u00fan. 9., \u2020 Leningr\u00e1d, 1971. j\u00fan. 6.: d\u00edszlettervez\u0151, fest\u0151m\u0171v\u00e9sz. \u2013 J. J., radn\u00f3ti gy\u00f3gyszer\u00e9sz \u00e9s Nagy Ad\u00e9l k\u00e9zimunka-tan\u00e1rn\u0151 fia. -Nagyenyeden kezdte a koll. -ot, majd a kv.-i ref. koll.-ban \u00e9retts\u00e9gizett (1908). Kv.-on ismerkedett meg Kun B\u00e9l\u00e1val. A bp.-i m\u0171egy. \u00e9p\u00edt\u00e9szm\u00e9rn\u00f6ki oszt\u00e1ly\u00e1n tanult, de tanulm\u00e1nyait abbahagyva egy \u00e9p\u00edt\u00e9szeti irod\u00e1ban v\u00e1llalt munk\u00e1t, emellett iparm\u0171v\u00e9szettel \u00e9s [&hellip;]<\/p>\n","protected":false},"featured_media":0,"comment_status":"open","ping_status":"closed","template":"","meta":[],"product_brand":[],"product_cat":[137],"product_tag":[],"class_list":{"0":"post-10869","1":"product","2":"type-product","3":"status-publish","5":"product_cat-maros-megyei-eletrajzi-lexikon","7":"first","8":"instock","9":"shipping-taxable","10":"product-type-simple"},"_links":{"self":[{"href":"https:\/\/uj.adatbank.ro\/lexikon\/wp-json\/wp\/v2\/product\/10869","targetHints":{"allow":["GET"]}}],"collection":[{"href":"https:\/\/uj.adatbank.ro\/lexikon\/wp-json\/wp\/v2\/product"}],"about":[{"href":"https:\/\/uj.adatbank.ro\/lexikon\/wp-json\/wp\/v2\/types\/product"}],"replies":[{"embeddable":true,"href":"https:\/\/uj.adatbank.ro\/lexikon\/wp-json\/wp\/v2\/comments?post=10869"}],"wp:attachment":[{"href":"https:\/\/uj.adatbank.ro\/lexikon\/wp-json\/wp\/v2\/media?parent=10869"}],"wp:term":[{"taxonomy":"product_brand","embeddable":true,"href":"https:\/\/uj.adatbank.ro\/lexikon\/wp-json\/wp\/v2\/product_brand?post=10869"},{"taxonomy":"product_cat","embeddable":true,"href":"https:\/\/uj.adatbank.ro\/lexikon\/wp-json\/wp\/v2\/product_cat?post=10869"},{"taxonomy":"product_tag","embeddable":true,"href":"https:\/\/uj.adatbank.ro\/lexikon\/wp-json\/wp\/v2\/product_tag?post=10869"}],"curies":[{"name":"wp","href":"https:\/\/api.w.org\/{rel}","templated":true}]}}

JENEY Jenő, § Jevgenyij, Jenei Jenő

<p>Radnót, 1890. jún. 9., † Leningrád, 1971. jún. 6.: díszlettervező, festőművész. – J. J., radnóti gyógyszerész és Nagy Adél kézimunka-tanárnő fia. -Nagyenyeden kezdte a koll. -ot, majd a kv.-i ref. koll.-ban érettségizett (1908). Kv.-on ismerkedett meg Kun Bélával. A bp.-i műegy. építészmérnöki osztályán tanult, de tanulmányait abbahagyva egy építészeti irodában vállalt munkát, emellett iparművészettel és festészettel foglalkozott. Már egyetemista korában bekapcsolódott a forr.-i ifj. mozgalmakba, s a Galilei Kör tagja lett. Az I. vh.-ban orosz fogságba esett. Jelentkezett a Vörös Hadseregbe katonának (1919). Zalka Mátéval, Pogonyi Antal íróval és Olcsai Kiss Zoltán szobrásszal a híres Aranyvonat szállítmányának kísérője (1920), majd Kazanyban pártiskola előadó. Petrográdba (később Leningrádba) került (1921). Részt vett a szovjet állami filmgyártás megszervezésében (1921-től), majd egy internacionalista iskola politikai komisszárhelyetteseként szerelt le a hadseregből (1923). Leningrádban, a Szevzapikino állami filmvállalat díszlettervezője (1923-tól). Néhány évet kivéve, amikor Kazahsztánban tartózkodott (1937–1945) végig Leningrádban élt. Egy ideig a Lenfilm díszlettervezője volt. Az első film, melynek díszleteit tervezte a Vörös partzánok (1924). Főként L. Trauberg, G. Kozincev, majd F. Ermler filmjeihez készített díszletterveke. Kozincevvel annyira jól dolgoztak a művészi munkában, hogy amikor Kozincev nyolc évig színházi rendezőként dolgozott, vele együtt nyolc évig színpadképeket tervezett. 48 évet dolgozott filmgyárban. A kezdeti expressziv stílusát már az 1930-as években realista stílusjegyek váltották fel. Festőnek vallotta magát, de: „Segíteni szerettem volna a filmnek abban, hogy igazán művészetté váljon”. – <strong>F. f.:</strong>: Gogol: Köpeny, Új Babilon, A cár utolsó alattvalója, És felkel a nap, A 217-es deportált (1945), Don Quijote (1956), Hamlet (G. Kropacsevvel, 1964) és az utolsó Koznicev számára a Lear király díszletterveit készítette (1970). <strong>Kitüntetései:</strong> Érdemes művész (1935), Állami Díj (szovjet, 1948), a SZU népművésze (1965). <br /><strong>Irod.:</strong> Marosi Ildikó: Radnótról indult (Új Élet, 18. sz., 1971); MÉL; RÚL; ÚMÉL</br></p>

<p>Radnót, 1890. jún. 9., † Leningrád, 1971. jún. 6.: díszlettervező, festőművész. – J. J., radnóti gyógyszerész és Nagy Adél kézimunka-tanárnő fia. -Nagyenyeden kezdte a koll. -ot, majd a kv.-i ref. koll.-ban érettségizett (1908). Kv.-on ismerkedett meg Kun Bélával. A bp.-i műegy. építészmérnöki osztályán tanult, de tanulmányait abbahagyva egy építészeti irodában vállalt munkát, emellett iparművészettel és [&hellip;]</p>
