{"id":10870,"date":"2025-06-29T13:34:08","date_gmt":"2025-06-29T11:34:08","guid":{"rendered":"https:\/\/uj.adatbank.ro\/lexikon\/termek\/jeney-jeno-nagyenyedi-jenei-jeno\/"},"modified":"2025-06-29T13:34:08","modified_gmt":"2025-06-29T11:34:08","slug":"jeney-jeno-nagyenyedi-jenei-jeno","status":"publish","type":"product","link":"https:\/\/uj.adatbank.ro\/lexikon\/termek\/jeney-jeno-nagyenyedi-jenei-jeno\/","title":{"rendered":"JENEY Jen\u0151, nagyenyedi, Jenei Jen\u0151"},"content":{"rendered":"<p>1850., \u2020\u00a01920. m\u00e1j. 2.: gy\u00f3gyszer\u00e9sz. \u2013 Jeney Elek (1826\u20131887) \u00e9s kapronczai Horv\u00e1th Katalin (1826\u20131911) fia. Testv\u00e9re: Erzs\u00e9bet Berde K\u00e1rolyn\u00e9. Feles\u00e9ge: 1. Greskovits Berta (1860 \u2013 Mv., 1883. jan. 19.), gyermekeik: Ir\u00e9n Gy\u00f6rgy Jen\u0151n\u00e9; Istv\u00e1n (1882\u20131958), gy\u00f3gyszer\u00e9sz; 2. Feles\u00e9g: mez\u0151b\u00e1ndi Nagy Ad\u00e9l (\u2020 Mv., 1938. okt. 3.), gyermekeik: Zelma B\u00fcchel G\u00e1born\u00e9; Jen\u0151, film \u00e9s d\u00edszlettervez\u0151 (1890\u20131971); Endre, orvos prof. Debrecenben (1891. aug. 20. \u2013 1971. szept. 10.); Ad\u00e9l (1893-?) gy\u00f3gyszer\u00e9sz, Szegeden kapott oklevelet (1922); Anna (1896-Radn\u00f3t, 1914. m\u00e1j. 29). \u2013 Mv.-en volt gyakornok (1875. k.), Radn\u00f3ton a Korona gy\u00f3gyszert\u00e1r tulajdonosa. <br \/><strong>Irod.:<\/strong> csal\u00e1di inf.; Gy\u00e1szjelent\u0151; Marosi Ildik\u00f3: Radn\u00f3tr\u00f3l indult (\u00daj \u00c9let, 18. sz., 1971); P\u00e9ter H. M.; P\u00e9ter H. M. 2013<\/br><\/p>\n","protected":false},"excerpt":{"rendered":"<p>1850., \u2020\u00a01920. m\u00e1j. 2.: gy\u00f3gyszer\u00e9sz. \u2013 Jeney Elek (1826\u20131887) \u00e9s kapronczai Horv\u00e1th Katalin (1826\u20131911) fia. Testv\u00e9re: Erzs\u00e9bet Berde K\u00e1rolyn\u00e9. Feles\u00e9ge: 1. Greskovits Berta (1860 \u2013 Mv., 1883. jan. 19.), gyermekeik: Ir\u00e9n Gy\u00f6rgy Jen\u0151n\u00e9; Istv\u00e1n (1882\u20131958), gy\u00f3gyszer\u00e9sz; 2. Feles\u00e9g: mez\u0151b\u00e1ndi Nagy Ad\u00e9l (\u2020 Mv., 1938. okt. 3.), gyermekeik: Zelma B\u00fcchel G\u00e1born\u00e9; Jen\u0151, film \u00e9s d\u00edszlettervez\u0151 (1890\u20131971); [&hellip;]<\/p>\n","protected":false},"featured_media":0,"comment_status":"open","ping_status":"closed","template":"","meta":[],"product_brand":[],"product_cat":[137],"product_tag":[],"class_list":{"0":"post-10870","1":"product","2":"type-product","3":"status-publish","5":"product_cat-maros-megyei-eletrajzi-lexikon","7":"first","8":"instock","9":"shipping-taxable","10":"product-type-simple"},"_links":{"self":[{"href":"https:\/\/uj.adatbank.ro\/lexikon\/wp-json\/wp\/v2\/product\/10870","targetHints":{"allow":["GET"]}}],"collection":[{"href":"https:\/\/uj.adatbank.ro\/lexikon\/wp-json\/wp\/v2\/product"}],"about":[{"href":"https:\/\/uj.adatbank.ro\/lexikon\/wp-json\/wp\/v2\/types\/product"}],"replies":[{"embeddable":true,"href":"https:\/\/uj.adatbank.ro\/lexikon\/wp-json\/wp\/v2\/comments?post=10870"}],"wp:attachment":[{"href":"https:\/\/uj.adatbank.ro\/lexikon\/wp-json\/wp\/v2\/media?parent=10870"}],"wp:term":[{"taxonomy":"product_brand","embeddable":true,"href":"https:\/\/uj.adatbank.ro\/lexikon\/wp-json\/wp\/v2\/product_brand?post=10870"},{"taxonomy":"product_cat","embeddable":true,"href":"https:\/\/uj.adatbank.ro\/lexikon\/wp-json\/wp\/v2\/product_cat?post=10870"},{"taxonomy":"product_tag","embeddable":true,"href":"https:\/\/uj.adatbank.ro\/lexikon\/wp-json\/wp\/v2\/product_tag?post=10870"}],"curies":[{"name":"wp","href":"https:\/\/api.w.org\/{rel}","templated":true}]}}

JENEY Jenő, nagyenyedi, Jenei Jenő

<p>1850., † 1920. máj. 2.: gyógyszerész. – Jeney Elek (1826–1887) és kapronczai Horváth Katalin (1826–1911) fia. Testvére: Erzsébet Berde Károlyné. Felesége: 1. Greskovits Berta (1860 – Mv., 1883. jan. 19.), gyermekeik: Irén György Jenőné; István (1882–1958), gyógyszerész; 2. Feleség: mezőbándi Nagy Adél († Mv., 1938. okt. 3.), gyermekeik: Zelma Büchel Gáborné; Jenő, film és díszlettervező (1890–1971); Endre, orvos prof. Debrecenben (1891. aug. 20. – 1971. szept. 10.); Adél (1893-?) gyógyszerész, Szegeden kapott oklevelet (1922); Anna (1896-Radnót, 1914. máj. 29). – Mv.-en volt gyakornok (1875. k.), Radnóton a Korona gyógyszertár tulajdonosa. <br /><strong>Irod.:</strong> családi inf.; Gyászjelentő; Marosi Ildikó: Radnótról indult (Új Élet, 18. sz., 1971); Péter H. M.; Péter H. M. 2013</br></p>

<p>1850., † 1920. máj. 2.: gyógyszerész. – Jeney Elek (1826–1887) és kapronczai Horváth Katalin (1826–1911) fia. Testvére: Erzsébet Berde Károlyné. Felesége: 1. Greskovits Berta (1860 – Mv., 1883. jan. 19.), gyermekeik: Irén György Jenőné; István (1882–1958), gyógyszerész; 2. Feleség: mezőbándi Nagy Adél († Mv., 1938. okt. 3.), gyermekeik: Zelma Büchel Gáborné; Jenő, film és díszlettervező (1890–1971); [&hellip;]</p>
