{"id":10873,"date":"2025-06-29T13:34:14","date_gmt":"2025-06-29T11:34:14","guid":{"rendered":"https:\/\/uj.adatbank.ro\/lexikon\/termek\/jeney-jozsef-nagyenyedi\/"},"modified":"2025-06-29T13:34:14","modified_gmt":"2025-06-29T11:34:14","slug":"jeney-jozsef-nagyenyedi","status":"publish","type":"product","link":"https:\/\/uj.adatbank.ro\/lexikon\/termek\/jeney-jozsef-nagyenyedi\/","title":{"rendered":"JENEY J\u00f3zsef, nagyenyedi"},"content":{"rendered":"<p>Mez\u0151cs\u00e1v\u00e1s, 1897. jan. 30., \u2020 Mv., 1953. dec. 20.: \u00fcgyv\u00e9d, husz\u00e1rhadnagy, vit\u00e9z, f\u0151szolgab\u00edr\u00f3, f\u00f6ldbirtokos. \u2013 J. J\u00f3zsef Istv\u00e1n \u00e9s Kiss Ilona fia. Feles\u00e9ge: jobb\u00e1gytelki Tolvaly \/ Tolvaj Anna (1913\u20131995). \u2013 A jogi egyetemet Kv.-on v\u00e9gezte. Gazd\u00e1lkodott, majd k\u00f6zigazgat\u00e1si p\u00e1ly\u00e1ra l\u00e9pett (1940\u2013). R\u00e9szt vett az I. vh.-ban (1916. j\u00fal. 20. \u2013), hadnagy, dr. \u00fcgyv\u00e9d. <strong>Kit\u00fcntet\u00e9sei:<\/strong> nagy ez\u00fcst, kis ez\u00fcst \u00e9s K\u00e1roly kereszt, a vit\u00e9zi rend tagja. <br \/><strong>Irod.:<\/strong> csal\u00e1di inf.; Berekm\u00e9ri\u2013Nemes; Erd\u00e9lyi v\u00e1rmegy\u00e9k; Koszta; P\u00e1lmay<\/br><\/p>\n","protected":false},"excerpt":{"rendered":"<p>Mez\u0151cs\u00e1v\u00e1s, 1897. jan. 30., \u2020 Mv., 1953. dec. 20.: \u00fcgyv\u00e9d, husz\u00e1rhadnagy, vit\u00e9z, f\u0151szolgab\u00edr\u00f3, f\u00f6ldbirtokos. \u2013 J. J\u00f3zsef Istv\u00e1n \u00e9s Kiss Ilona fia. Feles\u00e9ge: jobb\u00e1gytelki Tolvaly \/ Tolvaj Anna (1913\u20131995). \u2013 A jogi egyetemet Kv.-on v\u00e9gezte. Gazd\u00e1lkodott, majd k\u00f6zigazgat\u00e1si p\u00e1ly\u00e1ra l\u00e9pett (1940\u2013). R\u00e9szt vett az I. vh.-ban (1916. j\u00fal. 20. \u2013), hadnagy, dr. \u00fcgyv\u00e9d. Kit\u00fcntet\u00e9sei: nagy [&hellip;]<\/p>\n","protected":false},"featured_media":0,"comment_status":"open","ping_status":"closed","template":"","meta":[],"product_brand":[],"product_cat":[137],"product_tag":[],"class_list":{"0":"post-10873","1":"product","2":"type-product","3":"status-publish","5":"product_cat-maros-megyei-eletrajzi-lexikon","7":"first","8":"instock","9":"shipping-taxable","10":"product-type-simple"},"_links":{"self":[{"href":"https:\/\/uj.adatbank.ro\/lexikon\/wp-json\/wp\/v2\/product\/10873","targetHints":{"allow":["GET"]}}],"collection":[{"href":"https:\/\/uj.adatbank.ro\/lexikon\/wp-json\/wp\/v2\/product"}],"about":[{"href":"https:\/\/uj.adatbank.ro\/lexikon\/wp-json\/wp\/v2\/types\/product"}],"replies":[{"embeddable":true,"href":"https:\/\/uj.adatbank.ro\/lexikon\/wp-json\/wp\/v2\/comments?post=10873"}],"wp:attachment":[{"href":"https:\/\/uj.adatbank.ro\/lexikon\/wp-json\/wp\/v2\/media?parent=10873"}],"wp:term":[{"taxonomy":"product_brand","embeddable":true,"href":"https:\/\/uj.adatbank.ro\/lexikon\/wp-json\/wp\/v2\/product_brand?post=10873"},{"taxonomy":"product_cat","embeddable":true,"href":"https:\/\/uj.adatbank.ro\/lexikon\/wp-json\/wp\/v2\/product_cat?post=10873"},{"taxonomy":"product_tag","embeddable":true,"href":"https:\/\/uj.adatbank.ro\/lexikon\/wp-json\/wp\/v2\/product_tag?post=10873"}],"curies":[{"name":"wp","href":"https:\/\/api.w.org\/{rel}","templated":true}]}}

JENEY József, nagyenyedi

<p>Mezőcsávás, 1897. jan. 30., † Mv., 1953. dec. 20.: ügyvéd, huszárhadnagy, vitéz, főszolgabíró, földbirtokos. – J. József István és Kiss Ilona fia. Felesége: jobbágytelki Tolvaly / Tolvaj Anna (1913–1995). – A jogi egyetemet Kv.-on végezte. Gazdálkodott, majd közigazgatási pályára lépett (1940–). Részt vett az I. vh.-ban (1916. júl. 20. –), hadnagy, dr. ügyvéd. <strong>Kitüntetései:</strong> nagy ezüst, kis ezüst és Károly kereszt, a vitézi rend tagja. <br /><strong>Irod.:</strong> családi inf.; Berekméri–Nemes; Erdélyi vármegyék; Koszta; Pálmay</br></p>

<p>Mezőcsávás, 1897. jan. 30., † Mv., 1953. dec. 20.: ügyvéd, huszárhadnagy, vitéz, főszolgabíró, földbirtokos. – J. József István és Kiss Ilona fia. Felesége: jobbágytelki Tolvaly / Tolvaj Anna (1913–1995). – A jogi egyetemet Kv.-on végezte. Gazdálkodott, majd közigazgatási pályára lépett (1940–). Részt vett az I. vh.-ban (1916. júl. 20. –), hadnagy, dr. ügyvéd. Kitüntetései: nagy [&hellip;]</p>
