{"id":10874,"date":"2025-06-29T13:34:16","date_gmt":"2025-06-29T11:34:16","guid":{"rendered":"https:\/\/uj.adatbank.ro\/lexikon\/termek\/jeney-jozsef-nagyenyedi-jenei-jozsef\/"},"modified":"2025-06-29T13:34:16","modified_gmt":"2025-06-29T11:34:16","slug":"jeney-jozsef-nagyenyedi-jenei-jozsef","status":"publish","type":"product","link":"https:\/\/uj.adatbank.ro\/lexikon\/termek\/jeney-jozsef-nagyenyedi-jenei-jozsef\/","title":{"rendered":"JENEY J\u00f3zsef, nagyenyedi, Jenei J\u00f3zsef"},"content":{"rendered":"<p>Mez\u0151cs\u00e1v\u00e1s, 1821. m\u00e1j. 21., \u2020 Mv, 1880. aug. 12. Temet\u00e9se Mez\u0151cs\u00e1v\u00e1son a csal\u00e1di s\u00edrboltba (1880. aug. 23.): szolgab\u00edr\u00f3; kir\u00e1lyb\u00edr\u00f3, aljegyz\u0151, ogy.-i k\u00e9pvisel\u0151, honv\u00e9d \u0151rnagy. \u2013 J. J\u00f3zsef (1783\u20131865) \u00e9s Zudor Rachel fia. Testv\u00e9rei: Zs\u00e1net Magyari P\u00e1ln\u00e9; K\u00e1roly (1828\u20131903), gy\u00f3gyszer\u00e9sz, honv\u00e9dsz\u00e1zados; Albert (1834\u201378), gy\u00f3gyszer\u00e9sz; Rachel Szolga Mikl\u00f3sn\u00e9; Krisztina Prekup Aureln\u00e9; D\u00e9nes; Lajos; Victor. Feles\u00e9ge: Weranneman de Wattervfliet R\u00f3za. Gyermekeik: R\u00f3za, J\u00f3zsef, Istv\u00e1n (1864\u20131931), Victor, Margit Husz\u00e1r Gyul\u00e1n\u00e9. Honv\u00e9d\u0151rnagy, a marossz\u00e9ki \u00f6nk\u00e9ntes nemzet\u0151r z\u00e1szl\u00f3alj sz\u00e1zadosa (1848. szept. \u2013), Marossz\u00e9k polg\u00e1ri biztosa (1849. jan. \u2013). Malomfalva, S\u00f3spatak \u00e9s N\u00e1zn\u00e1nfalva j\u00e1r\u00e1sban m\u0171k\u00f6d\u00f6tt. Jelentette a kir\u00e1lyb\u00edr\u00f3nak: j\u00e1r\u00e1s\u00e1ban a rom\u00e1n lakoss\u00e1g engedetlen, nem fogadja el a m. t\u00f6rv\u00e9nyeket, bujtogatnak, \u00f6nk\u00e9nyesen a cs\u00e1sz\u00e1rh\u0171 Vasile Pop\/Pap L\u00e1szl\u00f3t, a kerel\u0151i rom\u00e1n pap fi\u00e1t, ismert\u00e9k el szolgab\u00edr\u00f3k\u00e9nt. \u2013 Szolgab\u00edr\u00f3k\u00e9nt (dul\u00f3biztos) N\u00e1zn\u00e1nfalv\u00e1n elfogta Vasile Popp tribunust \u00e9s kilenc t\u00e1rs\u00e1t, akik a forradalom ellen izgattak (1848. okt.). Vad\u00e1szcsapatot alak\u00edtott a v\u00e1ros v\u00e9delm\u00e9re (1849. jan.). A forradalom lever\u00e9se ut\u00e1n, f\u00fcggetlens\u00e9gi szervezked\u00e9s v\u00e1dj\u00e1val letart\u00f3ztatt\u00e1k \u00e9s el\u00edt\u00e9lt\u00e9k (1850\u2013). K\u00f6zel h\u00e9t \u00e9vig raboskodott Szebenben majd Josefstadtban. B\u00e1tyja K\u00e1roly k\u00f6zbenj\u00e1r\u00e1s\u00e1ra kapott amneszti\u00e1t (1859). Marossz\u00e9k kir\u00e1lyb\u00edr\u00e1ja, aljegy\u0151je, Marostordamegye mv.-i ker\u00fclet\u00e9nek ogy.-i k\u00e9pvisel\u0151je h\u00e1rom ogy.-i szakaszban. \u2013 <strong>F. m.:<\/strong> Ny\u00edlt lev\u00e9l (Mv., 1897); Nyilatkozat a v\u00e1laszt\u00f3khoz (Mv., 1875). <br \/><strong>Irod.:<\/strong> 1848\u20131849 Marossz\u00e9k; csal\u00e1di inf.; De\u00e1k Farkas: Fogs\u00e1gom t\u00f6rt\u00e9nete (Buk., 1972); Gy\u00e1szjelent\u0151; Id\u0151t\u00e1r 2; Keresztes Gyula: \u00d6r\u00f6ks\u00e9g\u00fcnk 79.: A mez\u0151cs\u00e1v\u00e1si udvarh\u00e1z (N\u00fa., 1995. j\u00fan. 24.); P\u00e1lmay; P\u00e9ter H. M.; P\u00e9ter H. M. 2013; Regh. Cult. (10., 2010.); Szinnyei; Szinnyei J; Vas\u00e1rnapi \u00dajs\u00e1g (1880. 34. sz)<\/br><\/p>\n","protected":false},"excerpt":{"rendered":"<p>Mez\u0151cs\u00e1v\u00e1s, 1821. m\u00e1j. 21., \u2020 Mv, 1880. aug. 12. Temet\u00e9se Mez\u0151cs\u00e1v\u00e1son a csal\u00e1di s\u00edrboltba (1880. aug. 23.): szolgab\u00edr\u00f3; kir\u00e1lyb\u00edr\u00f3, aljegyz\u0151, ogy.-i k\u00e9pvisel\u0151, honv\u00e9d \u0151rnagy. \u2013 J. J\u00f3zsef (1783\u20131865) \u00e9s Zudor Rachel fia. Testv\u00e9rei: Zs\u00e1net Magyari P\u00e1ln\u00e9; K\u00e1roly (1828\u20131903), gy\u00f3gyszer\u00e9sz, honv\u00e9dsz\u00e1zados; Albert (1834\u201378), gy\u00f3gyszer\u00e9sz; Rachel Szolga Mikl\u00f3sn\u00e9; Krisztina Prekup Aureln\u00e9; D\u00e9nes; Lajos; Victor. Feles\u00e9ge: Weranneman de [&hellip;]<\/p>\n","protected":false},"featured_media":0,"comment_status":"open","ping_status":"closed","template":"","meta":[],"product_brand":[],"product_cat":[137],"product_tag":[],"class_list":{"0":"post-10874","1":"product","2":"type-product","3":"status-publish","5":"product_cat-maros-megyei-eletrajzi-lexikon","7":"first","8":"instock","9":"shipping-taxable","10":"product-type-simple"},"_links":{"self":[{"href":"https:\/\/uj.adatbank.ro\/lexikon\/wp-json\/wp\/v2\/product\/10874","targetHints":{"allow":["GET"]}}],"collection":[{"href":"https:\/\/uj.adatbank.ro\/lexikon\/wp-json\/wp\/v2\/product"}],"about":[{"href":"https:\/\/uj.adatbank.ro\/lexikon\/wp-json\/wp\/v2\/types\/product"}],"replies":[{"embeddable":true,"href":"https:\/\/uj.adatbank.ro\/lexikon\/wp-json\/wp\/v2\/comments?post=10874"}],"wp:attachment":[{"href":"https:\/\/uj.adatbank.ro\/lexikon\/wp-json\/wp\/v2\/media?parent=10874"}],"wp:term":[{"taxonomy":"product_brand","embeddable":true,"href":"https:\/\/uj.adatbank.ro\/lexikon\/wp-json\/wp\/v2\/product_brand?post=10874"},{"taxonomy":"product_cat","embeddable":true,"href":"https:\/\/uj.adatbank.ro\/lexikon\/wp-json\/wp\/v2\/product_cat?post=10874"},{"taxonomy":"product_tag","embeddable":true,"href":"https:\/\/uj.adatbank.ro\/lexikon\/wp-json\/wp\/v2\/product_tag?post=10874"}],"curies":[{"name":"wp","href":"https:\/\/api.w.org\/{rel}","templated":true}]}}

JENEY József, nagyenyedi, Jenei József

<p>Mezőcsávás, 1821. máj. 21., † Mv, 1880. aug. 12. Temetése Mezőcsáváson a családi sírboltba (1880. aug. 23.): szolgabíró; királybíró, aljegyző, ogy.-i képviselő, honvéd őrnagy. – J. József (1783–1865) és Zudor Rachel fia. Testvérei: Zsánet Magyari Pálné; Károly (1828–1903), gyógyszerész, honvédszázados; Albert (1834–78), gyógyszerész; Rachel Szolga Miklósné; Krisztina Prekup Aurelné; Dénes; Lajos; Victor. Felesége: Weranneman de Wattervfliet Róza. Gyermekeik: Róza, József, István (1864–1931), Victor, Margit Huszár Gyuláné. Honvédőrnagy, a marosszéki önkéntes nemzetőr zászlóalj századosa (1848. szept. –), Marosszék polgári biztosa (1849. jan. –). Malomfalva, Sóspatak és Náznánfalva járásban működött. Jelentette a királybírónak: járásában a román lakosság engedetlen, nem fogadja el a m. törvényeket, bujtogatnak, önkényesen a császárhű Vasile Pop/Pap Lászlót, a kerelői román pap fiát, ismerték el szolgabíróként. – Szolgabíróként (dulóbiztos) Náznánfalván elfogta Vasile Popp tribunust és kilenc társát, akik a forradalom ellen izgattak (1848. okt.). Vadászcsapatot alakított a város védelmére (1849. jan.). A forradalom leverése után, függetlenségi szervezkedés vádjával letartóztatták és elítélték (1850–). Közel hét évig raboskodott Szebenben majd Josefstadtban. Bátyja Károly közbenjárására kapott amnesztiát (1859). Marosszék királybírája, aljegyője, Marostordamegye mv.-i kerületének ogy.-i képviselője három ogy.-i szakaszban. – <strong>F. m.:</strong> Nyílt levél (Mv., 1897); Nyilatkozat a választókhoz (Mv., 1875). <br /><strong>Irod.:</strong> 1848–1849 Marosszék; családi inf.; Deák Farkas: Fogságom története (Buk., 1972); Gyászjelentő; Időtár 2; Keresztes Gyula: Örökségünk 79.: A mezőcsávási udvarház (Nú., 1995. jún. 24.); Pálmay; Péter H. M.; Péter H. M. 2013; Regh. Cult. (10., 2010.); Szinnyei; Szinnyei J; Vasárnapi Újság (1880. 34. sz)</br></p>

<p>Mezőcsávás, 1821. máj. 21., † Mv, 1880. aug. 12. Temetése Mezőcsáváson a családi sírboltba (1880. aug. 23.): szolgabíró; királybíró, aljegyző, ogy.-i képviselő, honvéd őrnagy. – J. József (1783–1865) és Zudor Rachel fia. Testvérei: Zsánet Magyari Pálné; Károly (1828–1903), gyógyszerész, honvédszázados; Albert (1834–78), gyógyszerész; Rachel Szolga Miklósné; Krisztina Prekup Aurelné; Dénes; Lajos; Victor. Felesége: Weranneman de [&hellip;]</p>
