{"id":10875,"date":"2025-06-29T13:34:17","date_gmt":"2025-06-29T11:34:17","guid":{"rendered":"https:\/\/uj.adatbank.ro\/lexikon\/termek\/jeney-karoly-nagyenyedi\/"},"modified":"2025-06-29T13:34:17","modified_gmt":"2025-06-29T11:34:17","slug":"jeney-karoly-nagyenyedi","status":"publish","type":"product","link":"https:\/\/uj.adatbank.ro\/lexikon\/termek\/jeney-karoly-nagyenyedi\/","title":{"rendered":"JENEY K\u00e1roly, nagyenyedi"},"content":{"rendered":"<p>1828., \u2020 P\u00f3kakereszt\u00far, 1903. nov. 7.: gy\u00f3gyszer\u00e9sz, honv\u00e9dsz\u00e1zados. \u2013 J. J\u00f3zsef (1783\u20131865) \u00e9s Zudor Rachel fia. Testv\u00e9re: J\u00f3zsef k\u00e9pvisel\u0151 (1821\u201380). Feles\u00e9ge: als\u00f3csern\u00e1toni Moln\u00e1r \u00c1gnes (1848 \u2013 Holtmaros, 1931. dec. 4.). Gyermekeik: Katalin s\u00f3falvi Illy\u00e9s Istv\u00e1nn\u00e9; Attila, feles\u00e9ge m\u00e9rei Lehrfeld R\u00f3zsika. \u2013 Honv\u00e9d f\u0151hadnagy (1848\/49), f\u00f6ldbirtokos. Gy\u00f3gyszer\u00e9sz oklevelet B\u00e9csben nyert (1855\u20131856). Mv.-en gy\u00f3gyszer\u00e9sz, a Magyar Korona patika b\u00e9rl\u0151je (1872\u201386) a Nagyszentkir\u00e1ly utc\u00e1ban, majd tulajdonosa (1886\u201390). Tov\u00e1bbi b\u00e9rl\u0151je Gundhardt Lip\u00f3t (1887\u201392). Egy ideig P\u00f3kakereszt\u00faron gazd\u00e1lkodott. A v\u00e1rmegyei Gazdas\u00e1gi Egylet titk\u00e1ra volt. <br \/><strong>Irod.:<\/strong> csal\u00e1di inf.; Gy\u00e1szjelent\u0151; P\u00e1lffy Gyula: A r\u00e9gi j\u00f3 id\u0151kb\u0151l (Mv., 1915); P\u00e1lmay; P\u00e9ter H. M.; P\u00e9ter H. M. 2013, Szab\u00f3\u2013Simon\u2013Sz\u00f6gi<\/br><\/p>\n","protected":false},"excerpt":{"rendered":"<p>1828., \u2020 P\u00f3kakereszt\u00far, 1903. nov. 7.: gy\u00f3gyszer\u00e9sz, honv\u00e9dsz\u00e1zados. \u2013 J. J\u00f3zsef (1783\u20131865) \u00e9s Zudor Rachel fia. Testv\u00e9re: J\u00f3zsef k\u00e9pvisel\u0151 (1821\u201380). Feles\u00e9ge: als\u00f3csern\u00e1toni Moln\u00e1r \u00c1gnes (1848 \u2013 Holtmaros, 1931. dec. 4.). Gyermekeik: Katalin s\u00f3falvi Illy\u00e9s Istv\u00e1nn\u00e9; Attila, feles\u00e9ge m\u00e9rei Lehrfeld R\u00f3zsika. \u2013 Honv\u00e9d f\u0151hadnagy (1848\/49), f\u00f6ldbirtokos. Gy\u00f3gyszer\u00e9sz oklevelet B\u00e9csben nyert (1855\u20131856). Mv.-en gy\u00f3gyszer\u00e9sz, a Magyar Korona [&hellip;]<\/p>\n","protected":false},"featured_media":0,"comment_status":"open","ping_status":"closed","template":"","meta":[],"product_brand":[],"product_cat":[137],"product_tag":[],"class_list":{"0":"post-10875","1":"product","2":"type-product","3":"status-publish","5":"product_cat-maros-megyei-eletrajzi-lexikon","7":"first","8":"instock","9":"shipping-taxable","10":"product-type-simple"},"_links":{"self":[{"href":"https:\/\/uj.adatbank.ro\/lexikon\/wp-json\/wp\/v2\/product\/10875","targetHints":{"allow":["GET"]}}],"collection":[{"href":"https:\/\/uj.adatbank.ro\/lexikon\/wp-json\/wp\/v2\/product"}],"about":[{"href":"https:\/\/uj.adatbank.ro\/lexikon\/wp-json\/wp\/v2\/types\/product"}],"replies":[{"embeddable":true,"href":"https:\/\/uj.adatbank.ro\/lexikon\/wp-json\/wp\/v2\/comments?post=10875"}],"wp:attachment":[{"href":"https:\/\/uj.adatbank.ro\/lexikon\/wp-json\/wp\/v2\/media?parent=10875"}],"wp:term":[{"taxonomy":"product_brand","embeddable":true,"href":"https:\/\/uj.adatbank.ro\/lexikon\/wp-json\/wp\/v2\/product_brand?post=10875"},{"taxonomy":"product_cat","embeddable":true,"href":"https:\/\/uj.adatbank.ro\/lexikon\/wp-json\/wp\/v2\/product_cat?post=10875"},{"taxonomy":"product_tag","embeddable":true,"href":"https:\/\/uj.adatbank.ro\/lexikon\/wp-json\/wp\/v2\/product_tag?post=10875"}],"curies":[{"name":"wp","href":"https:\/\/api.w.org\/{rel}","templated":true}]}}

JENEY Károly, nagyenyedi

<p>1828., † Pókakeresztúr, 1903. nov. 7.: gyógyszerész, honvédszázados. – J. József (1783–1865) és Zudor Rachel fia. Testvére: József képviselő (1821–80). Felesége: alsócsernátoni Molnár Ágnes (1848 – Holtmaros, 1931. dec. 4.). Gyermekeik: Katalin sófalvi Illyés Istvánné; Attila, felesége mérei Lehrfeld Rózsika. – Honvéd főhadnagy (1848/49), földbirtokos. Gyógyszerész oklevelet Bécsben nyert (1855–1856). Mv.-en gyógyszerész, a Magyar Korona patika bérlője (1872–86) a Nagyszentkirály utcában, majd tulajdonosa (1886–90). További bérlője Gundhardt Lipót (1887–92). Egy ideig Pókakeresztúron gazdálkodott. A vármegyei Gazdasági Egylet titkára volt. <br /><strong>Irod.:</strong> családi inf.; Gyászjelentő; Pálffy Gyula: A régi jó időkből (Mv., 1915); Pálmay; Péter H. M.; Péter H. M. 2013, Szabó–Simon–Szögi</br></p>

<p>1828., † Pókakeresztúr, 1903. nov. 7.: gyógyszerész, honvédszázados. – J. József (1783–1865) és Zudor Rachel fia. Testvére: József képviselő (1821–80). Felesége: alsócsernátoni Molnár Ágnes (1848 – Holtmaros, 1931. dec. 4.). Gyermekeik: Katalin sófalvi Illyés Istvánné; Attila, felesége mérei Lehrfeld Rózsika. – Honvéd főhadnagy (1848/49), földbirtokos. Gyógyszerész oklevelet Bécsben nyert (1855–1856). Mv.-en gyógyszerész, a Magyar Korona [&hellip;]</p>
