{"id":10877,"date":"2025-06-29T13:34:20","date_gmt":"2025-06-29T11:34:20","guid":{"rendered":"https:\/\/uj.adatbank.ro\/lexikon\/termek\/jeney-lajos-nagyenyedi\/"},"modified":"2025-06-29T13:34:20","modified_gmt":"2025-06-29T11:34:20","slug":"jeney-lajos-nagyenyedi","status":"publish","type":"product","link":"https:\/\/uj.adatbank.ro\/lexikon\/termek\/jeney-lajos-nagyenyedi\/","title":{"rendered":"JENEY Lajos, nagyenyedi"},"content":{"rendered":"<p>1839, \u2020 1902: birtokos. \u2013 Jeney J\u00f3zsef \u00e9s Zudor R\u00e1chel fia. Testv\u00e9rei: Zs\u00e1net Magyari P\u00e1ln\u00e9; J\u00f3zsef k\u00e9pvisel\u0151 (1821\u201380), K\u00e1roly (1828\u20131903); Rachel Szolga Mikl\u00f3sn\u00e9; Krisztina Prekup Aureln\u00e9; Albert (1833\u20131877); D\u00e9nes; Victor. Feles\u00e9ge: 1. Roth Vilma (1845\u20131866. nov. 20.), Gyermek\u00fck: B\u00e9la (1865\u20131897. aug. 3.); 2. Weranneman de Waterflitt Augusta (1852\u20131934). Emma Eperjesi Gy\u00f6rgyn\u00e9; Irma S\u00e1nta K\u00e1rolyn\u00e9; if. J. Lajos; J. Ilona. \u2013 Mez\u0151s\u00e1msondon birtokos \u00e9s a gr. Bethlen csal\u00e1dn\u00e1l j\u00f3sz\u00e1gigazgat\u00f3. <br \/><strong>Irod.:<\/strong> csal\u00e1di inf.; Gy\u00e1szjelent\u0151; P\u00e1lmay<\/br><\/p>\n","protected":false},"excerpt":{"rendered":"<p>1839, \u2020 1902: birtokos. \u2013 Jeney J\u00f3zsef \u00e9s Zudor R\u00e1chel fia. Testv\u00e9rei: Zs\u00e1net Magyari P\u00e1ln\u00e9; J\u00f3zsef k\u00e9pvisel\u0151 (1821\u201380), K\u00e1roly (1828\u20131903); Rachel Szolga Mikl\u00f3sn\u00e9; Krisztina Prekup Aureln\u00e9; Albert (1833\u20131877); D\u00e9nes; Victor. Feles\u00e9ge: 1. Roth Vilma (1845\u20131866. nov. 20.), Gyermek\u00fck: B\u00e9la (1865\u20131897. aug. 3.); 2. Weranneman de Waterflitt Augusta (1852\u20131934). Emma Eperjesi Gy\u00f6rgyn\u00e9; Irma S\u00e1nta K\u00e1rolyn\u00e9; if. [&hellip;]<\/p>\n","protected":false},"featured_media":0,"comment_status":"open","ping_status":"closed","template":"","meta":[],"product_brand":[],"product_cat":[137],"product_tag":[],"class_list":{"0":"post-10877","1":"product","2":"type-product","3":"status-publish","5":"product_cat-maros-megyei-eletrajzi-lexikon","7":"first","8":"instock","9":"shipping-taxable","10":"product-type-simple"},"_links":{"self":[{"href":"https:\/\/uj.adatbank.ro\/lexikon\/wp-json\/wp\/v2\/product\/10877","targetHints":{"allow":["GET"]}}],"collection":[{"href":"https:\/\/uj.adatbank.ro\/lexikon\/wp-json\/wp\/v2\/product"}],"about":[{"href":"https:\/\/uj.adatbank.ro\/lexikon\/wp-json\/wp\/v2\/types\/product"}],"replies":[{"embeddable":true,"href":"https:\/\/uj.adatbank.ro\/lexikon\/wp-json\/wp\/v2\/comments?post=10877"}],"wp:attachment":[{"href":"https:\/\/uj.adatbank.ro\/lexikon\/wp-json\/wp\/v2\/media?parent=10877"}],"wp:term":[{"taxonomy":"product_brand","embeddable":true,"href":"https:\/\/uj.adatbank.ro\/lexikon\/wp-json\/wp\/v2\/product_brand?post=10877"},{"taxonomy":"product_cat","embeddable":true,"href":"https:\/\/uj.adatbank.ro\/lexikon\/wp-json\/wp\/v2\/product_cat?post=10877"},{"taxonomy":"product_tag","embeddable":true,"href":"https:\/\/uj.adatbank.ro\/lexikon\/wp-json\/wp\/v2\/product_tag?post=10877"}],"curies":[{"name":"wp","href":"https:\/\/api.w.org\/{rel}","templated":true}]}}

<p>1839, † 1902: birtokos. – Jeney József és Zudor Ráchel fia. Testvérei: Zsánet Magyari Pálné; József képviselő (1821–80), Károly (1828–1903); Rachel Szolga Miklósné; Krisztina Prekup Aurelné; Albert (1833–1877); Dénes; Victor. Felesége: 1. Roth Vilma (1845–1866. nov. 20.), Gyermekük: Béla (1865–1897. aug. 3.); 2. Weranneman de Waterflitt Augusta (1852–1934). Emma Eperjesi Györgyné; Irma Sánta Károlyné; if. J. Lajos; J. Ilona. – Mezősámsondon birtokos és a gr. Bethlen családnál jószágigazgató. <br /><strong>Irod.:</strong> családi inf.; Gyászjelentő; Pálmay</br></p>

<p>1839, † 1902: birtokos. – Jeney József és Zudor Ráchel fia. Testvérei: Zsánet Magyari Pálné; József képviselő (1821–80), Károly (1828–1903); Rachel Szolga Miklósné; Krisztina Prekup Aurelné; Albert (1833–1877); Dénes; Victor. Felesége: 1. Roth Vilma (1845–1866. nov. 20.), Gyermekük: Béla (1865–1897. aug. 3.); 2. Weranneman de Waterflitt Augusta (1852–1934). Emma Eperjesi Györgyné; Irma Sánta Károlyné; if. [&hellip;]</p>
