{"id":10880,"date":"2025-06-29T13:34:27","date_gmt":"2025-06-29T11:34:27","guid":{"rendered":"https:\/\/uj.adatbank.ro\/lexikon\/termek\/jeney-viktor-jenei-viktor-nagyenyedi\/"},"modified":"2025-06-29T13:34:27","modified_gmt":"2025-06-29T11:34:27","slug":"jeney-viktor-jenei-viktor-nagyenyedi","status":"publish","type":"product","link":"https:\/\/uj.adatbank.ro\/lexikon\/termek\/jeney-viktor-jenei-viktor-nagyenyedi\/","title":{"rendered":"JENEY Viktor, Jenei Viktor, nagyenyedi"},"content":{"rendered":"<p>Mv., 1840. dec. 23., \u2020 Bp., 1887. okt. 8.: jogi dr., egyetemi tan\u00e1r. \u2013 J. J\u00f3zsef \u00e9s Zudor R\u00e1chel fia. Feles\u00e9ge: Szentes R\u00f3za (1852. m\u00e1rc. 27. \u2013 1937. m\u00e1j. 9.). Fi\u00fak: J. Alad\u00e1r (1872\u20131957). \u2013 Id\u0151sebb testv\u00e9rei miatt, akik a 48-as forradalomban r\u00e9szt vettek a csal\u00e1dnak sok \u00fcld\u00f6ztet\u00e9sben volt r\u00e9sze, leszeg\u00e9nyedett, ez\u00e9rt kor\u00e1n \u00f6n\u00e1ll\u00f3s\u00e1gra k\u00e9nyszer\u00fclt. K\u00f6z\u00e9piskolai tanulm\u00e1nyait a mv.-i Ref. Koll.-ban fejezte be (1859); a b\u00e9csi M\u0171egyetem M\u00e9rn\u00f6ki Kar\u00e1nak \u00f6szt\u00f6nd\u00edjas hallgat\u00f3ja (1860\u201361); b\u00f6lcs\u00e9szetet is hallgatott. Amikor az erd\u00e9lyi protest\u00e1ns f\u0151iskol\u00e1kban 12 \u00e9vi sz\u00fcnet ut\u00e1n \u00fajra megnyitott\u00e1k a jogi tanfolyamokat (1861), Mv.-en D\u00f3sa Elek tan\u00edtv\u00e1nyak\u00e9nt jogot hallgatott (1861\u201362), \u00e9s Szent Istv\u00e1n kor\u00e1r\u00f3l \u00edrt t\u00f6rt\u00e9nelmi tanulm\u00e1ny\u00e1val a f\u0151iskola els\u0151 p\u00e1lyad\u00edj\u00e1t nyerte el; a pesti egyetemen folytatta \u00e9s fejezte be jog- \u00e9s \u00e1llamtudom\u00e1nyi tanulm\u00e1nyait (1865); k\u00f6zben seg\u00e9dszerkeszt\u0151 Thaly K\u00e1lm\u00e1n Nemzeti K\u00e9pes\u00fajs\u00e1g\u00e1n\u00e1l, valamint a Sz\u0151nyi P\u00e1l Fi\u00fanevel\u0151 Int\u00e9zetben nevel\u0151sk\u00f6tt. Id. gr. Teleki Domokos, Marossz\u00e9k egyik k\u00e9pvisel\u0151je, mellett dolgozott (1865\u201368). A sz\u00e9kelyudvarhelyi f\u0151iskola rendes jogtan\u00e1ra lett (1866\u201370), a b\u00f6lcseleti t\u00e1rgyakat is tan\u00edtotta, igazgat\u00f3 tan\u00e1rk\u00e9nt az iskola jog\u00fcgyeit is vezette. A jogtud. \u00e9s \u00e1llamtud. doktori oklevelet szerzett (1868). A sz\u00e9kelyudvarhelyi f\u0151isk. -n a b\u00f6lcseleti t\u00e1rgyak r. tan\u00e1ra, egyidej\u0171leg igazgat\u00f3ja \u00e9s az isk. jog\u00fcgyeinek vezet\u0151je (1872\u2013). A kv-i kir. tudom\u00e1nyegyetem f\u00f6l\u00e1ll\u00edt\u00e1s\u00e1val egyetemi tan\u00e1rr\u00e1 nevezt\u00e9k ki az \u00e9szjog, jog- \u00e9s \u00e1llamtud. enciklop\u00e9dia \u00e9s a prot. egyh\u00e1zjog ny. r. tan\u00e1ra (1872\u2013), a jog- \u00e9s \u00e1llamtud, kar d\u00e9k\u00e1nja (1879\u201380); egy\u00fattal a ref. egyh\u00e1zk\u00f6zs\u00e9g jogi gondnok\u00e1v\u00e1 k\u00e9s\u0151bb a kv.-i egyh\u00e1zmegye egyh\u00e1zker\u00fcleti k\u00e9pvisel\u0151j\u00e9v\u00e9 \u00e9s az egyh\u00e1zker\u00fclet igazgat\u00f3tan\u00e1csos\u00e1v\u00e1 (1878) v\u00e1lasztott\u00e1k, tagja volt a v\u00e1rosi \u00e9s az egyh\u00e1zk\u00f6zs\u00e9gi iskolasz\u00e9knek, igazgat\u00f3tan\u00e1csosa a Fr\u00f6bel-gyermekkert int\u00e9zet\u00e9nek, fel\u00fcgyel\u0151bizotts\u00e1gi tagja a v\u00e1rosi fels\u0151bb le\u00e1nyiskol\u00e1nak, \u00e9s eln\u00f6ke a szeg\u00e9ny tanul\u00f3kat seg\u00e9lyez\u0151 egyes\u00fcletnek; k\u00e9pvisel\u0151 a debreceni ref. zsinaton az erd\u00e9lyi egyh\u00e1zker\u00fclet r\u00e9sz\u00e9r\u0151l (1881). Cikke a Jogtudom\u00e1nyi K\u00f6zl\u00f6nyben; munkat\u00e1rsa volt a kv.-i Csal\u00e1d \u00e9s Iskol\u00e1nak. \u2013 <strong>F. m.:<\/strong> Nemzetgazdas\u00e1gi viszonyaink fejl\u0151d\u00e9se (Mv., 1867); <strong>t\u00e1rssz.:<\/strong> A sz\u00e9kelyudvarhelyi Ev. Ref. F\u0151tanoda tan\u00e1r-beiktat\u00e1si \u00fcnnep\u00e9ly\u00e9n tartott besz\u00e9dek \u00e9s \u00e9rtekez\u00e9sek 1866. nov. 7. \/ Kiadta Kis Ferenc (Mv., 1867). <br \/><strong>Irod.:<\/strong> csal\u00e1di inf.; D\u00f6m\u00e9ny; Gy\u00e1szjelent\u0151; Ol\u00e1h-G\u00e1l R\u00f3bert: Az els\u0151 mv.-i doktorok (N\u00fa., Sz\u00ednes Vil\u00e1g, 2012. j\u00fan. 16.); P\u00e1lmay; P\u00e9ter H. M.; RNL; Szab\u00f3\u2013Simon\u2013Sz\u00f6gi; Szinnyei; \u00daM\u00c9L<\/br><\/p>\n","protected":false},"excerpt":{"rendered":"<p>Mv., 1840. dec. 23., \u2020 Bp., 1887. okt. 8.: jogi dr., egyetemi tan\u00e1r. \u2013 J. J\u00f3zsef \u00e9s Zudor R\u00e1chel fia. Feles\u00e9ge: Szentes R\u00f3za (1852. m\u00e1rc. 27. \u2013 1937. m\u00e1j. 9.). Fi\u00fak: J. Alad\u00e1r (1872\u20131957). \u2013 Id\u0151sebb testv\u00e9rei miatt, akik a 48-as forradalomban r\u00e9szt vettek a csal\u00e1dnak sok \u00fcld\u00f6ztet\u00e9sben volt r\u00e9sze, leszeg\u00e9nyedett, ez\u00e9rt kor\u00e1n \u00f6n\u00e1ll\u00f3s\u00e1gra k\u00e9nyszer\u00fclt. [&hellip;]<\/p>\n","protected":false},"featured_media":0,"comment_status":"open","ping_status":"closed","template":"","meta":[],"product_brand":[],"product_cat":[137],"product_tag":[],"class_list":{"0":"post-10880","1":"product","2":"type-product","3":"status-publish","5":"product_cat-maros-megyei-eletrajzi-lexikon","7":"first","8":"instock","9":"shipping-taxable","10":"product-type-simple"},"_links":{"self":[{"href":"https:\/\/uj.adatbank.ro\/lexikon\/wp-json\/wp\/v2\/product\/10880","targetHints":{"allow":["GET"]}}],"collection":[{"href":"https:\/\/uj.adatbank.ro\/lexikon\/wp-json\/wp\/v2\/product"}],"about":[{"href":"https:\/\/uj.adatbank.ro\/lexikon\/wp-json\/wp\/v2\/types\/product"}],"replies":[{"embeddable":true,"href":"https:\/\/uj.adatbank.ro\/lexikon\/wp-json\/wp\/v2\/comments?post=10880"}],"wp:attachment":[{"href":"https:\/\/uj.adatbank.ro\/lexikon\/wp-json\/wp\/v2\/media?parent=10880"}],"wp:term":[{"taxonomy":"product_brand","embeddable":true,"href":"https:\/\/uj.adatbank.ro\/lexikon\/wp-json\/wp\/v2\/product_brand?post=10880"},{"taxonomy":"product_cat","embeddable":true,"href":"https:\/\/uj.adatbank.ro\/lexikon\/wp-json\/wp\/v2\/product_cat?post=10880"},{"taxonomy":"product_tag","embeddable":true,"href":"https:\/\/uj.adatbank.ro\/lexikon\/wp-json\/wp\/v2\/product_tag?post=10880"}],"curies":[{"name":"wp","href":"https:\/\/api.w.org\/{rel}","templated":true}]}}

<p>Mv., 1840. dec. 23., † Bp., 1887. okt. 8.: jogi dr., egyetemi tanár. – J. József és Zudor Ráchel fia. Felesége: Szentes Róza (1852. márc. 27. – 1937. máj. 9.). Fiúk: J. Aladár (1872–1957). – Idősebb testvérei miatt, akik a 48-as forradalomban részt vettek a családnak sok üldöztetésben volt része, leszegényedett, ezért korán önállóságra kényszerült. Középiskolai tanulmányait a mv.-i Ref. Koll.-ban fejezte be (1859); a bécsi Műegyetem Mérnöki Karának ösztöndíjas hallgatója (1860–61); bölcsészetet is hallgatott. Amikor az erdélyi protestáns főiskolákban 12 évi szünet után újra megnyitották a jogi tanfolyamokat (1861), Mv.-en Dósa Elek tanítványaként jogot hallgatott (1861–62), és Szent István koráról írt történelmi tanulmányával a főiskola első pályadíját nyerte el; a pesti egyetemen folytatta és fejezte be jog- és államtudományi tanulmányait (1865); közben segédszerkesztő Thaly Kálmán Nemzeti Képesújságánál, valamint a Szőnyi Pál Fiúnevelő Intézetben nevelőskött. Id. gr. Teleki Domokos, Marosszék egyik képviselője, mellett dolgozott (1865–68). A székelyudvarhelyi főiskola rendes jogtanára lett (1866–70), a bölcseleti tárgyakat is tanította, igazgató tanárként az iskola jogügyeit is vezette. A jogtud. és államtud. doktori oklevelet szerzett (1868). A székelyudvarhelyi főisk. -n a bölcseleti tárgyak r. tanára, egyidejűleg igazgatója és az isk. jogügyeinek vezetője (1872–). A kv-i kir. tudományegyetem fölállításával egyetemi tanárrá nevezték ki az észjog, jog- és államtud. enciklopédia és a prot. egyházjog ny. r. tanára (1872–), a jog- és államtud, kar dékánja (1879–80); egyúttal a ref. egyházközség jogi gondnokává később a kv.-i egyházmegye egyházkerületi képviselőjévé és az egyházkerület igazgatótanácsosává (1878) választották, tagja volt a városi és az egyházközségi iskolaszéknek, igazgatótanácsosa a Fröbel-gyermekkert intézetének, felügyelőbizottsági tagja a városi felsőbb leányiskolának, és elnöke a szegény tanulókat segélyező egyesületnek; képviselő a debreceni ref. zsinaton az erdélyi egyházkerület részéről (1881). Cikke a Jogtudományi Közlönyben; munkatársa volt a kv.-i Család és Iskolának. – <strong>F. m.:</strong> Nemzetgazdasági viszonyaink fejlődése (Mv., 1867); <strong>társsz.:</strong> A székelyudvarhelyi Ev. Ref. Főtanoda tanár-beiktatási ünnepélyén tartott beszédek és értekezések 1866. nov. 7. / Kiadta Kis Ferenc (Mv., 1867). <br /><strong>Irod.:</strong> családi inf.; Dömény; Gyászjelentő; Oláh-Gál Róbert: Az első mv.-i doktorok (Nú., Színes Világ, 2012. jún. 16.); Pálmay; Péter H. M.; RNL; Szabó–Simon–Szögi; Szinnyei; ÚMÉL</br></p>

<p>Mv., 1840. dec. 23., † Bp., 1887. okt. 8.: jogi dr., egyetemi tanár. – J. József és Zudor Ráchel fia. Felesége: Szentes Róza (1852. márc. 27. – 1937. máj. 9.). Fiúk: J. Aladár (1872–1957). – Idősebb testvérei miatt, akik a 48-as forradalomban részt vettek a családnak sok üldöztetésben volt része, leszegényedett, ezért korán önállóságra kényszerült. [&hellip;]</p>
