{"id":10883,"date":"2025-06-29T13:34:31","date_gmt":"2025-06-29T11:34:31","guid":{"rendered":"https:\/\/uj.adatbank.ro\/lexikon\/termek\/jenikowsky-laszlo-jenikovszky-laszlo\/"},"modified":"2025-06-29T13:34:31","modified_gmt":"2025-06-29T11:34:31","slug":"jenikowsky-laszlo-jenikovszky-laszlo","status":"publish","type":"product","link":"https:\/\/uj.adatbank.ro\/lexikon\/termek\/jenikowsky-laszlo-jenikovszky-laszlo\/","title":{"rendered":"JENIKOWSKY L\u00e1szl\u00f3, Jenikovszky L\u00e1szl\u00f3"},"content":{"rendered":"<p>? \u2020 ?: tan\u00e1r. \u2013 Feles\u00e9ge: Mezei Erzs\u00e9bet (1919 \u2013 Mv., 2007. aug. 25.), tan\u00edt\u00f3n\u0151. \u2013 Mintatan\u00edt\u00f3 volt az \u00c1llami Tan\u00edt\u00f3k\u00e9pz\u0151 Int\u00e9zetben (1944\u201348). <br \/><strong>Irod.:<\/strong> Derzsi; Szab\u00f3 K. Attila<\/br><\/p>\n","protected":false},"excerpt":{"rendered":"<p>? \u2020 ?: tan\u00e1r. \u2013 Feles\u00e9ge: Mezei Erzs\u00e9bet (1919 \u2013 Mv., 2007. aug. 25.), tan\u00edt\u00f3n\u0151. \u2013 Mintatan\u00edt\u00f3 volt az \u00c1llami Tan\u00edt\u00f3k\u00e9pz\u0151 Int\u00e9zetben (1944\u201348). Irod.: Derzsi; Szab\u00f3 K. Attila<\/p>\n","protected":false},"featured_media":0,"comment_status":"open","ping_status":"closed","template":"","meta":[],"product_brand":[],"product_cat":[137],"product_tag":[],"class_list":{"0":"post-10883","1":"product","2":"type-product","3":"status-publish","5":"product_cat-maros-megyei-eletrajzi-lexikon","7":"first","8":"instock","9":"shipping-taxable","10":"product-type-simple"},"_links":{"self":[{"href":"https:\/\/uj.adatbank.ro\/lexikon\/wp-json\/wp\/v2\/product\/10883","targetHints":{"allow":["GET"]}}],"collection":[{"href":"https:\/\/uj.adatbank.ro\/lexikon\/wp-json\/wp\/v2\/product"}],"about":[{"href":"https:\/\/uj.adatbank.ro\/lexikon\/wp-json\/wp\/v2\/types\/product"}],"replies":[{"embeddable":true,"href":"https:\/\/uj.adatbank.ro\/lexikon\/wp-json\/wp\/v2\/comments?post=10883"}],"wp:attachment":[{"href":"https:\/\/uj.adatbank.ro\/lexikon\/wp-json\/wp\/v2\/media?parent=10883"}],"wp:term":[{"taxonomy":"product_brand","embeddable":true,"href":"https:\/\/uj.adatbank.ro\/lexikon\/wp-json\/wp\/v2\/product_brand?post=10883"},{"taxonomy":"product_cat","embeddable":true,"href":"https:\/\/uj.adatbank.ro\/lexikon\/wp-json\/wp\/v2\/product_cat?post=10883"},{"taxonomy":"product_tag","embeddable":true,"href":"https:\/\/uj.adatbank.ro\/lexikon\/wp-json\/wp\/v2\/product_tag?post=10883"}],"curies":[{"name":"wp","href":"https:\/\/api.w.org\/{rel}","templated":true}]}}