{"id":10884,"date":"2025-06-29T13:34:34","date_gmt":"2025-06-29T11:34:34","guid":{"rendered":"https:\/\/uj.adatbank.ro\/lexikon\/termek\/jeremia-istvan-ieremia-stefan\/"},"modified":"2025-06-29T13:34:34","modified_gmt":"2025-06-29T11:34:34","slug":"jeremia-istvan-ieremia-stefan","status":"publish","type":"product","link":"https:\/\/uj.adatbank.ro\/lexikon\/termek\/jeremia-istvan-ieremia-stefan\/","title":{"rendered":"JEREMIA Istv\u00e1n, Ieremia \u015etefan"},"content":{"rendered":"<p>Sz\u00e1szkab\u00e1nya, 1894., \u2020\u00a0?\u00a0: jog\u00e1sz, rend\u0151rkapit\u00e1ny, kult\u00fartan\u00e1csos. \u2013 Apja \u00e1llami tisztvisel\u0151 volt. K\u00f6z\u00e9piskol\u00e1it Kecskem\u00e9ten, Feh\u00e9rtemplomban \u00e9s Nagyv\u00e1radon, az egyetem jogi fakult\u00e1s\u00e1t Kv.-on v\u00e9gezte, doktori oklevelet szerzett (1922). R\u00e9szt vett az els\u0151 vh. -ban, mint f\u00f6hadnagy szerelt le. A Consiliul Dirigent idej\u00e9ben Mv.-en rend\u0151rkapit\u00e1ny volt. K\u00e9s\u0151bb a v\u00e1roshoz ker\u00fclt mint kult\u00fartan\u00e1csos s mint ilyen lelkesen szolg\u00e1lta Mv. kultur\u00e1lis \u00e9s m\u0171v\u00e9szeti \u00e9let\u00e9t. <br \/><strong>Irod.:<\/strong> Ki kicsoda?<\/br><\/p>\n","protected":false},"excerpt":{"rendered":"<p>Sz\u00e1szkab\u00e1nya, 1894., \u2020\u00a0?\u00a0: jog\u00e1sz, rend\u0151rkapit\u00e1ny, kult\u00fartan\u00e1csos. \u2013 Apja \u00e1llami tisztvisel\u0151 volt. K\u00f6z\u00e9piskol\u00e1it Kecskem\u00e9ten, Feh\u00e9rtemplomban \u00e9s Nagyv\u00e1radon, az egyetem jogi fakult\u00e1s\u00e1t Kv.-on v\u00e9gezte, doktori oklevelet szerzett (1922). R\u00e9szt vett az els\u0151 vh. -ban, mint f\u00f6hadnagy szerelt le. A Consiliul Dirigent idej\u00e9ben Mv.-en rend\u0151rkapit\u00e1ny volt. K\u00e9s\u0151bb a v\u00e1roshoz ker\u00fclt mint kult\u00fartan\u00e1csos s mint ilyen lelkesen szolg\u00e1lta Mv. [&hellip;]<\/p>\n","protected":false},"featured_media":0,"comment_status":"open","ping_status":"closed","template":"","meta":[],"product_brand":[],"product_cat":[137],"product_tag":[],"class_list":{"0":"post-10884","1":"product","2":"type-product","3":"status-publish","5":"product_cat-maros-megyei-eletrajzi-lexikon","7":"first","8":"instock","9":"shipping-taxable","10":"product-type-simple"},"_links":{"self":[{"href":"https:\/\/uj.adatbank.ro\/lexikon\/wp-json\/wp\/v2\/product\/10884","targetHints":{"allow":["GET"]}}],"collection":[{"href":"https:\/\/uj.adatbank.ro\/lexikon\/wp-json\/wp\/v2\/product"}],"about":[{"href":"https:\/\/uj.adatbank.ro\/lexikon\/wp-json\/wp\/v2\/types\/product"}],"replies":[{"embeddable":true,"href":"https:\/\/uj.adatbank.ro\/lexikon\/wp-json\/wp\/v2\/comments?post=10884"}],"wp:attachment":[{"href":"https:\/\/uj.adatbank.ro\/lexikon\/wp-json\/wp\/v2\/media?parent=10884"}],"wp:term":[{"taxonomy":"product_brand","embeddable":true,"href":"https:\/\/uj.adatbank.ro\/lexikon\/wp-json\/wp\/v2\/product_brand?post=10884"},{"taxonomy":"product_cat","embeddable":true,"href":"https:\/\/uj.adatbank.ro\/lexikon\/wp-json\/wp\/v2\/product_cat?post=10884"},{"taxonomy":"product_tag","embeddable":true,"href":"https:\/\/uj.adatbank.ro\/lexikon\/wp-json\/wp\/v2\/product_tag?post=10884"}],"curies":[{"name":"wp","href":"https:\/\/api.w.org\/{rel}","templated":true}]}}

JEREMIA István, Ieremia Ştefan

<p>Szászkabánya, 1894., † ? : jogász, rendőrkapitány, kultúrtanácsos. – Apja állami tisztviselő volt. Középiskoláit Kecskeméten, Fehértemplomban és Nagyváradon, az egyetem jogi fakultását Kv.-on végezte, doktori oklevelet szerzett (1922). Részt vett az első vh. -ban, mint föhadnagy szerelt le. A Consiliul Dirigent idejében Mv.-en rendőrkapitány volt. Később a városhoz került mint kultúrtanácsos s mint ilyen lelkesen szolgálta Mv. kulturális és művészeti életét. <br /><strong>Irod.:</strong> Ki kicsoda?</br></p>

<p>Szászkabánya, 1894., † ? : jogász, rendőrkapitány, kultúrtanácsos. – Apja állami tisztviselő volt. Középiskoláit Kecskeméten, Fehértemplomban és Nagyváradon, az egyetem jogi fakultását Kv.-on végezte, doktori oklevelet szerzett (1922). Részt vett az első vh. -ban, mint föhadnagy szerelt le. A Consiliul Dirigent idejében Mv.-en rendőrkapitány volt. Később a városhoz került mint kultúrtanácsos s mint ilyen lelkesen szolgálta Mv. [&hellip;]</p>
