{"id":10886,"date":"2025-06-29T13:34:37","date_gmt":"2025-06-29T11:34:37","guid":{"rendered":"https:\/\/uj.adatbank.ro\/lexikon\/termek\/jeremias-aron\/"},"modified":"2025-06-29T13:34:37","modified_gmt":"2025-06-29T11:34:37","slug":"jeremias-aron","status":"publish","type":"product","link":"https:\/\/uj.adatbank.ro\/lexikon\/termek\/jeremias-aron\/","title":{"rendered":"JEREMI\u00c1S \u00c1ron"},"content":{"rendered":"<p>? \u2020 ?: k\u00f6nyv \u00e9s pap\u00edrkeresked\u0151 Dics\u0151szentm\u00e1rtonban. \u2013 Az els\u0151, Dics\u0151szentm\u00e1rtonban megjelen\u0151 k\u00e9peslapokat, c\u00e9ge hozta forgalomba a 19. sz. v\u00e9g\u00e9n. <br \/><strong>Irod.:<\/strong> V\u00e1ros a Kisk\u00fck\u00fcll\u0151 partj\u00e1n (Mv., 2000)<\/br><\/p>\n","protected":false},"excerpt":{"rendered":"<p>? \u2020 ?: k\u00f6nyv \u00e9s pap\u00edrkeresked\u0151 Dics\u0151szentm\u00e1rtonban. \u2013 Az els\u0151, Dics\u0151szentm\u00e1rtonban megjelen\u0151 k\u00e9peslapokat, c\u00e9ge hozta forgalomba a 19. sz. v\u00e9g\u00e9n. Irod.: V\u00e1ros a Kisk\u00fck\u00fcll\u0151 partj\u00e1n (Mv., 2000)<\/p>\n","protected":false},"featured_media":0,"comment_status":"open","ping_status":"closed","template":"","meta":[],"product_brand":[],"product_cat":[137],"product_tag":[],"class_list":{"0":"post-10886","1":"product","2":"type-product","3":"status-publish","5":"product_cat-maros-megyei-eletrajzi-lexikon","7":"first","8":"instock","9":"shipping-taxable","10":"product-type-simple"},"_links":{"self":[{"href":"https:\/\/uj.adatbank.ro\/lexikon\/wp-json\/wp\/v2\/product\/10886","targetHints":{"allow":["GET"]}}],"collection":[{"href":"https:\/\/uj.adatbank.ro\/lexikon\/wp-json\/wp\/v2\/product"}],"about":[{"href":"https:\/\/uj.adatbank.ro\/lexikon\/wp-json\/wp\/v2\/types\/product"}],"replies":[{"embeddable":true,"href":"https:\/\/uj.adatbank.ro\/lexikon\/wp-json\/wp\/v2\/comments?post=10886"}],"wp:attachment":[{"href":"https:\/\/uj.adatbank.ro\/lexikon\/wp-json\/wp\/v2\/media?parent=10886"}],"wp:term":[{"taxonomy":"product_brand","embeddable":true,"href":"https:\/\/uj.adatbank.ro\/lexikon\/wp-json\/wp\/v2\/product_brand?post=10886"},{"taxonomy":"product_cat","embeddable":true,"href":"https:\/\/uj.adatbank.ro\/lexikon\/wp-json\/wp\/v2\/product_cat?post=10886"},{"taxonomy":"product_tag","embeddable":true,"href":"https:\/\/uj.adatbank.ro\/lexikon\/wp-json\/wp\/v2\/product_tag?post=10886"}],"curies":[{"name":"wp","href":"https:\/\/api.w.org\/{rel}","templated":true}]}}