{"id":10887,"date":"2025-06-29T13:34:38","date_gmt":"2025-06-29T11:34:38","guid":{"rendered":"https:\/\/uj.adatbank.ro\/lexikon\/termek\/jeremias-bela\/"},"modified":"2025-06-29T13:34:38","modified_gmt":"2025-06-29T11:34:38","slug":"jeremias-bela","status":"publish","type":"product","link":"https:\/\/uj.adatbank.ro\/lexikon\/termek\/jeremias-bela\/","title":{"rendered":"JEREMI\u00c1S B\u00e9la"},"content":{"rendered":"<p>Szov\u00e1ta, 1894., \u2020\u00a0?: malomtulajdonos. \u2013 \u0150sr\u00e9gi sz\u00e9kely nemesi csal\u00e1db\u00f3l sz\u00e1rmazott, nemess\u00e9g\u00fck 1645- t\u0151l kelt, amit a R\u00e1k\u00f3czi Gy\u00f6rgy-f\u00e9le nemesi igazol\u00e1s bizony\u00edt. Iskol\u00e1i befejez\u00e9se ut\u00e1n a g\u00e9plakatos ipart tanulta ki, ut\u00e1nna az ipari iskol\u00e1ban k\u00fcl\u00f6nb\u00f6z\u0151 szaktanfolyamot v\u00e9gzett \u00e9s a malomiparra speci\u00e1liz\u00e1lta mag\u00e1t, Brass\u00f3ban \u00e9s Kv.-on fejlesztette szaktud\u00e1s\u00e1t. Malmot l\u00e9tes\u00edtett Sz\u00e9kelyhodos k\u00f6zs\u00e9gben (1925). Az els\u0151 vh.-ban az olasz \u00e9s francia fronton harcolt (1914\u201318), a K\u00e1roly Csapatkereszt tulajdonosa. A Szov\u00e1tai Athl\u00e9tikai Club egyik alap\u00edt\u00f3ja (1920). <br \/><strong>Irod.:<\/strong> Derzsi-Fekete; Sz\u00e9kelyf\u00f6ld \u00ed. k.<\/br><\/p>\n","protected":false},"excerpt":{"rendered":"<p>Szov\u00e1ta, 1894., \u2020\u00a0?: malomtulajdonos. \u2013 \u0150sr\u00e9gi sz\u00e9kely nemesi csal\u00e1db\u00f3l sz\u00e1rmazott, nemess\u00e9g\u00fck 1645- t\u0151l kelt, amit a R\u00e1k\u00f3czi Gy\u00f6rgy-f\u00e9le nemesi igazol\u00e1s bizony\u00edt. Iskol\u00e1i befejez\u00e9se ut\u00e1n a g\u00e9plakatos ipart tanulta ki, ut\u00e1nna az ipari iskol\u00e1ban k\u00fcl\u00f6nb\u00f6z\u0151 szaktanfolyamot v\u00e9gzett \u00e9s a malomiparra speci\u00e1liz\u00e1lta mag\u00e1t, Brass\u00f3ban \u00e9s Kv.-on fejlesztette szaktud\u00e1s\u00e1t. Malmot l\u00e9tes\u00edtett Sz\u00e9kelyhodos k\u00f6zs\u00e9gben (1925). Az els\u0151 vh.-ban az [&hellip;]<\/p>\n","protected":false},"featured_media":0,"comment_status":"open","ping_status":"closed","template":"","meta":[],"product_brand":[],"product_cat":[137],"product_tag":[],"class_list":{"0":"post-10887","1":"product","2":"type-product","3":"status-publish","5":"product_cat-maros-megyei-eletrajzi-lexikon","7":"first","8":"instock","9":"shipping-taxable","10":"product-type-simple"},"_links":{"self":[{"href":"https:\/\/uj.adatbank.ro\/lexikon\/wp-json\/wp\/v2\/product\/10887","targetHints":{"allow":["GET"]}}],"collection":[{"href":"https:\/\/uj.adatbank.ro\/lexikon\/wp-json\/wp\/v2\/product"}],"about":[{"href":"https:\/\/uj.adatbank.ro\/lexikon\/wp-json\/wp\/v2\/types\/product"}],"replies":[{"embeddable":true,"href":"https:\/\/uj.adatbank.ro\/lexikon\/wp-json\/wp\/v2\/comments?post=10887"}],"wp:attachment":[{"href":"https:\/\/uj.adatbank.ro\/lexikon\/wp-json\/wp\/v2\/media?parent=10887"}],"wp:term":[{"taxonomy":"product_brand","embeddable":true,"href":"https:\/\/uj.adatbank.ro\/lexikon\/wp-json\/wp\/v2\/product_brand?post=10887"},{"taxonomy":"product_cat","embeddable":true,"href":"https:\/\/uj.adatbank.ro\/lexikon\/wp-json\/wp\/v2\/product_cat?post=10887"},{"taxonomy":"product_tag","embeddable":true,"href":"https:\/\/uj.adatbank.ro\/lexikon\/wp-json\/wp\/v2\/product_tag?post=10887"}],"curies":[{"name":"wp","href":"https:\/\/api.w.org\/{rel}","templated":true}]}}