{"id":10888,"date":"2025-06-29T13:34:40","date_gmt":"2025-06-29T11:34:40","guid":{"rendered":"https:\/\/uj.adatbank.ro\/lexikon\/termek\/jeremias-bela-2\/"},"modified":"2025-06-29T13:34:40","modified_gmt":"2025-06-29T11:34:40","slug":"jeremias-bela-2","status":"publish","type":"product","link":"https:\/\/uj.adatbank.ro\/lexikon\/termek\/jeremias-bela-2\/","title":{"rendered":"JEREMI\u00c1S B\u00e9la"},"content":{"rendered":"<p>Sz\u00e9kelyhodos, 1927., \u2020\u00a0Mv., 2007. j\u00fal. 3.: orvos. \u2013 A mv.-i II. R\u00e1k\u00f3czi Ferenc R. K. F\u0151gimn. V\u00e9gzettje (1944). A MOGYI orvosi kar\u00e1n v\u00e9gzett (1952). Mez\u0151panitban k\u00f6rorvos. Mv.-en a II. -es sz. Gyermekklinika r\u00f6ntgen szakorvosa, f\u0151orvos nyugd\u00edjaz\u00e1s\u00e1ig. A rendszerv\u00e1lt\u00e1s ut\u00e1n els\u0151, aki mag\u00e1n r\u00f6ntgen-rendel\u0151t nyitott Mv.-en. K\u00f3rust szervezett Panitban. \u00c1tvette a mv.-i Keresztel\u0151 Szent J\u00e1nos Pl\u00e9b\u00e1niatemplom k\u00f3rusa vezet\u00e9s\u00e9t (1956\u201360) \u00e9s \u00e1talak\u00edtotta az \u00e9nekkart n\u00e9gysz\u00f3lam\u00fa vegyes koruss\u00e1, t\u00f6bbsz\u00f6r nyertek rajoni \u00e9s megyei d\u00edjat. \u2013 <strong>F. m.:<\/strong> Nagy Istv\u00e1n k\u00f3rus\u00e1ban \u00e9nekeltem = Mv.-i R. K. okt. <br \/><strong>Irod.:<\/strong> Kiss-P. \u2013 P.; Mez\u0151panit; [Nekrol\u00f3g] (N\u00fa., 2007. j\u00fal. 30.)<\/br><\/p>\n","protected":false},"excerpt":{"rendered":"<p>Sz\u00e9kelyhodos, 1927., \u2020\u00a0Mv., 2007. j\u00fal. 3.: orvos. \u2013 A mv.-i II. R\u00e1k\u00f3czi Ferenc R. K. F\u0151gimn. V\u00e9gzettje (1944). A MOGYI orvosi kar\u00e1n v\u00e9gzett (1952). Mez\u0151panitban k\u00f6rorvos. Mv.-en a II. -es sz. Gyermekklinika r\u00f6ntgen szakorvosa, f\u0151orvos nyugd\u00edjaz\u00e1s\u00e1ig. A rendszerv\u00e1lt\u00e1s ut\u00e1n els\u0151, aki mag\u00e1n r\u00f6ntgen-rendel\u0151t nyitott Mv.-en. K\u00f3rust szervezett Panitban. \u00c1tvette a mv.-i Keresztel\u0151 Szent J\u00e1nos Pl\u00e9b\u00e1niatemplom [&hellip;]<\/p>\n","protected":false},"featured_media":0,"comment_status":"open","ping_status":"closed","template":"","meta":[],"product_brand":[],"product_cat":[137],"product_tag":[],"class_list":{"0":"post-10888","1":"product","2":"type-product","3":"status-publish","5":"product_cat-maros-megyei-eletrajzi-lexikon","7":"first","8":"instock","9":"shipping-taxable","10":"product-type-simple"},"_links":{"self":[{"href":"https:\/\/uj.adatbank.ro\/lexikon\/wp-json\/wp\/v2\/product\/10888","targetHints":{"allow":["GET"]}}],"collection":[{"href":"https:\/\/uj.adatbank.ro\/lexikon\/wp-json\/wp\/v2\/product"}],"about":[{"href":"https:\/\/uj.adatbank.ro\/lexikon\/wp-json\/wp\/v2\/types\/product"}],"replies":[{"embeddable":true,"href":"https:\/\/uj.adatbank.ro\/lexikon\/wp-json\/wp\/v2\/comments?post=10888"}],"wp:attachment":[{"href":"https:\/\/uj.adatbank.ro\/lexikon\/wp-json\/wp\/v2\/media?parent=10888"}],"wp:term":[{"taxonomy":"product_brand","embeddable":true,"href":"https:\/\/uj.adatbank.ro\/lexikon\/wp-json\/wp\/v2\/product_brand?post=10888"},{"taxonomy":"product_cat","embeddable":true,"href":"https:\/\/uj.adatbank.ro\/lexikon\/wp-json\/wp\/v2\/product_cat?post=10888"},{"taxonomy":"product_tag","embeddable":true,"href":"https:\/\/uj.adatbank.ro\/lexikon\/wp-json\/wp\/v2\/product_tag?post=10888"}],"curies":[{"name":"wp","href":"https:\/\/api.w.org\/{rel}","templated":true}]}}

JEREMIÁS Béla

<p>Székelyhodos, 1927., † Mv., 2007. júl. 3.: orvos. – A mv.-i II. Rákóczi Ferenc R. K. Főgimn. Végzettje (1944). A MOGYI orvosi karán végzett (1952). Mezőpanitban körorvos. Mv.-en a II. -es sz. Gyermekklinika röntgen szakorvosa, főorvos nyugdíjazásáig. A rendszerváltás után első, aki magán röntgen-rendelőt nyitott Mv.-en. Kórust szervezett Panitban. Átvette a mv.-i Keresztelő Szent János Plébániatemplom kórusa vezetését (1956–60) és átalakította az énekkart négyszólamú vegyes korussá, többször nyertek rajoni és megyei díjat. – <strong>F. m.:</strong> Nagy István kórusában énekeltem = Mv.-i R. K. okt. <br /><strong>Irod.:</strong> Kiss-P. – P.; Mezőpanit; [Nekrológ] (Nú., 2007. júl. 30.)</br></p>

<p>Székelyhodos, 1927., † Mv., 2007. júl. 3.: orvos. – A mv.-i II. Rákóczi Ferenc R. K. Főgimn. Végzettje (1944). A MOGYI orvosi karán végzett (1952). Mezőpanitban körorvos. Mv.-en a II. -es sz. Gyermekklinika röntgen szakorvosa, főorvos nyugdíjazásáig. A rendszerváltás után első, aki magán röntgen-rendelőt nyitott Mv.-en. Kórust szervezett Panitban. Átvette a mv.-i Keresztelő Szent János Plébániatemplom [&hellip;]</p>
