{"id":10891,"date":"2025-06-29T13:34:47","date_gmt":"2025-06-29T11:34:47","guid":{"rendered":"https:\/\/uj.adatbank.ro\/lexikon\/termek\/jeszenszky-ferenc\/"},"modified":"2025-06-29T13:34:47","modified_gmt":"2025-06-29T11:34:47","slug":"jeszenszky-ferenc","status":"publish","type":"product","link":"https:\/\/uj.adatbank.ro\/lexikon\/termek\/jeszenszky-ferenc\/","title":{"rendered":"JESZENSZKY Ferenc"},"content":{"rendered":"<p>Kispeleske, 1937. febr. 27. \u2020 Mv., 2017. m\u00e1rc. 17. temet\u00e9se m\u00e1rc. 22.: orvos. \u2013 J. Ferenc \u00e9s Erzs\u00e9bet fia. Gyermekeik: Ferenc (1962) orvos; Beleznai J. Gy\u00f6ngyv\u00e9r Enik\u0151 (1964) szoci\u00e1lpedag\u00f3gus; Attila (1968) v\u00e1llalkoz\u00f3. A MOGYI orvos kar\u00e1n v\u00e9gzett (1961), orvostud. dr (Mv., 1980). Cs\u00edkkarcfalv\u00e1n k\u00f6rorvos. (1961\u20131963), Gyergy\u00f3szentmikl\u00f3son rajoni f\u0151orvos (1963\u20131965). Sz\u00fcl\u00e9sz-n\u0151gy\u00f3gy\u00e1sz szakorvos (1966), n\u0151gy\u00f3gy\u00e1szati onkol\u00f3gus. Hargita megyei f\u0151orvos (1972\u20131984) \u00e9s a megyei k\u00f3rh\u00e1z igazgat\u00f3ja, doktor\u00e1lt. A cs\u00edkszeredai Sz\u00fcl\u00e9szet-n\u0151gy\u00f3gy\u00e1szatot vezette (1984\u20131989). Orvosi kezel\u00e9sen volt Margburgban (1990\u20131992) \u00e9s vend\u00e9gtan\u00e1rk\u00e9nt is m\u0171k\u00f6d\u00f6tt. Mv.-en a Region\u00e1lis K\u00f6zeg\u00e9szs\u00e9gtani Int\u00e9zet egyes fokozat\u00fa f\u0151kutat\u00f3ja \u00e9s igazgat\u00f3ja (1992\u20132010). A Rom\u00e1n Eg\u00e9szs\u00e9g\u00fcgyi Akad\u00e9mia tagja (1995\u2013). Az Eg\u00e9szs\u00e9g\u00fcgyi Miniszt\u00e9rium tan\u00e1csosa (1992\u20132002). Mv.-en az Akad\u00e9miai Kutat\u00f3int\u00e9zet igazgat\u00f3ja,. a rom\u00e1n eg\u00e9szs\u00e9g\u00fcgyi Akad. tagja (1995\u2013). \u2013 <strong>F. m.:<\/strong> Drepturile fundamentale ale pacien\u021bilor \u0219i medicilor (Buc., 1999) Introducere \u00een managementul unit\u0103\u021bilor spitalice\u0219ti (Buc., 2001) <br \/><strong>Irod.:<\/strong> EMKK 2010; Kiss-P. \u2013 P;. Magy kutat\u00f3k; T\u0151k\u00e9s<\/br><\/p>\n","protected":false},"excerpt":{"rendered":"<p>Kispeleske, 1937. febr. 27. \u2020 Mv., 2017. m\u00e1rc. 17. temet\u00e9se m\u00e1rc. 22.: orvos. \u2013 J. Ferenc \u00e9s Erzs\u00e9bet fia. Gyermekeik: Ferenc (1962) orvos; Beleznai J. Gy\u00f6ngyv\u00e9r Enik\u0151 (1964) szoci\u00e1lpedag\u00f3gus; Attila (1968) v\u00e1llalkoz\u00f3. A MOGYI orvos kar\u00e1n v\u00e9gzett (1961), orvostud. dr (Mv., 1980). Cs\u00edkkarcfalv\u00e1n k\u00f6rorvos. (1961\u20131963), Gyergy\u00f3szentmikl\u00f3son rajoni f\u0151orvos (1963\u20131965). Sz\u00fcl\u00e9sz-n\u0151gy\u00f3gy\u00e1sz szakorvos (1966), n\u0151gy\u00f3gy\u00e1szati onkol\u00f3gus. Hargita [&hellip;]<\/p>\n","protected":false},"featured_media":0,"comment_status":"open","ping_status":"closed","template":"","meta":[],"product_brand":[],"product_cat":[137],"product_tag":[],"class_list":{"0":"post-10891","1":"product","2":"type-product","3":"status-publish","5":"product_cat-maros-megyei-eletrajzi-lexikon","7":"first","8":"instock","9":"shipping-taxable","10":"product-type-simple"},"_links":{"self":[{"href":"https:\/\/uj.adatbank.ro\/lexikon\/wp-json\/wp\/v2\/product\/10891","targetHints":{"allow":["GET"]}}],"collection":[{"href":"https:\/\/uj.adatbank.ro\/lexikon\/wp-json\/wp\/v2\/product"}],"about":[{"href":"https:\/\/uj.adatbank.ro\/lexikon\/wp-json\/wp\/v2\/types\/product"}],"replies":[{"embeddable":true,"href":"https:\/\/uj.adatbank.ro\/lexikon\/wp-json\/wp\/v2\/comments?post=10891"}],"wp:attachment":[{"href":"https:\/\/uj.adatbank.ro\/lexikon\/wp-json\/wp\/v2\/media?parent=10891"}],"wp:term":[{"taxonomy":"product_brand","embeddable":true,"href":"https:\/\/uj.adatbank.ro\/lexikon\/wp-json\/wp\/v2\/product_brand?post=10891"},{"taxonomy":"product_cat","embeddable":true,"href":"https:\/\/uj.adatbank.ro\/lexikon\/wp-json\/wp\/v2\/product_cat?post=10891"},{"taxonomy":"product_tag","embeddable":true,"href":"https:\/\/uj.adatbank.ro\/lexikon\/wp-json\/wp\/v2\/product_tag?post=10891"}],"curies":[{"name":"wp","href":"https:\/\/api.w.org\/{rel}","templated":true}]}}

<p>Kispeleske, 1937. febr. 27. † Mv., 2017. márc. 17. temetése márc. 22.: orvos. – J. Ferenc és Erzsébet fia. Gyermekeik: Ferenc (1962) orvos; Beleznai J. Gyöngyvér Enikő (1964) szociálpedagógus; Attila (1968) vállalkozó. A MOGYI orvos karán végzett (1961), orvostud. dr (Mv., 1980). Csíkkarcfalván körorvos. (1961–1963), Gyergyószentmiklóson rajoni főorvos (1963–1965). Szülész-nőgyógyász szakorvos (1966), nőgyógyászati onkológus. Hargita megyei főorvos (1972–1984) és a megyei kórház igazgatója, doktorált. A csíkszeredai Szülészet-nőgyógyászatot vezette (1984–1989). Orvosi kezelésen volt Margburgban (1990–1992) és vendégtanárként is működött. Mv.-en a Regionális Közegészségtani Intézet egyes fokozatú főkutatója és igazgatója (1992–2010). A Román Egészségügyi Akadémia tagja (1995–). Az Egészségügyi Minisztérium tanácsosa (1992–2002). Mv.-en az Akadémiai Kutatóintézet igazgatója,. a román egészségügyi Akad. tagja (1995–). – <strong>F. m.:</strong> Drepturile fundamentale ale pacienților și medicilor (Buc., 1999) Introducere în managementul unităților spitalicești (Buc., 2001) <br /><strong>Irod.:</strong> EMKK 2010; Kiss-P. – P;. Magy kutatók; Tőkés</br></p>

<p>Kispeleske, 1937. febr. 27. † Mv., 2017. márc. 17. temetése márc. 22.: orvos. – J. Ferenc és Erzsébet fia. Gyermekeik: Ferenc (1962) orvos; Beleznai J. Gyöngyvér Enikő (1964) szociálpedagógus; Attila (1968) vállalkozó. A MOGYI orvos karán végzett (1961), orvostud. dr (Mv., 1980). Csíkkarcfalván körorvos. (1961–1963), Gyergyószentmiklóson rajoni főorvos (1963–1965). Szülész-nőgyógyász szakorvos (1966), nőgyógyászati onkológus. Hargita [&hellip;]</p>
