{"id":10892,"date":"2025-06-29T13:34:49","date_gmt":"2025-06-29T11:34:49","guid":{"rendered":"https:\/\/uj.adatbank.ro\/lexikon\/termek\/jeszenszky-sandor\/"},"modified":"2025-06-29T13:34:49","modified_gmt":"2025-06-29T11:34:49","slug":"jeszenszky-sandor","status":"publish","type":"product","link":"https:\/\/uj.adatbank.ro\/lexikon\/termek\/jeszenszky-sandor\/","title":{"rendered":"JESZENSZKY S\u00e1ndor"},"content":{"rendered":"<p>? \u2020\u00a0?. \u2013 Az MTE rendes tagja (1884). <br \/><strong>Irod.:<\/strong> Sikl\u00f3ss\u00ed ezt ki kell k\u00e9rjem<\/br><\/p>\n","protected":false},"excerpt":{"rendered":"<p>? \u2020\u00a0?. \u2013 Az MTE rendes tagja (1884). Irod.: Sikl\u00f3ss\u00ed ezt ki kell k\u00e9rjem<\/p>\n","protected":false},"featured_media":0,"comment_status":"open","ping_status":"closed","template":"","meta":[],"product_brand":[],"product_cat":[137],"product_tag":[],"class_list":{"0":"post-10892","1":"product","2":"type-product","3":"status-publish","5":"product_cat-maros-megyei-eletrajzi-lexikon","7":"first","8":"instock","9":"shipping-taxable","10":"product-type-simple"},"_links":{"self":[{"href":"https:\/\/uj.adatbank.ro\/lexikon\/wp-json\/wp\/v2\/product\/10892","targetHints":{"allow":["GET"]}}],"collection":[{"href":"https:\/\/uj.adatbank.ro\/lexikon\/wp-json\/wp\/v2\/product"}],"about":[{"href":"https:\/\/uj.adatbank.ro\/lexikon\/wp-json\/wp\/v2\/types\/product"}],"replies":[{"embeddable":true,"href":"https:\/\/uj.adatbank.ro\/lexikon\/wp-json\/wp\/v2\/comments?post=10892"}],"wp:attachment":[{"href":"https:\/\/uj.adatbank.ro\/lexikon\/wp-json\/wp\/v2\/media?parent=10892"}],"wp:term":[{"taxonomy":"product_brand","embeddable":true,"href":"https:\/\/uj.adatbank.ro\/lexikon\/wp-json\/wp\/v2\/product_brand?post=10892"},{"taxonomy":"product_cat","embeddable":true,"href":"https:\/\/uj.adatbank.ro\/lexikon\/wp-json\/wp\/v2\/product_cat?post=10892"},{"taxonomy":"product_tag","embeddable":true,"href":"https:\/\/uj.adatbank.ro\/lexikon\/wp-json\/wp\/v2\/product_tag?post=10892"}],"curies":[{"name":"wp","href":"https:\/\/api.w.org\/{rel}","templated":true}]}}