{"id":10899,"date":"2025-06-29T13:35:02","date_gmt":"2025-06-29T11:35:02","guid":{"rendered":"https:\/\/uj.adatbank.ro\/lexikon\/termek\/joanovics-ivan\/"},"modified":"2025-06-29T13:35:02","modified_gmt":"2025-06-29T11:35:02","slug":"joanovics-ivan","status":"publish","type":"product","link":"https:\/\/uj.adatbank.ro\/lexikon\/termek\/joanovics-ivan\/","title":{"rendered":"JOANOVICS Iv\u00e1n"},"content":{"rendered":"<p>? \u2020\u00a0?: f\u00e9nyk\u00e9p\u00e9sz. \u2013 Testv\u00e9r\u00e9vel, Gy\u00f6rggyel m\u0171termet m\u0171k\u00f6dtettek Mv.-en, Sz\u00e9ch\u00e9nyi t\u00e9r 17. sz. alatt (1900\u201318). <br \/><strong>Irod.:<\/strong> Mikl\u00f3si-Sikes; T\u00f6r\u00f6k G\u00e1sp\u00e1r: Visszapillant\u00e1s a fot\u00f3m\u0171v\u00e9szet v\u00e1s\u00e1rhelyi el\u0151zm\u00e9nyeire (N\u00fa., M\u00fazsa, 302. sz., 1997. j\u00fal. 11.)<\/br><\/p>\n","protected":false},"excerpt":{"rendered":"<p>? \u2020\u00a0?: f\u00e9nyk\u00e9p\u00e9sz. \u2013 Testv\u00e9r\u00e9vel, Gy\u00f6rggyel m\u0171termet m\u0171k\u00f6dtettek Mv.-en, Sz\u00e9ch\u00e9nyi t\u00e9r 17. sz. alatt (1900\u201318). Irod.: Mikl\u00f3si-Sikes; T\u00f6r\u00f6k G\u00e1sp\u00e1r: Visszapillant\u00e1s a fot\u00f3m\u0171v\u00e9szet v\u00e1s\u00e1rhelyi el\u0151zm\u00e9nyeire (N\u00fa., M\u00fazsa, 302. sz., 1997. j\u00fal. 11.)<\/p>\n","protected":false},"featured_media":0,"comment_status":"open","ping_status":"closed","template":"","meta":[],"product_brand":[],"product_cat":[137],"product_tag":[],"class_list":{"0":"post-10899","1":"product","2":"type-product","3":"status-publish","5":"product_cat-maros-megyei-eletrajzi-lexikon","7":"first","8":"instock","9":"shipping-taxable","10":"product-type-simple"},"_links":{"self":[{"href":"https:\/\/uj.adatbank.ro\/lexikon\/wp-json\/wp\/v2\/product\/10899","targetHints":{"allow":["GET"]}}],"collection":[{"href":"https:\/\/uj.adatbank.ro\/lexikon\/wp-json\/wp\/v2\/product"}],"about":[{"href":"https:\/\/uj.adatbank.ro\/lexikon\/wp-json\/wp\/v2\/types\/product"}],"replies":[{"embeddable":true,"href":"https:\/\/uj.adatbank.ro\/lexikon\/wp-json\/wp\/v2\/comments?post=10899"}],"wp:attachment":[{"href":"https:\/\/uj.adatbank.ro\/lexikon\/wp-json\/wp\/v2\/media?parent=10899"}],"wp:term":[{"taxonomy":"product_brand","embeddable":true,"href":"https:\/\/uj.adatbank.ro\/lexikon\/wp-json\/wp\/v2\/product_brand?post=10899"},{"taxonomy":"product_cat","embeddable":true,"href":"https:\/\/uj.adatbank.ro\/lexikon\/wp-json\/wp\/v2\/product_cat?post=10899"},{"taxonomy":"product_tag","embeddable":true,"href":"https:\/\/uj.adatbank.ro\/lexikon\/wp-json\/wp\/v2\/product_tag?post=10899"}],"curies":[{"name":"wp","href":"https:\/\/api.w.org\/{rel}","templated":true}]}}