{"id":10907,"date":"2025-06-29T13:35:22","date_gmt":"2025-06-29T11:35:22","guid":{"rendered":"https:\/\/uj.adatbank.ro\/lexikon\/termek\/johann-s\/"},"modified":"2025-06-29T13:35:22","modified_gmt":"2025-06-29T11:35:22","slug":"johann-s","status":"publish","type":"product","link":"https:\/\/uj.adatbank.ro\/lexikon\/termek\/johann-s\/","title":{"rendered":"JOHANN S."},"content":{"rendered":"<p>Nagyszeben, 1712. m\u00e1rc. 22., \u2020 Segesv\u00e1r, 1787. aug.: zeneszerz\u0151, \u00e9nekes. \u2013 A szebeni ev. templom orgonist\u00e1ja volt. <br \/><strong>Irod.:<\/strong> Sava-Vartolomei<\/br><\/p>\n","protected":false},"excerpt":{"rendered":"<p>Nagyszeben, 1712. m\u00e1rc. 22., \u2020 Segesv\u00e1r, 1787. aug.: zeneszerz\u0151, \u00e9nekes. \u2013 A szebeni ev. templom orgonist\u00e1ja volt. Irod.: Sava-Vartolomei<\/p>\n","protected":false},"featured_media":0,"comment_status":"open","ping_status":"closed","template":"","meta":[],"product_brand":[],"product_cat":[137],"product_tag":[],"class_list":{"0":"post-10907","1":"product","2":"type-product","3":"status-publish","5":"product_cat-maros-megyei-eletrajzi-lexikon","7":"first","8":"instock","9":"shipping-taxable","10":"product-type-simple"},"_links":{"self":[{"href":"https:\/\/uj.adatbank.ro\/lexikon\/wp-json\/wp\/v2\/product\/10907","targetHints":{"allow":["GET"]}}],"collection":[{"href":"https:\/\/uj.adatbank.ro\/lexikon\/wp-json\/wp\/v2\/product"}],"about":[{"href":"https:\/\/uj.adatbank.ro\/lexikon\/wp-json\/wp\/v2\/types\/product"}],"replies":[{"embeddable":true,"href":"https:\/\/uj.adatbank.ro\/lexikon\/wp-json\/wp\/v2\/comments?post=10907"}],"wp:attachment":[{"href":"https:\/\/uj.adatbank.ro\/lexikon\/wp-json\/wp\/v2\/media?parent=10907"}],"wp:term":[{"taxonomy":"product_brand","embeddable":true,"href":"https:\/\/uj.adatbank.ro\/lexikon\/wp-json\/wp\/v2\/product_brand?post=10907"},{"taxonomy":"product_cat","embeddable":true,"href":"https:\/\/uj.adatbank.ro\/lexikon\/wp-json\/wp\/v2\/product_cat?post=10907"},{"taxonomy":"product_tag","embeddable":true,"href":"https:\/\/uj.adatbank.ro\/lexikon\/wp-json\/wp\/v2\/product_tag?post=10907"}],"curies":[{"name":"wp","href":"https:\/\/api.w.org\/{rel}","templated":true}]}}