{"id":10913,"date":"2025-06-29T13:35:44","date_gmt":"2025-06-29T11:35:44","guid":{"rendered":"https:\/\/uj.adatbank.ro\/lexikon\/termek\/jokai-mor\/"},"modified":"2025-06-29T13:35:44","modified_gmt":"2025-06-29T11:35:44","slug":"jokai-mor","status":"publish","type":"product","link":"https:\/\/uj.adatbank.ro\/lexikon\/termek\/jokai-mor\/","title":{"rendered":"J\u00d3KAI M\u00f3r"},"content":{"rendered":"<p>Kom\u00e1rom, 1825. febr. 18., \u2020 Bp., 1904. m\u00e1j. 5.: \u00edr\u00f3. \u2013 Erd\u00e9lyi k\u00f6rutaz\u00e1st tett (1853. m\u00e1j.), az Egy az Isten c. reg\u00e9nye meg\u00edr\u00e1s\u00e1hoz adatokat \u00e9s benyom\u00e1sokat, \u00e9lm\u00e9nyeket gy\u0171jt\u00f6tt. Gyulafeh\u00e9rv\u00e1ron \u00e9s Nagyenyeden kereszt\u00fcl \u00e9rkezett Mv. -re (1853. m\u00e1j. 18.). Erd\u00e9lyi \u00fatj\u00e1r\u00f3l hat lev\u00e9lben sz\u00e1molt be, a negyedikeben Kelementelk\u00e9r\u0151l keltezve, le\u00edrta mv.-i \u00e9lm\u00e9nyeit. L\u00e1togat\u00e1sa a rossz id\u0151 k\u00f6vetkezt\u00e9ben csak a v\u00e1rra szor\u00edtkozott, a v\u00e1rr\u00f3l rajzot is k\u00e9sz\u00edtett. A Sz\u00e9kely V\u00e9rtanuk Eml\u00e9km\u0171v\u00e9nek a felirat\u00e1t J. M. fogalmazta meg (avat\u00e1s: 1875. j\u00fan. 27.). A mv.-i t\u00f6rv\u00e9nyhat\u00f3s\u00e1gi bizotts\u00e1g megv\u00e1s\u00e1rolta a kiadott J\u00f3kai-k\u00f6teteket az Ipararos Polg\u00e1ri Egylet k\u00f6nyvt\u00e1ra sz\u00e1m\u00e1ra (1894). A leend\u0151 aggmenh\u00e1z sz\u00e1m\u00e1ra \u00e1gyalap\u00edtv\u00e1nyt l\u00e9tes\u00edtettek J. M. eml\u00e9k\u00e9re (1904). <br \/><strong>Irod.:<\/strong> Bern\u00e1dy; Bihari S\u00e1ndor: A mv.-i Casino J\u00f3kai \u00fcnnep\u00e9lye 1894. jan. 6. (Mv., 1894); Fekete; Hazai utaz\u00f3k Erd\u00e9lyben; Id\u0151t\u00e1r 2; Keresztes Gyula: J. M. mv.-i rajza (N\u00fa., 1993. m\u00e1j. 7.); Kr\u00f3n. F\u00fcz. (1939. 4\/3); Szentgy\u00f6rgyi<\/br><\/p>\n","protected":false},"excerpt":{"rendered":"<p>Kom\u00e1rom, 1825. febr. 18., \u2020 Bp., 1904. m\u00e1j. 5.: \u00edr\u00f3. \u2013 Erd\u00e9lyi k\u00f6rutaz\u00e1st tett (1853. m\u00e1j.), az Egy az Isten c. reg\u00e9nye meg\u00edr\u00e1s\u00e1hoz adatokat \u00e9s benyom\u00e1sokat, \u00e9lm\u00e9nyeket gy\u0171jt\u00f6tt. Gyulafeh\u00e9rv\u00e1ron \u00e9s Nagyenyeden kereszt\u00fcl \u00e9rkezett Mv. -re (1853. m\u00e1j. 18.). Erd\u00e9lyi \u00fatj\u00e1r\u00f3l hat lev\u00e9lben sz\u00e1molt be, a negyedikeben Kelementelk\u00e9r\u0151l keltezve, le\u00edrta mv.-i \u00e9lm\u00e9nyeit. L\u00e1togat\u00e1sa a rossz id\u0151 [&hellip;]<\/p>\n","protected":false},"featured_media":0,"comment_status":"open","ping_status":"closed","template":"","meta":[],"product_brand":[],"product_cat":[137],"product_tag":[],"class_list":{"0":"post-10913","1":"product","2":"type-product","3":"status-publish","5":"product_cat-maros-megyei-eletrajzi-lexikon","7":"first","8":"instock","9":"shipping-taxable","10":"product-type-simple"},"_links":{"self":[{"href":"https:\/\/uj.adatbank.ro\/lexikon\/wp-json\/wp\/v2\/product\/10913","targetHints":{"allow":["GET"]}}],"collection":[{"href":"https:\/\/uj.adatbank.ro\/lexikon\/wp-json\/wp\/v2\/product"}],"about":[{"href":"https:\/\/uj.adatbank.ro\/lexikon\/wp-json\/wp\/v2\/types\/product"}],"replies":[{"embeddable":true,"href":"https:\/\/uj.adatbank.ro\/lexikon\/wp-json\/wp\/v2\/comments?post=10913"}],"wp:attachment":[{"href":"https:\/\/uj.adatbank.ro\/lexikon\/wp-json\/wp\/v2\/media?parent=10913"}],"wp:term":[{"taxonomy":"product_brand","embeddable":true,"href":"https:\/\/uj.adatbank.ro\/lexikon\/wp-json\/wp\/v2\/product_brand?post=10913"},{"taxonomy":"product_cat","embeddable":true,"href":"https:\/\/uj.adatbank.ro\/lexikon\/wp-json\/wp\/v2\/product_cat?post=10913"},{"taxonomy":"product_tag","embeddable":true,"href":"https:\/\/uj.adatbank.ro\/lexikon\/wp-json\/wp\/v2\/product_tag?post=10913"}],"curies":[{"name":"wp","href":"https:\/\/api.w.org\/{rel}","templated":true}]}}