{"id":10921,"date":"2025-06-29T13:36:01","date_gmt":"2025-06-29T11:36:01","guid":{"rendered":"https:\/\/uj.adatbank.ro\/lexikon\/termek\/joo-sandor\/"},"modified":"2025-06-29T13:36:01","modified_gmt":"2025-06-29T11:36:01","slug":"joo-sandor","status":"publish","type":"product","link":"https:\/\/uj.adatbank.ro\/lexikon\/termek\/joo-sandor\/","title":{"rendered":"JO\u00d3 S\u00e1ndor"},"content":{"rendered":"<p>Nagysolymos, 1941. m\u00e1rc. 20., \u2020\u00a0Mv., 2000. m\u00e1j. 15.: munk\u00e1s, szerel\u0151. \u2013 A sz\u00e9kelykereszt\u00fari gimn\u00e1ziumban volt karbantart\u00f3. Letart\u00f3ztatt\u00e1k (1961. jan. 13.) \u00e9s a Szabads\u00e1gra V\u00e1gy\u00f3 Ifjak Szervezete feljelent\u00e9s\u00e9nek elmulaszt\u00e1s\u00e1\u00e9rt 4 \u00e9vre \u00edt\u00e9lt\u00e9k. Jilav\u00e1r\u00f3l szabadult (1963. jan. 15.), Mv.-en telepedett le, a cukorgy\u00e1rban (\u20131965), az Electromuresben (1967), majd a B\u0151r- \u00e9s Kesszty\u0171gy\u00e1rban dolgozott (\u20131994). A Haz\u00e1\u00e9rt \u00e9s Szabads\u00e1g\u00e9rt eml\u00e9k\u00e9remmel t\u00fcntette\u00e9k ki (1996). \u2013 Irod: 1956 Erd\u00e9lyben<\/br><\/p>\n","protected":false},"excerpt":{"rendered":"<p>Nagysolymos, 1941. m\u00e1rc. 20., \u2020\u00a0Mv., 2000. m\u00e1j. 15.: munk\u00e1s, szerel\u0151. \u2013 A sz\u00e9kelykereszt\u00fari gimn\u00e1ziumban volt karbantart\u00f3. Letart\u00f3ztatt\u00e1k (1961. jan. 13.) \u00e9s a Szabads\u00e1gra V\u00e1gy\u00f3 Ifjak Szervezete feljelent\u00e9s\u00e9nek elmulaszt\u00e1s\u00e1\u00e9rt 4 \u00e9vre \u00edt\u00e9lt\u00e9k. Jilav\u00e1r\u00f3l szabadult (1963. jan. 15.), Mv.-en telepedett le, a cukorgy\u00e1rban (\u20131965), az Electromuresben (1967), majd a B\u0151r- \u00e9s Kesszty\u0171gy\u00e1rban dolgozott (\u20131994). A Haz\u00e1\u00e9rt \u00e9s [&hellip;]<\/p>\n","protected":false},"featured_media":0,"comment_status":"open","ping_status":"closed","template":"","meta":[],"product_brand":[],"product_cat":[137],"product_tag":[],"class_list":{"0":"post-10921","1":"product","2":"type-product","3":"status-publish","5":"product_cat-maros-megyei-eletrajzi-lexikon","7":"first","8":"instock","9":"shipping-taxable","10":"product-type-simple"},"_links":{"self":[{"href":"https:\/\/uj.adatbank.ro\/lexikon\/wp-json\/wp\/v2\/product\/10921","targetHints":{"allow":["GET"]}}],"collection":[{"href":"https:\/\/uj.adatbank.ro\/lexikon\/wp-json\/wp\/v2\/product"}],"about":[{"href":"https:\/\/uj.adatbank.ro\/lexikon\/wp-json\/wp\/v2\/types\/product"}],"replies":[{"embeddable":true,"href":"https:\/\/uj.adatbank.ro\/lexikon\/wp-json\/wp\/v2\/comments?post=10921"}],"wp:attachment":[{"href":"https:\/\/uj.adatbank.ro\/lexikon\/wp-json\/wp\/v2\/media?parent=10921"}],"wp:term":[{"taxonomy":"product_brand","embeddable":true,"href":"https:\/\/uj.adatbank.ro\/lexikon\/wp-json\/wp\/v2\/product_brand?post=10921"},{"taxonomy":"product_cat","embeddable":true,"href":"https:\/\/uj.adatbank.ro\/lexikon\/wp-json\/wp\/v2\/product_cat?post=10921"},{"taxonomy":"product_tag","embeddable":true,"href":"https:\/\/uj.adatbank.ro\/lexikon\/wp-json\/wp\/v2\/product_tag?post=10921"}],"curies":[{"name":"wp","href":"https:\/\/api.w.org\/{rel}","templated":true}]}}

JOÓ Sándor

<p>Nagysolymos, 1941. márc. 20., † Mv., 2000. máj. 15.: munkás, szerelő. – A székelykeresztúri gimnáziumban volt karbantartó. Letartóztatták (1961. jan. 13.) és a Szabadságra Vágyó Ifjak Szervezete feljelentésének elmulasztásáért 4 évre ítélték. Jilaváról szabadult (1963. jan. 15.), Mv.-en telepedett le, a cukorgyárban (–1965), az Electromuresben (1967), majd a Bőr- és Kessztyűgyárban dolgozott (–1994). A Hazáért és Szabadságért emlékéremmel tüntetteék ki (1996). – Irod: 1956 Erdélyben</br></p>

<p>Nagysolymos, 1941. márc. 20., † Mv., 2000. máj. 15.: munkás, szerelő. – A székelykeresztúri gimnáziumban volt karbantartó. Letartóztatták (1961. jan. 13.) és a Szabadságra Vágyó Ifjak Szervezete feljelentésének elmulasztásáért 4 évre ítélték. Jilaváról szabadult (1963. jan. 15.), Mv.-en telepedett le, a cukorgyárban (–1965), az Electromuresben (1967), majd a Bőr- és Kessztyűgyárban dolgozott (–1994). A Hazáért és [&hellip;]</p>
