{"id":10922,"date":"2025-06-29T13:36:02","date_gmt":"2025-06-29T11:36:02","guid":{"rendered":"https:\/\/uj.adatbank.ro\/lexikon\/termek\/joos-andor\/"},"modified":"2025-06-29T13:36:02","modified_gmt":"2025-06-29T11:36:02","slug":"joos-andor","status":"publish","type":"product","link":"https:\/\/uj.adatbank.ro\/lexikon\/termek\/joos-andor\/","title":{"rendered":"JO\u00d3S Andor"},"content":{"rendered":"<p>? \u2020\u00a0? : dr., \u00e9p\u00edt\u00e9sz, f\u0151isp\u00e1n. \u2013 Mv.-i \u00e9p\u00edt\u00e9sz, \u0151 tervezte a szov\u00e1tai F\u0151- \u00fat menti ref. templomot (1937\u201339). Az OMP int\u00e9z\u0151bizotts\u00e1gi tagja (1935), aleln\u00f6ke. A M. Rendfenntart\u00f3 Bizotts\u00e1g tagja (1940. aug.). MT vm. f\u0151isp\u00e1nja lett (1944. \u00e1pr. 26. -j\u00fan.), Mik\u00f3 L\u00e1szl\u00f3 ut\u00f3da. R\u00e9szt vett a Maros-Torda vm.-i zsid\u00f3s\u00e1g deport\u00e1l\u00e1s\u00e1ban (1944. m\u00e1j. -j\u00fan.). A Kereszt\u00e9ny Iparosok Kamar\u00e1j\u00e1nak eln\u00f6ke (1944). A kv.-i h\u00e1bor\u00fas b\u0171n\u00f6s\u00f6k per\u00e9ben el\u00edt\u00e9lt\u00e9k (1946). M\u00e1jai Ferenccel a mv.-i Imr\u00e9dy M. Meg\u00faj\u00fal\u00e1s P\u00e1rt eln\u00f6ke, majd csak tagja. Sok mindennel foglalkozott. T\u00e1rc\u00e1kat, elbesz\u00e9l\u00e9seket \u00edrt. A visszavonul\u00f3 fasiszta katon\u00e1kkal elhagyta az orsz\u00e1got, M\u00e1jai Ferenccel egy\u00fctt (securitate jelent\u00e9s, 1951). <br \/><strong>Irod.:<\/strong> Bartos 2012; B\u0103la\u015f-Kocsis; Berekm\u00e9ri 2015; Bern\u00e1dy; Id\u0151t\u00e1r 3., 4; J\u00f3zsa Andr\u00e1s: B. Gy. Szov\u00e1t\u00e1n  =  Eml\u00e9kk. Szab\u00f3 Mikl\u00f3s; K\u00e9t fasiszta f\u0151isp\u00e1n (Szabad Sz\u00f3, 1945. \u00e1pr. 8.); \u00d6kr\u00f6s; Sebesty\u00e9n Mih\u00e1ly 2000; Sepsisz\u00e9ki; Szov\u00e1ta<\/br><\/p>\n","protected":false},"excerpt":{"rendered":"<p>? \u2020\u00a0? : dr., \u00e9p\u00edt\u00e9sz, f\u0151isp\u00e1n. \u2013 Mv.-i \u00e9p\u00edt\u00e9sz, \u0151 tervezte a szov\u00e1tai F\u0151- \u00fat menti ref. templomot (1937\u201339). Az OMP int\u00e9z\u0151bizotts\u00e1gi tagja (1935), aleln\u00f6ke. A M. Rendfenntart\u00f3 Bizotts\u00e1g tagja (1940. aug.). MT vm. f\u0151isp\u00e1nja lett (1944. \u00e1pr. 26. -j\u00fan.), Mik\u00f3 L\u00e1szl\u00f3 ut\u00f3da. R\u00e9szt vett a Maros-Torda vm.-i zsid\u00f3s\u00e1g deport\u00e1l\u00e1s\u00e1ban (1944. m\u00e1j. -j\u00fan.). A Kereszt\u00e9ny [&hellip;]<\/p>\n","protected":false},"featured_media":0,"comment_status":"open","ping_status":"closed","template":"","meta":[],"product_brand":[],"product_cat":[137],"product_tag":[],"class_list":{"0":"post-10922","1":"product","2":"type-product","3":"status-publish","5":"product_cat-maros-megyei-eletrajzi-lexikon","7":"first","8":"instock","9":"shipping-taxable","10":"product-type-simple"},"_links":{"self":[{"href":"https:\/\/uj.adatbank.ro\/lexikon\/wp-json\/wp\/v2\/product\/10922","targetHints":{"allow":["GET"]}}],"collection":[{"href":"https:\/\/uj.adatbank.ro\/lexikon\/wp-json\/wp\/v2\/product"}],"about":[{"href":"https:\/\/uj.adatbank.ro\/lexikon\/wp-json\/wp\/v2\/types\/product"}],"replies":[{"embeddable":true,"href":"https:\/\/uj.adatbank.ro\/lexikon\/wp-json\/wp\/v2\/comments?post=10922"}],"wp:attachment":[{"href":"https:\/\/uj.adatbank.ro\/lexikon\/wp-json\/wp\/v2\/media?parent=10922"}],"wp:term":[{"taxonomy":"product_brand","embeddable":true,"href":"https:\/\/uj.adatbank.ro\/lexikon\/wp-json\/wp\/v2\/product_brand?post=10922"},{"taxonomy":"product_cat","embeddable":true,"href":"https:\/\/uj.adatbank.ro\/lexikon\/wp-json\/wp\/v2\/product_cat?post=10922"},{"taxonomy":"product_tag","embeddable":true,"href":"https:\/\/uj.adatbank.ro\/lexikon\/wp-json\/wp\/v2\/product_tag?post=10922"}],"curies":[{"name":"wp","href":"https:\/\/api.w.org\/{rel}","templated":true}]}}

JOÓS Andor

<p>? † ? : dr., építész, főispán. – Mv.-i építész, ő tervezte a szovátai Fő- út menti ref. templomot (1937–39). Az OMP intézőbizottsági tagja (1935), alelnöke. A M. Rendfenntartó Bizottság tagja (1940. aug.). MT vm. főispánja lett (1944. ápr. 26. -jún.), Mikó László utóda. Részt vett a Maros-Torda vm.-i zsidóság deportálásában (1944. máj. -jún.). A Keresztény Iparosok Kamarájának elnöke (1944). A kv.-i háborús bűnösök perében elítélték (1946). Májai Ferenccel a mv.-i Imrédy M. Megújúlás Párt elnöke, majd csak tagja. Sok mindennel foglalkozott. Tárcákat, elbeszéléseket írt. A visszavonuló fasiszta katonákkal elhagyta az országot, Májai Ferenccel együtt (securitate jelentés, 1951). <br /><strong>Irod.:</strong> Bartos 2012; Bălaş-Kocsis; Berekméri 2015; Bernády; Időtár 3., 4; Józsa András: B. Gy. Szovátán  =  Emlékk. Szabó Miklós; Két fasiszta főispán (Szabad Szó, 1945. ápr. 8.); Ökrös; Sebestyén Mihály 2000; Sepsiszéki; Szováta</br></p>

<p>? † ? : dr., építész, főispán. – Mv.-i építész, ő tervezte a szovátai Fő- út menti ref. templomot (1937–39). Az OMP intézőbizottsági tagja (1935), alelnöke. A M. Rendfenntartó Bizottság tagja (1940. aug.). MT vm. főispánja lett (1944. ápr. 26. -jún.), Mikó László utóda. Részt vett a Maros-Torda vm.-i zsidóság deportálásában (1944. máj. -jún.). A Keresztény [&hellip;]</p>
