{"id":10925,"date":"2025-06-29T13:36:08","date_gmt":"2025-06-29T11:36:08","guid":{"rendered":"https:\/\/uj.adatbank.ro\/lexikon\/termek\/jorga-ferenc\/"},"modified":"2025-06-29T13:36:08","modified_gmt":"2025-06-29T11:36:08","slug":"jorga-ferenc","status":"publish","type":"product","link":"https:\/\/uj.adatbank.ro\/lexikon\/termek\/jorga-ferenc\/","title":{"rendered":"JORGA Ferenc"},"content":{"rendered":"<p>Sz\u00e1szr\u00e9gen, 1923. j\u00fan. 10. \u2020 Sz\u00e1szr\u00e9gen, 2018: szept. 21. tan\u00e1r, szobafest\u0151, rekl\u00e1mfest\u0151, m\u0171kedvel\u0151 k\u00e9pz\u0151m\u0171v\u00e9sz. \u2013 \u00c9p\u00edt\u00e9szeti szakiskol\u00e1t v\u00e9gzett sz\u00fcl\u0151v\u00e1ros\u00e1ban, majd rekl\u00e1mgrafikusk\u00e9nt az \u00c9p\u00edt\u00e9szeti Sz\u00f6vetkezetben dolgozott (1949\u201357). Az ILEFOR b\u00fatorgy\u00e1rban a finisz\u00e1l\u00f3 r\u00e9szleg mestere (1953\u2013). Az abaf\u00e1ji Speci\u00e1lis \u00c9p\u00edt\u0151ipari Szakiskol\u00e1ban tan\u00edtott anyagismeretet \u00e9s technikai rajzot nyugd\u00edjaz\u00e1s\u00e1ig (1960- 82). Sokoldal\u00fa tehets\u00e9g volt: festett, faragott f\u00e1b\u00f3l, k\u0151b\u0151l, betonba, gipszmint\u00e1kat k\u00e9sz\u00edtett. Tank\u00f6nyveket \u00edrt a szakiskol\u00e1k sz\u00e1m\u00e1ra. \u2013 <strong>F. ki\u00e1ll.:<\/strong> egy\u00e9ni fest\u00e9szeti ki\u00e1ll.: Sz\u00e1szr\u00e9gen (1950, 1975, 1998, 2004); Mv.-en (1976); Kv. (1982); szoborki\u00e1ll\u00edt\u00e1sa: Kv. (1982); \u2013 <strong>F. m.:<\/strong> Studiul materialelor, sector constr. (Buc., 1966), Tehnologia meseriei zugrav, vopsitor, tapetari sector construc. (Buc., 1966). Franciao.-ban (2000) Templomokban fresk\u00f3kat \u00e9s szentk\u00e9peket festett, t\u00f6bb szabadt\u00e9ri szobra tal\u00e1lhat\u00f3 R\u00e9genben, Mv.-en \u00e9s m\u00e1s v\u00e1rosokban. Toj\u00e1sh\u00e9jra festett k\u00e9pei (mozajkjai) eljutottak London-, Cambridge-, Br\u00fcsszelbe stb,. Szobr\u00e1szk\u00e9nt templom olt\u00e1rokat, ikonoszt\u00e1szokat k\u00e9sz\u00edtett: Beresztelk\u00e9n, Marosfelfaluban, Lef\u00e1j\u00e1n \u00e9s Kisnyulason. Elk\u00e9sz\u00edtette Ko\u00f3s Ferenc szobr\u00e1t, amely R\u00e9genben a ref. templom udvar\u00e1n \u00e1ll. R\u00e9gen v\u00e1ros tiszteletbeli polg\u00e1ra (2003\u2013). Miron Cristea p\u00e1tri\u00e1rka szobr\u00e1\u00e9rt Andrei p\u00fcsp\u00f6k Diploma de excelen\u0163\u0103-val t\u00fcntette ki (2003). Ugyanezt a kit\u00fcntet\u00e9st megkapta t\u00e1rs.-i-kult\u00far\u00e1lis tev\u00e9kenys\u00e9g\u00e9\u00e9rt is (2006). T\u00f6bb mint 5000 alkot\u00e1sa van sz\u00e9tsz\u00f3r\u00f3dva a F\u00f6ld minden t\u00e1j\u00e1n, van 170 szobra. Szobrai: K\u00f3s Ferenc, M\u00e1rton \u00c1ron, Wass Albert (2001), R\u00e1k\u00f3czi Ferenc, Mikes Kelemen, Benedek Elek.; G. Co\u015fbuc, Miron Cristea, Traian; Decebal; M. Eminescu; Cuza Vod\u0103; Pet\u0151fi S\u00e1ndor; Szt. Istv\u00e1n, stb. Hivatalosan 38 szobr\u00e1nak volt \u00fcnnep\u00e9lyes leplez\u00e9se. Sz\u00e1szr\u00e9gen d\u00edszpolg\u00e1ra (2004). <br \/><strong>Irod.:<\/strong> [M\u00e1th\u00e9 \u00c9va]: \u00c9let\u00fat \u2013 szobrokkal (N\u00fa., 1993. aug. 24.); EMKK2010; Moln\u00e1r; N\u00fa. (2003. j\u00fal. 22); Profiluri reghinene; RMKK; Tripon, George: Maestrul Feri (Reghin, 2010)<\/br><\/p>\n","protected":false},"excerpt":{"rendered":"<p>Sz\u00e1szr\u00e9gen, 1923. j\u00fan. 10. \u2020 Sz\u00e1szr\u00e9gen, 2018: szept. 21. tan\u00e1r, szobafest\u0151, rekl\u00e1mfest\u0151, m\u0171kedvel\u0151 k\u00e9pz\u0151m\u0171v\u00e9sz. \u2013 \u00c9p\u00edt\u00e9szeti szakiskol\u00e1t v\u00e9gzett sz\u00fcl\u0151v\u00e1ros\u00e1ban, majd rekl\u00e1mgrafikusk\u00e9nt az \u00c9p\u00edt\u00e9szeti Sz\u00f6vetkezetben dolgozott (1949\u201357). Az ILEFOR b\u00fatorgy\u00e1rban a finisz\u00e1l\u00f3 r\u00e9szleg mestere (1953\u2013). Az abaf\u00e1ji Speci\u00e1lis \u00c9p\u00edt\u0151ipari Szakiskol\u00e1ban tan\u00edtott anyagismeretet \u00e9s technikai rajzot nyugd\u00edjaz\u00e1s\u00e1ig (1960- 82). Sokoldal\u00fa tehets\u00e9g volt: festett, faragott f\u00e1b\u00f3l, k\u0151b\u0151l, betonba, [&hellip;]<\/p>\n","protected":false},"featured_media":0,"comment_status":"open","ping_status":"closed","template":"","meta":[],"product_brand":[],"product_cat":[137],"product_tag":[],"class_list":{"0":"post-10925","1":"product","2":"type-product","3":"status-publish","5":"product_cat-maros-megyei-eletrajzi-lexikon","7":"first","8":"instock","9":"shipping-taxable","10":"product-type-simple"},"_links":{"self":[{"href":"https:\/\/uj.adatbank.ro\/lexikon\/wp-json\/wp\/v2\/product\/10925","targetHints":{"allow":["GET"]}}],"collection":[{"href":"https:\/\/uj.adatbank.ro\/lexikon\/wp-json\/wp\/v2\/product"}],"about":[{"href":"https:\/\/uj.adatbank.ro\/lexikon\/wp-json\/wp\/v2\/types\/product"}],"replies":[{"embeddable":true,"href":"https:\/\/uj.adatbank.ro\/lexikon\/wp-json\/wp\/v2\/comments?post=10925"}],"wp:attachment":[{"href":"https:\/\/uj.adatbank.ro\/lexikon\/wp-json\/wp\/v2\/media?parent=10925"}],"wp:term":[{"taxonomy":"product_brand","embeddable":true,"href":"https:\/\/uj.adatbank.ro\/lexikon\/wp-json\/wp\/v2\/product_brand?post=10925"},{"taxonomy":"product_cat","embeddable":true,"href":"https:\/\/uj.adatbank.ro\/lexikon\/wp-json\/wp\/v2\/product_cat?post=10925"},{"taxonomy":"product_tag","embeddable":true,"href":"https:\/\/uj.adatbank.ro\/lexikon\/wp-json\/wp\/v2\/product_tag?post=10925"}],"curies":[{"name":"wp","href":"https:\/\/api.w.org\/{rel}","templated":true}]}}

<p>Szászrégen, 1923. jún. 10. † Szászrégen, 2018: szept. 21. tanár, szobafestő, reklámfestő, műkedvelő képzőművész. – Építészeti szakiskolát végzett szülővárosában, majd reklámgrafikusként az Építészeti Szövetkezetben dolgozott (1949–57). Az ILEFOR bútorgyárban a finiszáló részleg mestere (1953–). Az abafáji Speciális Építőipari Szakiskolában tanított anyagismeretet és technikai rajzot nyugdíjazásáig (1960- 82). Sokoldalú tehetség volt: festett, faragott fából, kőből, betonba, gipszmintákat készített. Tankönyveket írt a szakiskolák számára. – <strong>F. kiáll.:</strong> egyéni festészeti kiáll.: Szászrégen (1950, 1975, 1998, 2004); Mv.-en (1976); Kv. (1982); szoborkiállítása: Kv. (1982); – <strong>F. m.:</strong> Studiul materialelor, sector constr. (Buc., 1966), Tehnologia meseriei zugrav, vopsitor, tapetari sector construc. (Buc., 1966). Franciao.-ban (2000) Templomokban freskókat és szentképeket festett, több szabadtéri szobra található Régenben, Mv.-en és más városokban. Tojáshéjra festett képei (mozajkjai) eljutottak London-, Cambridge-, Brüsszelbe stb,. Szobrászként templom oltárokat, ikonosztászokat készített: Beresztelkén, Marosfelfaluban, Lefáján és Kisnyulason. Elkészítette Koós Ferenc szobrát, amely Régenben a ref. templom udvarán áll. Régen város tiszteletbeli polgára (2003–). Miron Cristea pátriárka szobráért Andrei püspök Diploma de excelenţă-val tüntette ki (2003). Ugyanezt a kitüntetést megkapta társ.-i-kultúrális tevékenységéért is (2006). Több mint 5000 alkotása van szétszóródva a Föld minden táján, van 170 szobra. Szobrai: Kós Ferenc, Márton Áron, Wass Albert (2001), Rákóczi Ferenc, Mikes Kelemen, Benedek Elek.; G. Coşbuc, Miron Cristea, Traian; Decebal; M. Eminescu; Cuza Vodă; Petőfi Sándor; Szt. István, stb. Hivatalosan 38 szobrának volt ünnepélyes leplezése. Szászrégen díszpolgára (2004). <br /><strong>Irod.:</strong> [Máthé Éva]: Életút – szobrokkal (Nú., 1993. aug. 24.); EMKK2010; Molnár; Nú. (2003. júl. 22); Profiluri reghinene; RMKK; Tripon, George: Maestrul Feri (Reghin, 2010)</br></p>

<p>Szászrégen, 1923. jún. 10. † Szászrégen, 2018: szept. 21. tanár, szobafestő, reklámfestő, műkedvelő képzőművész. – Építészeti szakiskolát végzett szülővárosában, majd reklámgrafikusként az Építészeti Szövetkezetben dolgozott (1949–57). Az ILEFOR bútorgyárban a finiszáló részleg mestere (1953–). Az abafáji Speciális Építőipari Szakiskolában tanított anyagismeretet és technikai rajzot nyugdíjazásáig (1960- 82). Sokoldalú tehetség volt: festett, faragott fából, kőből, betonba, [&hellip;]</p>
