{"id":10930,"date":"2025-06-29T13:36:20","date_gmt":"2025-06-29T11:36:20","guid":{"rendered":"https:\/\/uj.adatbank.ro\/lexikon\/termek\/josika-beatrix-branyicskai-br-bethlen-balazsne\/"},"modified":"2025-06-29T13:36:20","modified_gmt":"2025-06-29T11:36:20","slug":"josika-beatrix-branyicskai-br-bethlen-balazsne","status":"publish","type":"product","link":"https:\/\/uj.adatbank.ro\/lexikon\/termek\/josika-beatrix-branyicskai-br-bethlen-balazsne\/","title":{"rendered":"JOSIKA Beatrix, branyicskai br.; Bethlen Bal\u00e1zsn\u00e9"},"content":{"rendered":"<p>Tiszaroff, 1877. j\u00fan. 21. \u2020 Mv., 1963. \u00e1pr. 16. (br. J\u00f3sika 1893-t\u00f3l.). Nagysarl\u00f3i Magyary-Kossa S\u00e1muel (1849. aug. 20. \u2013 1921. \u00e1pr. 2.) \u00e9s gr. Waldeck Val\u00e9ria (1858. aug. 26. \u2013 1888. \u00e1pr. 19.) le\u00e1nya. \u00d6r\u00f6kbefogd\u00f3 mostohaapja: branyicsai br. J\u00f3sika G\u00e1bor (1854. febr. 13. \u2013 1930. dec. 23.). F\u00e9rje: bethleni gr Bethlen Bal\u00e1zs (1864\u20131946). Esk\u00fcv\u0151: Szamosfalva, 1899. j\u00fal. 15. Gyermekei: Gabriella (1900-Mv., 1985. m\u00e1rc. 19), Bal\u00e1zs (1901-Mv., 1981. j\u00fan. 26), Be\u00e1ta-Atz\u00e9l Ed\u00e9n\u00e9 (1908\u20131978). <br \/><strong>Irod.:<\/strong> Gudenus; Lukinich<\/br><\/p>\n","protected":false},"excerpt":{"rendered":"<p>Tiszaroff, 1877. j\u00fan. 21. \u2020 Mv., 1963. \u00e1pr. 16. (br. J\u00f3sika 1893-t\u00f3l.). Nagysarl\u00f3i Magyary-Kossa S\u00e1muel (1849. aug. 20. \u2013 1921. \u00e1pr. 2.) \u00e9s gr. Waldeck Val\u00e9ria (1858. aug. 26. \u2013 1888. \u00e1pr. 19.) le\u00e1nya. \u00d6r\u00f6kbefogd\u00f3 mostohaapja: branyicsai br. J\u00f3sika G\u00e1bor (1854. febr. 13. \u2013 1930. dec. 23.). F\u00e9rje: bethleni gr Bethlen Bal\u00e1zs (1864\u20131946). Esk\u00fcv\u0151: Szamosfalva, [&hellip;]<\/p>\n","protected":false},"featured_media":0,"comment_status":"open","ping_status":"closed","template":"","meta":[],"product_brand":[],"product_cat":[137],"product_tag":[],"class_list":{"0":"post-10930","1":"product","2":"type-product","3":"status-publish","5":"product_cat-maros-megyei-eletrajzi-lexikon","7":"first","8":"instock","9":"shipping-taxable","10":"product-type-simple"},"_links":{"self":[{"href":"https:\/\/uj.adatbank.ro\/lexikon\/wp-json\/wp\/v2\/product\/10930","targetHints":{"allow":["GET"]}}],"collection":[{"href":"https:\/\/uj.adatbank.ro\/lexikon\/wp-json\/wp\/v2\/product"}],"about":[{"href":"https:\/\/uj.adatbank.ro\/lexikon\/wp-json\/wp\/v2\/types\/product"}],"replies":[{"embeddable":true,"href":"https:\/\/uj.adatbank.ro\/lexikon\/wp-json\/wp\/v2\/comments?post=10930"}],"wp:attachment":[{"href":"https:\/\/uj.adatbank.ro\/lexikon\/wp-json\/wp\/v2\/media?parent=10930"}],"wp:term":[{"taxonomy":"product_brand","embeddable":true,"href":"https:\/\/uj.adatbank.ro\/lexikon\/wp-json\/wp\/v2\/product_brand?post=10930"},{"taxonomy":"product_cat","embeddable":true,"href":"https:\/\/uj.adatbank.ro\/lexikon\/wp-json\/wp\/v2\/product_cat?post=10930"},{"taxonomy":"product_tag","embeddable":true,"href":"https:\/\/uj.adatbank.ro\/lexikon\/wp-json\/wp\/v2\/product_tag?post=10930"}],"curies":[{"name":"wp","href":"https:\/\/api.w.org\/{rel}","templated":true}]}}

JOSIKA Beatrix, branyicskai br.; Bethlen Balázsné

<p>Tiszaroff, 1877. jún. 21. † Mv., 1963. ápr. 16. (br. Jósika 1893-tól.). Nagysarlói Magyary-Kossa Sámuel (1849. aug. 20. – 1921. ápr. 2.) és gr. Waldeck Valéria (1858. aug. 26. – 1888. ápr. 19.) leánya. Örökbefogdó mostohaapja: branyicsai br. Jósika Gábor (1854. febr. 13. – 1930. dec. 23.). Férje: bethleni gr Bethlen Balázs (1864–1946). Esküvő: Szamosfalva, 1899. júl. 15. Gyermekei: Gabriella (1900-Mv., 1985. márc. 19), Balázs (1901-Mv., 1981. jún. 26), Beáta-Atzél Edéné (1908–1978). <br /><strong>Irod.:</strong> Gudenus; Lukinich</br></p>

<p>Tiszaroff, 1877. jún. 21. † Mv., 1963. ápr. 16. (br. Jósika 1893-tól.). Nagysarlói Magyary-Kossa Sámuel (1849. aug. 20. – 1921. ápr. 2.) és gr. Waldeck Valéria (1858. aug. 26. – 1888. ápr. 19.) leánya. Örökbefogdó mostohaapja: branyicsai br. Jósika Gábor (1854. febr. 13. – 1930. dec. 23.). Férje: bethleni gr Bethlen Balázs (1864–1946). Esküvő: Szamosfalva, [&hellip;]</p>
